{"id":105395,"date":"2022-02-02T13:49:27","date_gmt":"2022-02-02T11:49:27","guid":{"rendered":"https:\/\/pe.efimatica.com\/?post_type=activitat&#038;p=105395"},"modified":"2022-02-03T13:41:55","modified_gmt":"2022-02-03T11:41:55","slug":"efecto-pegatina","status":"publish","type":"activitat","link":"https:\/\/poble-espanyol.com\/ca\/activitat\/efecto-pegatina\/","title":{"rendered":"Efecto Pegatina"},"content":{"rendered":"","protected":false},"excerpt":{"rendered":"<p>Vine al Poble Espanyol el dia 5 de mar\u00e7 a les 21:30h i no et perdis el concert ser\u00e0 una gran festa on el p\u00fablic embogir\u00e0! Que no te l&#8217;expliquin&#8230; viu-ho!<\/p>\n","protected":false},"author":4,"featured_media":102743,"comment_status":"open","ping_status":"closed","template":"","meta":{"_acf_changed":false,"footnotes":""},"class_list":["post-105395","activitat","type-activitat","status-publish","has-post-thumbnail","hentry"],"acf":{"activitat_destacada":false,"activitats_destacades":false,"activitats_destacades_agenda":false,"activitats_destacades_activitats_familiars":false,"activitats_destacades_activitats_concerts":false,"url_comprar_entrades":"https:\/\/sonde3.seetickets.com\/event\/efecto-pegatina-en-barcelona\/poble-espanyol\/2155043","nom_activitat":"Concert de Efecto Pegatina","titol_previ_al_nom":"Efecto Pasillo y La Pegatina s'uneixen per a oferir concerts \u00fanics que mostren els punts en com\u00fa dels dos grups!","text_introductori":"Veniu al Poble Espanyol el dia 5 de mar\u00e7 a les 21:30h i no et perdis el concert, ser\u00e0 una gran festa on el p\u00fablic embogir\u00e0! Que no te l'expliquin... viu-lo!","dates_activitat":null,"dies_i_horaris_visibles_a_fitxa":null,"data_destacada":"<p>05 MAR<\/p>","data_ordenacio":"05\/03\/2022 21:30","preu":null,"preu_destacat":"25\u20ac","ubicacio":"","contingut_recomanat":"Majors de 16 anys","categoria_slider":[100686,101001,100811],"text_previ_segona_explicacio":"L'\u00c0LBUM","titular_segona_explicacio":"Descobreix-ho","text_posterior_segona_explicacio":"Els grups es van unir per primera vegada l'estiu passat per a presentar \"AH\u00cdPAM\u00cd\" una can\u00e7\u00f3 composta per les dues bandes...","text_detall_segona_explicacio":"...per\u00f2 la uni\u00f3 no es va acabar aqu\u00ed i ara s'ajunten per a formar \"EfectoPegatina\", una gira que passar\u00e0 per Val\u00e8ncia, Barcelona, M\u00farcia i Saragossa per a oferir uns concerts \u00fanics i especials per a mostrar els punts en com\u00fa que han fet possible aquesta alian\u00e7a, que s\u00f3n molts entre les can\u00e7ons de la Pegatina i Efecto Pasillo, saltant a la vista l'optimisme, l'energia, la vitalitat, la diversi\u00f3, el ball i la fusi\u00f3.","seccions_activitat":[{"titular_seccio":"Normativa Covid-19","entrada":{"titular_detall":"Per a accedir al concert has de presentar un dels seg\u00fcents certificats emesos per un servei p\u00fablic de salut","text_detall":"\u2013 Certificat de vacunaci\u00f3 v\u00e0lid (han hagut de passar 14 dies des de l'\u00faltima dosi)\r\n\r\n\u2013 Certificat de prova diagn\u00f2stica negativa (realitzada en les \u00faltimes 72h per a PCR i 48h per a test d'ant\u00edgens). Les proves han de realitzar-se en un centre homologat per la Generalitat de Catalunya.\r\n\r\n\u2013 Certificat de recuperaci\u00f3","text_enllac_detall":"","url_enllac_detall":"https:\/\/canalsalut.gencat.cat\/","imatge_detall":""}}],"bloc_activitats":null,"titol_previ_programa":"","titol_programa":"","pdf_programa":null,"programa_activitat":null,"titol_colaboradors":"COL\u00b7LABORADORS","colaboradors":null,"titol_video":"","video":null,"titol_galeria":"","galeria":null,"titol_previ_activitats":"No t'ho perdis","titol_activitats":"ACTIVITATS RELACIONADES","activitats_relacionades":{"manual":[105452,105444,105505]},"tipus_ae":""},"_links":{"self":[{"href":"https:\/\/poble-espanyol.com\/ca\/wp-json\/wp\/v2\/activitat\/105395","targetHints":{"allow":["GET"]}}],"collection":[{"href":"https:\/\/poble-espanyol.com\/ca\/wp-json\/wp\/v2\/activitat"}],"about":[{"href":"https:\/\/poble-espanyol.com\/ca\/wp-json\/wp\/v2\/types\/activitat"}],"author":[{"embeddable":true,"href":"https:\/\/poble-espanyol.com\/ca\/wp-json\/wp\/v2\/users\/4"}],"replies":[{"embeddable":true,"href":"https:\/\/poble-espanyol.com\/ca\/wp-json\/wp\/v2\/comments?post=105395"}],"version-history":[{"count":0,"href":"https:\/\/poble-espanyol.com\/ca\/wp-json\/wp\/v2\/activitat\/105395\/revisions"}],"wp:featuredmedia":[{"embeddable":true,"href":"https:\/\/poble-espanyol.com\/ca\/wp-json\/wp\/v2\/media\/102743"}],"wp:attachment":[{"href":"https:\/\/poble-espanyol.com\/ca\/wp-json\/wp\/v2\/media?parent=105395"}],"curies":[{"name":"wp","href":"https:\/\/api.w.org\/{rel}","templated":true}]}}

<p>Vine al Poble Espanyol el dia 5 de març a les 21:30h i no et perdis el concert serà una gran festa on el públic embogirà! Que no te l&#8217;expliquin&#8230; viu-ho!</p>

Efecto Pasillo y La Pegatina s'uneixen per a oferir concerts únics que mostren els punts en comú dels dos grups!

Veniu al Poble Espanyol el dia 5 de març a les 21:30h i no et perdis el concert, serà una gran festa on el públic embogirà! Que no te l'expliquin... viu-lo!

L'ÀLBUM

Els grups es van unir per primera vegada l'estiu passat per a presentar "AHÍPAMÍ" una cançó composta per les dues bandes...

...però la unió no es va acabar aquí i ara s'ajunten per a formar "EfectoPegatina", una gira que passarà per València, Barcelona, Múrcia i Saragossa per a oferir uns concerts únics i especials per a mostrar els punts en comú que han fet possible aquesta aliança, que són molts entre les cançons de la Pegatina i Efecto Pasillo, saltant a la vista l'optimisme, l'energia, la vitalitat, la diversió, el ball i la fusió.

Per a accedir al concert has de presentar un dels següents certificats emesos per un servei públic de salut

– Certificat de vacunació vàlid (han hagut de passar 14 dies des de l'última dosi)

– Certificat de prova diagnòstica negativa (realitzada en les últimes 72h per a PCR i 48h per a test d'antígens). Les proves han de realitzar-se en un centre homologat per la Generalitat de Catalunya.

– Certificat de recuperació
