{"id":140140,"date":"2022-05-04T13:50:46","date_gmt":"2022-05-04T11:50:46","guid":{"rendered":"https:\/\/poble-espanyol.com\/?post_type=activitat&#038;p=140140"},"modified":"2025-07-31T13:15:31","modified_gmt":"2025-07-31T11:15:31","slug":"tallers-oberts-dartesania","status":"publish","type":"activitat","link":"https:\/\/poble-espanyol.com\/ca\/activitat\/tallers-oberts-dartesania\/","title":{"rendered":"Tallers oberts d&#8217;artesania"},"content":{"rendered":"","protected":false},"excerpt":{"rendered":"","protected":false},"author":7,"featured_media":140065,"comment_status":"open","ping_status":"closed","template":"","meta":{"_acf_changed":false,"footnotes":""},"class_list":["post-140140","activitat","type-activitat","status-publish","has-post-thumbnail","hentry"],"acf":{"activitat_destacada":false,"activitats_destacades":false,"activitats_destacades_agenda":false,"activitats_destacades_activitats_familiars":false,"activitats_destacades_activitats_concerts":false,"url_comprar_entrades":"","nom_activitat":"Tallers oberts BCN","titol_previ_al_nom":"Descobreix el m\u00f3n art\u00edstic dels artesans i artesanes del Poble","text_introductori":"El Poble Espanyol \u00e9s un Punt d\u00b4Inter\u00e8s Artesanal amb m\u00e9s de 15 artesans treballant en directe. Del 21 al 29 de maig tindreu l'oportunitat de con\u00e8ixer-los, de visitar els espais de creaci\u00f3 i les seves obres.\r\n","dates_activitat":[{"dia":"20220521","hora_inici":null,"hora_final":null},{"dia":"20220522","hora_inici":null,"hora_final":null},{"dia":"20220523","hora_inici":null,"hora_final":null},{"dia":"20220524","hora_inici":null,"hora_final":null},{"dia":"20220525","hora_inici":null,"hora_final":null},{"dia":"20220526","hora_inici":null,"hora_final":null},{"dia":"20220527","hora_inici":null,"hora_final":null},{"dia":"20220528","hora_inici":null,"hora_final":null},{"dia":"20220529","hora_inici":null,"hora_final":null}],"dies_i_horaris_visibles_a_fitxa":[{"dia_i_horari":"Del 21 al 29 de maig de 10h a 18h"}],"data_destacada":"<p>Diverses dates<\/p>","data_ordenacio":"2022-05-29 00:00:00","preu":null,"preu_destacat":"","ubicacio":"Tot el recinte","contingut_recomanat":"Per a tots els p\u00fablics.\r\nCal reserva pr\u00e8via a info@poble-espanyol.com, indicant el dia, horari i acompanyant (m\u00e0x. 1)","categoria_slider":[],"text_previ_segona_explicacio":"","titular_segona_explicacio":"La creaci\u00f3 local al teu abast","text_posterior_segona_explicacio":"Coneix de primera m\u00e0 les t\u00e8cniques i els processos creatius dels seus oficis","text_detall_segona_explicacio":"\u00c9s una ocasi\u00f3 \u00fanica per endinsar-te en el m\u00f3n de la creaci\u00f3, l'art, l'artesania i el disseny de la m\u00e0 dels creadors, creadores i professionals relacionats.","seccions_activitat":[{"titular_seccio":"Tallers Oberts BCN ","entrada":{"titular_detall":"El projecte","text_detall":"La comunitat creativa s'uneix amb un objectiu com\u00fa: donar suport a artistes, artesans i artesanes locals, contribuint aix\u00ed a la difusi\u00f3 del talent i l'ofici.\r\n\r\nAquest projecte es fa possible gr\u00e0cies a l'Associaci\u00f3 d'Artistes i Artesans de FAD (A-FAD), institucions del Foment de les Arts i el Disseny (FAD), amb la col\u00b7laboraci\u00f3 de l'Institut de Cultura de Barcelona (Ajuntament de Barcelona), Consorci de Comer\u00e7, Artesania i Moda de les Generalitats de Catalunya (CCAM) i el Districte Cultural de l'Hospitalet de Llobregat.","text_enllac_detall":"M\u00e9s informaci\u00f3","url_enllac_detall":"https:\/\/tallersobertsbarcelona.cat\/taller\/poble-espanyol-de-montjuic\/","imatge_detall":null}}],"bloc_activitats":null,"titol_previ_programa":"","titol_programa":"","pdf_programa":null,"programa_activitat":null,"titol_colaboradors":"","colaboradors":null,"titol_video":"","video":null,"titol_galeria":"","galeria":null,"titol_previ_activitats":"","titol_activitats":"","activitats_relacionades":{"manual":""},"tipus_ae":[]},"_links":{"self":[{"href":"https:\/\/poble-espanyol.com\/ca\/wp-json\/wp\/v2\/activitat\/140140","targetHints":{"allow":["GET"]}}],"collection":[{"href":"https:\/\/poble-espanyol.com\/ca\/wp-json\/wp\/v2\/activitat"}],"about":[{"href":"https:\/\/poble-espanyol.com\/ca\/wp-json\/wp\/v2\/types\/activitat"}],"author":[{"embeddable":true,"href":"https:\/\/poble-espanyol.com\/ca\/wp-json\/wp\/v2\/users\/7"}],"replies":[{"embeddable":true,"href":"https:\/\/poble-espanyol.com\/ca\/wp-json\/wp\/v2\/comments?post=140140"}],"version-history":[{"count":2,"href":"https:\/\/poble-espanyol.com\/ca\/wp-json\/wp\/v2\/activitat\/140140\/revisions"}],"predecessor-version":[{"id":267877,"href":"https:\/\/poble-espanyol.com\/ca\/wp-json\/wp\/v2\/activitat\/140140\/revisions\/267877"}],"wp:featuredmedia":[{"embeddable":true,"href":"https:\/\/poble-espanyol.com\/ca\/wp-json\/wp\/v2\/media\/140065"}],"wp:attachment":[{"href":"https:\/\/poble-espanyol.com\/ca\/wp-json\/wp\/v2\/media?parent=140140"}],"curies":[{"name":"wp","href":"https:\/\/api.w.org\/{rel}","templated":true}]}}

Descobreix el món artístic dels artesans i artesanes del Poble

El Poble Espanyol és un Punt d´Interès Artesanal amb més de 15 artesans treballant en directe. Del 21 al 29 de maig tindreu l'oportunitat de conèixer-los, de visitar els espais de creació i les seves obres.

Per a tots els públics.
Cal reserva prèvia a info@poble-espanyol.com, indicant el dia, horari i acompanyant (màx. 1)

La creació local al teu abast

Coneix de primera mà les tècniques i els processos creatius dels seus oficis

És una ocasió única per endinsar-te en el món de la creació, l'art, l'artesania i el disseny de la mà dels creadors, creadores i professionals relacionats.

La comunitat creativa s'uneix amb un objectiu comú: donar suport a artistes, artesans i artesanes locals, contribuint així a la difusió del talent i l'ofici.

Aquest projecte es fa possible gràcies a l'Associació d'Artistes i Artesans de FAD (A-FAD), institucions del Foment de les Arts i el Disseny (FAD), amb la col·laboració de l'Institut de Cultura de Barcelona (Ajuntament de Barcelona), Consorci de Comerç, Artesania i Moda de les Generalitats de Catalunya (CCAM) i el Districte Cultural de l'Hospitalet de Llobregat.

Més informació
