{"id":243611,"date":"2022-12-21T17:40:54","date_gmt":"2022-12-21T15:40:54","guid":{"rendered":"https:\/\/poble-espanyol.com\/?post_type=activitat&#038;p=243611"},"modified":"2025-07-31T13:21:09","modified_gmt":"2025-07-31T11:21:09","slug":"concert-de-taburete","status":"publish","type":"activitat","link":"https:\/\/poble-espanyol.com\/ca\/activitat\/concert-de-taburete\/","title":{"rendered":"Concert de Taburete"},"content":{"rendered":"","protected":false},"excerpt":{"rendered":"","protected":false},"author":7,"featured_media":243598,"comment_status":"closed","ping_status":"closed","template":"","meta":{"_acf_changed":false,"footnotes":""},"class_list":["post-243611","activitat","type-activitat","status-publish","has-post-thumbnail","hentry"],"acf":{"activitat_destacada":false,"activitats_destacades":false,"activitats_destacades_agenda":false,"activitats_destacades_activitats_familiars":false,"activitats_destacades_activitats_concerts":false,"url_comprar_entrades":"https:\/\/www.entradasatualcance.com\/tickets-taburete-gira-matadero5-en-el-poble-espanyol?gclid=Cj0KCQiA-oqdBhDfARIsAO0TrGEpJVqverPAPO0Yq9AHuS-IC5j14tId6BRPcUPXMPy4Rku8zxJth2AaAitsEALw_wcB#\/sell\/events\/8808\/sessions\/13751","nom_activitat":"Concert de Taburete","titol_previ_al_nom":"Gira Matadero 5","text_introductori":"Taburete torna als escenaris, una vegada m\u00e9s, presentant la seva nova gira en qu\u00e8 recorrer\u00e0 tot el pa\u00eds cantant els temes que ja formen part de les nostres vides, i en qu\u00e8 presentaran les noves can\u00e7ons que ja es canten fins i tot a les discoteques. Aquestes, per descomptat, formen part del seu nou disc Matadero 5.","dates_activitat":[{"dia":"20230429","hora_inici":"21:30:00","hora_final":null}],"dies_i_horaris_visibles_a_fitxa":[{"dia_i_horari":"29 d'abril a les 21:30h"}],"data_destacada":"<p>29 d'abril<\/p>","data_ordenacio":"2023-04-29 13:20:00","preu":[{"categoria_de_preu":"Des de","import_preu":"27"}],"preu_destacat":"27","ubicacio":"Pla\u00e7a Major","contingut_recomanat":"Apte per a tots els p\u00fablics","categoria_slider":[],"text_previ_segona_explicacio":"Taburete torna a Barcelona","titular_segona_explicacio":"Nou \u00e0lbum","text_posterior_segona_explicacio":"Taburete arriba al Poble Espanyol per presentar el seu reconegut directe. Una ocasi\u00f3 \u00fanica per gaudir de la m\u00fasica en directe del grup madrileny.","text_detall_segona_explicacio":"Amb cinc \u00e0lbums en la seva traject\u00f2ria musical, la banda madrilenya es reafirma en aquest concert que promet ser el millor de Taburete fins ara i una promesa de tot el que ha de venir.","seccions_activitat":[{"titular_seccio":"Informaci\u00f3 important","entrada":{"titular_detall":"","text_detall":"> Pol\u00edtica de menors: Apte per a tots els p\u00fablics. Menors de 16 anys acompanyats de pare, mare o tutor legal. Menors amb 16 i 17 anys amb autoritzaci\u00f3 signada per pare, mare o tutor legal.\r\n> Entrades especials: Els detalls d'horaris i accessos per a les entrades M&G i EARLY ACCESS s'indicaran per correu electr\u00f2nic la mateixa setmana del concert.\r\n> Entrades PMR: Per accedir al recinte s'haur\u00e0 de presentar, juntament amb l'entrada, la documentaci\u00f3 oficial suficient que acrediti les condicions especials de mobilitat per les quals ha adquirit la localitat d'ubicaci\u00f3 espec\u00edfica. Les persones que no acreditin documentalment la seva situaci\u00f3, no podran accedir al recinte amb aquest tipus dentrada, encara que hagin efectuat la seva compra. L'acompanyant (nom\u00e9s u) de la persona amb mobilitat redu\u00efda haur\u00e0 de comprar una altra entrada igual i seran situats junts.\r\n> Recorda, pots portar la teva entrada al m\u00f2bil, no cal que imprimeixis en paper, nom\u00e9s ens cal llegir el QR dels teus tiquets.","text_enllac_detall":"","url_enllac_detall":"","imatge_detall":null}}],"bloc_activitats":null,"titol_previ_programa":"","titol_programa":"","pdf_programa":null,"programa_activitat":null,"titol_colaboradors":"","colaboradors":null,"titol_video":"","video":"","titol_galeria":"","galeria":null,"titol_previ_activitats":"","titol_activitats":"","activitats_relacionades":{"manual":""},"tipus_ae":[]},"_links":{"self":[{"href":"https:\/\/poble-espanyol.com\/ca\/wp-json\/wp\/v2\/activitat\/243611","targetHints":{"allow":["GET"]}}],"collection":[{"href":"https:\/\/poble-espanyol.com\/ca\/wp-json\/wp\/v2\/activitat"}],"about":[{"href":"https:\/\/poble-espanyol.com\/ca\/wp-json\/wp\/v2\/types\/activitat"}],"author":[{"embeddable":true,"href":"https:\/\/poble-espanyol.com\/ca\/wp-json\/wp\/v2\/users\/7"}],"replies":[{"embeddable":true,"href":"https:\/\/poble-espanyol.com\/ca\/wp-json\/wp\/v2\/comments?post=243611"}],"version-history":[{"count":8,"href":"https:\/\/poble-espanyol.com\/ca\/wp-json\/wp\/v2\/activitat\/243611\/revisions"}],"predecessor-version":[{"id":267879,"href":"https:\/\/poble-espanyol.com\/ca\/wp-json\/wp\/v2\/activitat\/243611\/revisions\/267879"}],"wp:featuredmedia":[{"embeddable":true,"href":"https:\/\/poble-espanyol.com\/ca\/wp-json\/wp\/v2\/media\/243598"}],"wp:attachment":[{"href":"https:\/\/poble-espanyol.com\/ca\/wp-json\/wp\/v2\/media?parent=243611"}],"curies":[{"name":"wp","href":"https:\/\/api.w.org\/{rel}","templated":true}]}}

Taburete torna als escenaris, una vegada més, presentant la seva nova gira en què recorrerà tot el país cantant els temes que ja formen part de les nostres vides, i en què presentaran les noves cançons que ja es canten fins i tot a les discoteques. Aquestes, per descomptat, formen part del seu nou disc Matadero 5.

Plaça Major

Apte per a tots els públics

Nou àlbum

Taburete arriba al Poble Espanyol per presentar el seu reconegut directe. Una ocasió única per gaudir de la música en directe del grup madrileny.

Amb cinc àlbums en la seva trajectòria musical, la banda madrilenya es reafirma en aquest concert que promet ser el millor de Taburete fins ara i una promesa de tot el que ha de venir.

Informació important

> Política de menors: Apte per a tots els públics. Menors de 16 anys acompanyats de pare, mare o tutor legal. Menors amb 16 i 17 anys amb autorització signada per pare, mare o tutor legal.
> Entrades especials: Els detalls d'horaris i accessos per a les entrades M&G i EARLY ACCESS s'indicaran per correu electrònic la mateixa setmana del concert.
> Entrades PMR: Per accedir al recinte s'haurà de presentar, juntament amb l'entrada, la documentació oficial suficient que acrediti les condicions especials de mobilitat per les quals ha adquirit la localitat d'ubicació específica. Les persones que no acreditin documentalment la seva situació, no podran accedir al recinte amb aquest tipus dentrada, encara que hagin efectuat la seva compra. L'acompanyant (només u) de la persona amb mobilitat reduïda haurà de comprar una altra entrada igual i seran situats junts.
> Recorda, pots portar la teva entrada al mòbil, no cal que imprimeixis en paper, només ens cal llegir el QR dels teus tiquets.
