{"id":244478,"date":"2023-02-01T13:09:16","date_gmt":"2023-02-01T11:09:16","guid":{"rendered":"https:\/\/poble-espanyol.com\/?post_type=activitat&#038;p=244478"},"modified":"2023-03-06T12:54:36","modified_gmt":"2023-03-06T10:54:36","slug":"superherois-laventura","status":"publish","type":"activitat","link":"https:\/\/poble-espanyol.com\/ca\/activitat\/superherois-laventura\/","title":{"rendered":"Superherois i Superhero\u00efnes. L&#8217;aventura"},"content":{"rendered":"","protected":false},"excerpt":{"rendered":"<p>Exposici\u00f3 a Barcelona per a fam\u00edlies i fans amb m\u00e9s de 100 peces de col\u00b7lecconisme sobre personatges i moments ic\u00f2nics de m\u00e9s de 20 pel\u00b7l\u00edcules i c\u00f2mics de l&#8217;univers dels superherois i superhero\u00efnes m\u00e9s populars. <\/p>\n","protected":false},"author":7,"featured_media":245193,"comment_status":"closed","ping_status":"closed","template":"","meta":{"_acf_changed":false,"footnotes":""},"class_list":["post-244478","activitat","type-activitat","status-publish","has-post-thumbnail","hentry"],"acf":{"activitat_destacada":false,"activitats_destacades":false,"activitats_destacades_agenda":false,"activitats_destacades_activitats_familiars":false,"activitats_destacades_activitats_concerts":false,"url_comprar_entrades":"https:\/\/tickets.poble-espanyol.com\/ca\/109-web-individual\/6021-poble-espanyol-superherois-laventura","nom_activitat":"Exposici\u00f3 no vinculada a Marvel\/Disney","titol_previ_al_nom":"No et perdis l'exposici\u00f3 de l'univers de superherois i superhero\u00efnes m\u00e9s populars i emocionants ","text_introductori":"Viu al Poble Espanyol una experi\u00e8ncia inoblidable per a fam\u00edlies, fans i col\u00b7leccionistes de les pel\u00b7l\u00edcules i c\u00f2mics de l'univers dels superherois i superhero\u00efnes m\u00e9s admirats de la hist\u00f2ria i del moment.\r\n\r\nLa Carpa del Poble acull una exposici\u00f3 \u00fanica amb m\u00e9s de 100 peces de material exclusiu sobre personatges i moments ic\u00f2nics de m\u00e9s de 20 pel\u00b7l\u00edcules que s\u00f3n un cl\u00e0ssic indiscutible entre nens, nenes i adults.\r\n\r\n","dates_activitat":[{"dia":"20230225","hora_inici":null,"hora_final":null},{"dia":"20230226","hora_inici":null,"hora_final":null},{"dia":"20230227","hora_inici":null,"hora_final":null},{"dia":"20230228","hora_inici":null,"hora_final":null},{"dia":"20230301","hora_inici":null,"hora_final":null},{"dia":"20230302","hora_inici":null,"hora_final":null},{"dia":"20230303","hora_inici":null,"hora_final":null},{"dia":"20230304","hora_inici":null,"hora_final":null},{"dia":"20230305","hora_inici":null,"hora_final":null},{"dia":"20230306","hora_inici":null,"hora_final":null},{"dia":"20230307","hora_inici":null,"hora_final":null},{"dia":"20230308","hora_inici":null,"hora_final":null},{"dia":"20230309","hora_inici":null,"hora_final":null},{"dia":"20230310","hora_inici":null,"hora_final":null},{"dia":"20230311","hora_inici":null,"hora_final":null},{"dia":"20230312","hora_inici":null,"hora_final":null},{"dia":"20230313","hora_inici":null,"hora_final":null},{"dia":"20230314","hora_inici":null,"hora_final":null},{"dia":"20230315","hora_inici":null,"hora_final":null},{"dia":"20230316","hora_inici":null,"hora_final":null},{"dia":"20230317","hora_inici":null,"hora_final":null},{"dia":"20230318","hora_inici":null,"hora_final":null},{"dia":"20230319","hora_inici":null,"hora_final":null},{"dia":"20230320","hora_inici":null,"hora_final":null},{"dia":"20230321","hora_inici":null,"hora_final":null},{"dia":"20230322","hora_inici":null,"hora_final":null},{"dia":"20230323","hora_inici":null,"hora_final":null},{"dia":"20230324","hora_inici":null,"hora_final":null},{"dia":"20230325","hora_inici":null,"hora_final":null},{"dia":"20230326","hora_inici":null,"hora_final":null},{"dia":"20230327","hora_inici":null,"hora_final":null},{"dia":"20230328","hora_inici":null,"hora_final":null},{"dia":"20230329","hora_inici":null,"hora_final":null},{"dia":"20230330","hora_inici":null,"hora_final":null},{"dia":"20230331","hora_inici":null,"hora_final":null},{"dia":"20230401","hora_inici":null,"hora_final":null},{"dia":"20230402","hora_inici":null,"hora_final":null},{"dia":"20230403","hora_inici":null,"hora_final":null},{"dia":"20230404","hora_inici":null,"hora_final":null},{"dia":"20230405","hora_inici":null,"hora_final":null},{"dia":"20230406","hora_inici":null,"hora_final":null},{"dia":"20230407","hora_inici":null,"hora_final":null},{"dia":"20230408","hora_inici":null,"hora_final":null},{"dia":"20230409","hora_inici":null,"hora_final":null},{"dia":"20230410","hora_inici":null,"hora_final":null},{"dia":"20230411","hora_inici":null,"hora_final":null},{"dia":"20230412","hora_inici":null,"hora_final":null},{"dia":"20230413","hora_inici":null,"hora_final":null},{"dia":"20230414","hora_inici":null,"hora_final":null},{"dia":"20230415","hora_inici":null,"hora_final":null},{"dia":"20230416","hora_inici":null,"hora_final":null},{"dia":"20230417","hora_inici":null,"hora_final":null},{"dia":"20230418","hora_inici":null,"hora_final":null},{"dia":"20230419","hora_inici":null,"hora_final":null},{"dia":"20230420","hora_inici":null,"hora_final":null},{"dia":"20230421","hora_inici":null,"hora_final":null},{"dia":"20230422","hora_inici":null,"hora_final":null},{"dia":"20230423","hora_inici":null,"hora_final":null},{"dia":"20230424","hora_inici":null,"hora_final":null},{"dia":"20230425","hora_inici":null,"hora_final":null},{"dia":"20230426","hora_inici":null,"hora_final":null}],"dies_i_horaris_visibles_a_fitxa":[{"dia_i_horari":"Del 25 de febrer al 26 d'abril"},{"dia_i_horari":"De dilluns a divendres d'11h a 19:30h"},{"dia_i_horari":"Cap de setmana i festius de 10h a 20h"}],"data_destacada":"<p>Diverses dates<\/p>","data_ordenacio":"26\/04\/2023 00:00","preu":[{"categoria_de_preu":"Des de ","import_preu":"8"}],"preu_destacat":"8","ubicacio":"Carpa","contingut_recomanat":"Recomanat per a tots els p\u00fablics","categoria_slider":[],"text_previ_segona_explicacio":"","titular_segona_explicacio":"Fam\u00edlies, col\u00b7leccionistes, curiosos i amants de les aventures fant\u00e0stiques!","text_posterior_segona_explicacio":"Aquesta \u00e9s la teva oportunitat per recrear-te en les pel\u00b7l\u00edcules m\u00e9s emocionants del cinema en una impressionant exposici\u00f3 a Barcelona formada per est\u00e0tues, figures, r\u00e8pliques, diorames, photocalls i Fan Art.","text_detall_segona_explicacio":"L'acc\u00e9s a l'exposici\u00f3 est\u00e0 incl\u00f2s amb l'entrada del Poble Espanyol, i per accedir-hi ser\u00e0 imprescindible reservar hora (aforament limitat). *EXPOSICI\u00d3 FAN no vinculada a Marvel\/ Disney.","seccions_activitat":[{"titular_seccio":"Descobreix la fant\u00e0stica ciutat interactiva","entrada":{"titular_detall":"","text_detall":"Una pantalla gegant i interactiva animar\u00e0 els visitants a pintar diferents superherois i superhero\u00efnes per despr\u00e9s veure'l projectat en una gran ciutat virtual col\u00b7lectiva creada per Atlantis Virtual Reality.","text_enllac_detall":"","url_enllac_detall":"","imatge_detall":null}}],"bloc_activitats":null,"titol_previ_programa":"","titol_programa":"","pdf_programa":null,"programa_activitat":null,"titol_colaboradors":"","colaboradors":null,"titol_video":"","video":null,"titol_galeria":"Galeria","galeria":[{"imatge_galeria":244864},{"imatge_galeria":244860},{"imatge_galeria":244856},{"imatge_galeria":244852},{"imatge_galeria":244844},{"imatge_galeria":244848}],"titol_previ_activitats":"","titol_activitats":"","activitats_relacionades":{"manual":""},"tipus_ae":[]},"_links":{"self":[{"href":"https:\/\/poble-espanyol.com\/ca\/wp-json\/wp\/v2\/activitat\/244478","targetHints":{"allow":["GET"]}}],"collection":[{"href":"https:\/\/poble-espanyol.com\/ca\/wp-json\/wp\/v2\/activitat"}],"about":[{"href":"https:\/\/poble-espanyol.com\/ca\/wp-json\/wp\/v2\/types\/activitat"}],"author":[{"embeddable":true,"href":"https:\/\/poble-espanyol.com\/ca\/wp-json\/wp\/v2\/users\/7"}],"replies":[{"embeddable":true,"href":"https:\/\/poble-espanyol.com\/ca\/wp-json\/wp\/v2\/comments?post=244478"}],"version-history":[{"count":9,"href":"https:\/\/poble-espanyol.com\/ca\/wp-json\/wp\/v2\/activitat\/244478\/revisions"}],"predecessor-version":[{"id":244913,"href":"https:\/\/poble-espanyol.com\/ca\/wp-json\/wp\/v2\/activitat\/244478\/revisions\/244913"}],"wp:featuredmedia":[{"embeddable":true,"href":"https:\/\/poble-espanyol.com\/ca\/wp-json\/wp\/v2\/media\/245193"}],"wp:attachment":[{"href":"https:\/\/poble-espanyol.com\/ca\/wp-json\/wp\/v2\/media?parent=244478"}],"curies":[{"name":"wp","href":"https:\/\/api.w.org\/{rel}","templated":true}]}}

Superherois i Superheroïnes. L&#8217;aventura

<p>Exposició a Barcelona per a famílies i fans amb més de 100 peces de col·lecconisme sobre personatges i moments icònics de més de 20 pel·lícules i còmics de l&#8217;univers dels superherois i superheroïnes més populars. </p>

Exposició no vinculada a Marvel/Disney

No et perdis l'exposició de l'univers de superherois i superheroïnes més populars i emocionants

Viu al Poble Espanyol una experiència inoblidable per a famílies, fans i col·leccionistes de les pel·lícules i còmics de l'univers dels superherois i superheroïnes més admirats de la història i del moment.

La Carpa del Poble acull una exposició única amb més de 100 peces de material exclusiu sobre personatges i moments icònics de més de 20 pel·lícules que són un clàssic indiscutible entre nens, nenes i adults.

Recomanat per a tots els públics

Famílies, col·leccionistes, curiosos i amants de les aventures fantàstiques!

Aquesta és la teva oportunitat per recrear-te en les pel·lícules més emocionants del cinema en una impressionant exposició a Barcelona formada per estàtues, figures, rèpliques, diorames, photocalls i Fan Art.

L'accés a l'exposició està inclòs amb l'entrada del Poble Espanyol, i per accedir-hi serà imprescindible reservar hora (aforament limitat). *EXPOSICIÓ FAN no vinculada a Marvel/ Disney.

Descobreix la fantàstica ciutat interactiva

Una pantalla gegant i interactiva animarà els visitants a pintar diferents superherois i superheroïnes per després veure'l projectat en una gran ciutat virtual col·lectiva creada per Atlantis Virtual Reality.
