{"id":244640,"date":"2023-02-15T16:46:23","date_gmt":"2023-02-15T14:46:23","guid":{"rendered":"https:\/\/poble-espanyol.com\/?post_type=activitat&#038;p=244640"},"modified":"2023-02-15T16:56:18","modified_gmt":"2023-02-15T14:56:18","slug":"banda-musical-canta-diem","status":"publish","type":"activitat","link":"https:\/\/poble-espanyol.com\/ca\/activitat\/banda-musical-canta-diem\/","title":{"rendered":"Banda musical &#8211; Canta Diem"},"content":{"rendered":"","protected":false},"excerpt":{"rendered":"<p>El dia 17 de febrero de 12h a 13h cantar\u00e1, en el Poble Espanyol, el coro Austr\u00edaco &#8220;Canta Diem&#8221; y todos los visitantes del Poble podr\u00e1n disfrutar del concierto, incluido con la entrada al recinto.<\/p>\n","protected":false},"author":4,"featured_media":244635,"comment_status":"closed","ping_status":"closed","template":"","meta":{"_acf_changed":false,"footnotes":""},"class_list":["post-244640","activitat","type-activitat","status-publish","has-post-thumbnail","hentry"],"acf":{"activitat_destacada":false,"activitats_destacades":false,"activitats_destacades_agenda":false,"activitats_destacades_activitats_familiars":false,"activitats_destacades_activitats_concerts":false,"url_comprar_entrades":"https:\/\/tickets.poble-espanyol.com\/ca","nom_activitat":"Canta Diem","titol_previ_al_nom":"Un conjunt vocal de m\u00e9s de 25 cantants d'\u00c0ustria","text_introductori":"El dia 17 de febrer de 12h a 13h, al Poble Espanyol, el cor Austr\u00edac \"Canta Diem\" i tots els visitants del Poble podran gaudir del concert, incl\u00f2s amb l'entrada al recinte. ","dates_activitat":[{"dia":"20230217","hora_inici":"12:00:00","hora_final":"13:00:00"}],"dies_i_horaris_visibles_a_fitxa":[{"dia_i_horari":"17 de febrer de 12h a 13h"}],"data_destacada":"<p> 17 FEB <p>","data_ordenacio":"17\/02\/2023 12:00","preu":[{"categoria_de_preu":"Entrada","import_preu":"incl\u00f2s amb l'entrada al recinte"}],"preu_destacat":"","ubicacio":"","contingut_recomanat":"","categoria_slider":[],"text_previ_segona_explicacio":"","titular_segona_explicacio":"El conjunt vocal \"Canta Diem\"","text_posterior_segona_explicacio":"Consta d'uns 25 cantants i va ser fundat per donar als joves talentosos de la branca musical del BG \/ BRG Perchtoldsdorf l'oportunitat de ser actius al cor. Diverses gires de concerts han portat al cor a Est\u00f2nia, Let\u00f2nia, Litu\u00e0nia i Roma. El punt culminant de les gires de concerts \u00e9s una invitaci\u00f3 a la Xina per a la \u201cSetmana Internacional de l'Art de Beijing \u2013 2018\u201d.","text_detall_segona_explicacio":"Els majors \u00e8xits del conjunt van ser una medalla de plata al Concurs Internacional de Cors a Bad Ischl i un 2on lloc al concurs de cor obert a Verona.\r\n\r\nEl repertori coral abasta des d'una \u00e0mplia gamma de m\u00fasica renaixentista a composicions del segle 21. Can\u00e7ons populars i literatura del sector popular tamb\u00e9 completen el repertori.","seccions_activitat":null,"bloc_activitats":null,"titol_previ_programa":"","titol_programa":"","pdf_programa":null,"programa_activitat":null,"titol_colaboradors":"","colaboradors":null,"titol_video":"","video":null,"titol_galeria":"Galeria","galeria":[{"imatge_galeria":null},{"imatge_galeria":null},{"imatge_galeria":null},{"imatge_galeria":null}],"titol_previ_activitats":"","titol_activitats":"","activitats_relacionades":{"manual":""},"tipus_ae":[]},"_links":{"self":[{"href":"https:\/\/poble-espanyol.com\/ca\/wp-json\/wp\/v2\/activitat\/244640","targetHints":{"allow":["GET"]}}],"collection":[{"href":"https:\/\/poble-espanyol.com\/ca\/wp-json\/wp\/v2\/activitat"}],"about":[{"href":"https:\/\/poble-espanyol.com\/ca\/wp-json\/wp\/v2\/types\/activitat"}],"author":[{"embeddable":true,"href":"https:\/\/poble-espanyol.com\/ca\/wp-json\/wp\/v2\/users\/4"}],"replies":[{"embeddable":true,"href":"https:\/\/poble-espanyol.com\/ca\/wp-json\/wp\/v2\/comments?post=244640"}],"version-history":[{"count":2,"href":"https:\/\/poble-espanyol.com\/ca\/wp-json\/wp\/v2\/activitat\/244640\/revisions"}],"predecessor-version":[{"id":244642,"href":"https:\/\/poble-espanyol.com\/ca\/wp-json\/wp\/v2\/activitat\/244640\/revisions\/244642"}],"wp:featuredmedia":[{"embeddable":true,"href":"https:\/\/poble-espanyol.com\/ca\/wp-json\/wp\/v2\/media\/244635"}],"wp:attachment":[{"href":"https:\/\/poble-espanyol.com\/ca\/wp-json\/wp\/v2\/media?parent=244640"}],"curies":[{"name":"wp","href":"https:\/\/api.w.org\/{rel}","templated":true}]}}

<p>El dia 17 de febrero de 12h a 13h cantará, en el Poble Espanyol, el coro Austríaco &#8220;Canta Diem&#8221; y todos los visitantes del Poble podrán disfrutar del concierto, incluido con la entrada al recinto.</p>

Un conjunt vocal de més de 25 cantants d'Àustria

El dia 17 de febrer de 12h a 13h, al Poble Espanyol, el cor Austríac "Canta Diem" i tots els visitants del Poble podran gaudir del concert, inclòs amb l'entrada al recinte.

inclòs amb l'entrada al recinte

Consta d'uns 25 cantants i va ser fundat per donar als joves talentosos de la branca musical del BG / BRG Perchtoldsdorf l'oportunitat de ser actius al cor. Diverses gires de concerts han portat al cor a Estònia, Letònia, Lituània i Roma. El punt culminant de les gires de concerts és una invitació a la Xina per a la “Setmana Internacional de l'Art de Beijing – 2018”.

Els majors èxits del conjunt van ser una medalla de plata al Concurs Internacional de Cors a Bad Ischl i un 2on lloc al concurs de cor obert a Verona.

El repertori coral abasta des d'una àmplia gamma de música renaixentista a composicions del segle 21. Cançons populars i literatura del sector popular també completen el repertori.
