{"id":245269,"date":"2023-04-05T16:21:14","date_gmt":"2023-04-05T14:21:14","guid":{"rendered":"https:\/\/poble-espanyol.com\/?post_type=activitat&#038;p=245269"},"modified":"2023-04-06T09:25:04","modified_gmt":"2023-04-06T07:25:04","slug":"alma-festival-lp","status":"publish","type":"activitat","link":"https:\/\/poble-espanyol.com\/ca\/activitat\/alma-festival-lp\/","title":{"rendered":"ALMA Festival &#8211; LP"},"content":{"rendered":"","protected":false},"excerpt":{"rendered":"","protected":false},"author":7,"featured_media":245281,"comment_status":"closed","ping_status":"closed","template":"","meta":{"_acf_changed":false,"footnotes":""},"class_list":["post-245269","activitat","type-activitat","status-publish","has-post-thumbnail","hentry"],"acf":{"activitat_destacada":false,"activitats_destacades":false,"activitats_destacades_agenda":false,"activitats_destacades_activitats_familiars":false,"activitats_destacades_activitats_concerts":false,"url_comprar_entrades":"https:\/\/www.ticketmaster.es\/event\/lp-alma-festival-jardins-pedralbes-entradas\/35455","nom_activitat":"ALMA Festival Jardins Pedralbes","titol_previ_al_nom":"Un festival musical emblem\u00e0tic a un nou espai de Barcelona","text_introductori":"La cantautora multiplat\u00ed LP ha creat un so poder\u00f3s i una devota comunitat de fans, \u00e9s una dels pocs artistes nord-americans que poden omplir els escenaris de m\u00e9s de 20 pa\u00efsos a tot el m\u00f3n.\r\n\r\nAmb el seu segon \u00e0lbum, LP va trencar totes les barreres amb el single 'Lost on you': es va convertir en una can\u00e7\u00f3 amb un gran abast global, aconseguint el n\u00famero 1 a 18 pa\u00efsos abans de ser certificada com a Diamant a M\u00e8xic i Fran\u00e7a, 4X Plat\u00ed a It\u00e0lia, Plat\u00ed a Pol\u00f2nia i Or a B\u00e8lgica i Su\u00efssa.\r\n","dates_activitat":[{"dia":"20230713","hora_inici":"21:30:00","hora_final":"00:00:00"}],"dies_i_horaris_visibles_a_fitxa":[{"dia_i_horari":"Obertura portes 19:30h"},{"dia_i_horari":"Inici concert 21:30h"}],"data_destacada":"<p> 13 JULIOL <\/p>","data_ordenacio":"13\/07\/2023 21:30","preu":[{"categoria_de_preu":"Pista I tribunes","import_preu":"44"},{"categoria_de_preu":"Front stage","import_preu":"71,60"}],"preu_destacat":"Desde 38,60","ubicacio":"Pla\u00e7a Major","contingut_recomanat":"","categoria_slider":[],"text_previ_segona_explicacio":"","titular_segona_explicacio":"UN DELS GRANS FESTIVALS D\u2019ESTIU DE BARCELONA","text_posterior_segona_explicacio":"ALMA Festival Jardins Pedralbes s\u2019instal\u00b7la al Poble Espanyol conservant els seus valors inconfusibles i consolidant el seu vincle indiscutible amb amb Barcelona.","text_detall_segona_explicacio":"El festival tindr\u00e0 lloc entre el 10 i el 27 de juliol de 2023 en un gran espai a l\u2019aire lliure y en un entorn arquitect\u00f2nic \u00fanic.\r\n","seccions_activitat":[{"titular_seccio":"","entrada":{"titular_detall":"","text_detall":"","text_enllac_detall":"","url_enllac_detall":"","imatge_detall":null}}],"bloc_activitats":null,"titol_previ_programa":"","titol_programa":"","pdf_programa":null,"programa_activitat":null,"titol_colaboradors":"","colaboradors":null,"titol_video":"","video":null,"titol_galeria":"","galeria":null,"titol_previ_activitats":"","titol_activitats":"","activitats_relacionades":{"manual":""},"tipus_ae":[]},"_links":{"self":[{"href":"https:\/\/poble-espanyol.com\/ca\/wp-json\/wp\/v2\/activitat\/245269","targetHints":{"allow":["GET"]}}],"collection":[{"href":"https:\/\/poble-espanyol.com\/ca\/wp-json\/wp\/v2\/activitat"}],"about":[{"href":"https:\/\/poble-espanyol.com\/ca\/wp-json\/wp\/v2\/types\/activitat"}],"author":[{"embeddable":true,"href":"https:\/\/poble-espanyol.com\/ca\/wp-json\/wp\/v2\/users\/7"}],"replies":[{"embeddable":true,"href":"https:\/\/poble-espanyol.com\/ca\/wp-json\/wp\/v2\/comments?post=245269"}],"version-history":[{"count":4,"href":"https:\/\/poble-espanyol.com\/ca\/wp-json\/wp\/v2\/activitat\/245269\/revisions"}],"predecessor-version":[{"id":245370,"href":"https:\/\/poble-espanyol.com\/ca\/wp-json\/wp\/v2\/activitat\/245269\/revisions\/245370"}],"wp:featuredmedia":[{"embeddable":true,"href":"https:\/\/poble-espanyol.com\/ca\/wp-json\/wp\/v2\/media\/245281"}],"wp:attachment":[{"href":"https:\/\/poble-espanyol.com\/ca\/wp-json\/wp\/v2\/media?parent=245269"}],"curies":[{"name":"wp","href":"https:\/\/api.w.org\/{rel}","templated":true}]}}

Un festival musical emblemàtic a un nou espai de Barcelona

La cantautora multiplatí LP ha creat un so poderós i una devota comunitat de fans, és una dels pocs artistes nord-americans que poden omplir els escenaris de més de 20 països a tot el món.

Amb el seu segon àlbum, LP va trencar totes les barreres amb el single 'Lost on you': es va convertir en una cançó amb un gran abast global, aconseguint el número 1 a 18 països abans de ser certificada com a Diamant a Mèxic i França, 4X Platí a Itàlia, Platí a Polònia i Or a Bèlgica i Suïssa.

Plaça Major

El festival tindrà lloc entre el 10 i el 27 de juliol de 2023 en un gran espai a l’aire lliure y en un entorn arquitectònic únic.
