{"id":245296,"date":"2023-04-05T17:03:34","date_gmt":"2023-04-05T15:03:34","guid":{"rendered":"https:\/\/poble-espanyol.com\/?post_type=activitat&#038;p=245296"},"modified":"2023-07-17T12:32:26","modified_gmt":"2023-07-17T10:32:26","slug":"alma-festival-bastille","status":"publish","type":"activitat","link":"https:\/\/poble-espanyol.com\/ca\/activitat\/alma-festival-bastille\/","title":{"rendered":"ALMA Festival &#8211; BASTILLE"},"content":{"rendered":"","protected":false},"excerpt":{"rendered":"","protected":false},"author":7,"featured_media":245302,"comment_status":"closed","ping_status":"closed","template":"","meta":{"_acf_changed":false,"footnotes":""},"class_list":["post-245296","activitat","type-activitat","status-publish","has-post-thumbnail","hentry"],"acf":{"activitat_destacada":false,"activitats_destacades":false,"activitats_destacades_agenda":false,"activitats_destacades_activitats_familiars":false,"activitats_destacades_activitats_concerts":false,"url_comprar_entrades":"https:\/\/www.ticketmaster.es\/event\/bastille-alma-festival-jardins-pedralbes-entradas\/35461","nom_activitat":"ALMA Festival Jardins Pedralbes","titol_previ_al_nom":"Un festival musical emblem\u00e0tic en un nou espai de Barcelona ","text_introductori":"Amb m\u00e9s d'11 milions de discos venuts, 6 senzills entre els 40 millors del Regne Unit i 1.700 milions de reproduccions de v\u00eddeo, Bastille segueix sent una de les bandes m\u00e9s reprodu\u00efdes del m\u00f3n.\r\n","dates_activitat":[{"dia":"20230717","hora_inici":"21:30:00","hora_final":""}],"dies_i_horaris_visibles_a_fitxa":[{"dia_i_horari":"Obertura de portes 19:30h"},{"dia_i_horari":"Inici concert 21:30h"}],"data_destacada":"<p> 17 JULIOL <\/p>","data_ordenacio":"17\/07\/2023 21:30","preu":[{"categoria_de_preu":"Pista I tribunEs","import_preu":"44"},{"categoria_de_preu":"Front stage","import_preu":"66"}],"preu_destacat":"Desde 44","ubicacio":"","contingut_recomanat":"","categoria_slider":[],"text_previ_segona_explicacio":"","titular_segona_explicacio":"Un dels grans festivals d'estiu de Barcelona","text_posterior_segona_explicacio":"ALMA Festival Jardins Pedralbes s'instal\u00b7la al Poble Espanyol conservant els seus valors inconfusibles i consolidant el seu vincle indiscutible amb amb Barcelona.","text_detall_segona_explicacio":"El festival tindr\u00e0 lloc entre el 10 i el 27 de juliol de 2023 en un gran espai a l'aire lliure y en un entorn arquitect\u00f2nic \u00fanic.","seccions_activitat":null,"bloc_activitats":null,"titol_previ_programa":"","titol_programa":"","pdf_programa":"","programa_activitat":null,"titol_colaboradors":"","colaboradors":null,"titol_video":"","video":"","titol_galeria":"","galeria":null,"titol_previ_activitats":"","titol_activitats":"","activitats_relacionades":{"manual":""},"tipus_ae":""},"_links":{"self":[{"href":"https:\/\/poble-espanyol.com\/ca\/wp-json\/wp\/v2\/activitat\/245296","targetHints":{"allow":["GET"]}}],"collection":[{"href":"https:\/\/poble-espanyol.com\/ca\/wp-json\/wp\/v2\/activitat"}],"about":[{"href":"https:\/\/poble-espanyol.com\/ca\/wp-json\/wp\/v2\/types\/activitat"}],"author":[{"embeddable":true,"href":"https:\/\/poble-espanyol.com\/ca\/wp-json\/wp\/v2\/users\/7"}],"replies":[{"embeddable":true,"href":"https:\/\/poble-espanyol.com\/ca\/wp-json\/wp\/v2\/comments?post=245296"}],"version-history":[{"count":3,"href":"https:\/\/poble-espanyol.com\/ca\/wp-json\/wp\/v2\/activitat\/245296\/revisions"}],"predecessor-version":[{"id":247439,"href":"https:\/\/poble-espanyol.com\/ca\/wp-json\/wp\/v2\/activitat\/245296\/revisions\/247439"}],"wp:featuredmedia":[{"embeddable":true,"href":"https:\/\/poble-espanyol.com\/ca\/wp-json\/wp\/v2\/media\/245302"}],"wp:attachment":[{"href":"https:\/\/poble-espanyol.com\/ca\/wp-json\/wp\/v2\/media?parent=245296"}],"curies":[{"name":"wp","href":"https:\/\/api.w.org\/{rel}","templated":true}]}}

Un festival musical emblemàtic en un nou espai de Barcelona

Amb més d'11 milions de discos venuts, 6 senzills entre els 40 millors del Regne Unit i 1.700 milions de reproduccions de vídeo, Bastille segueix sent una de les bandes més reproduïdes del món.

El festival tindrà lloc entre el 10 i el 27 de juliol de 2023 en un gran espai a l'aire lliure y en un entorn arquitectònic únic.
