{"id":245335,"date":"2023-04-05T17:20:30","date_gmt":"2023-04-05T15:20:30","guid":{"rendered":"https:\/\/poble-espanyol.com\/actividad\/alma-festival-toquinho\/"},"modified":"2023-04-05T17:26:12","modified_gmt":"2023-04-05T15:26:12","slug":"alma-festival-toquinho","status":"publish","type":"activitat","link":"https:\/\/poble-espanyol.com\/ca\/activitat\/alma-festival-toquinho\/","title":{"rendered":"ALMA Festival &#8211; TOQUINHO"},"content":{"rendered":"","protected":false},"excerpt":{"rendered":"","protected":false},"author":3,"featured_media":245330,"comment_status":"closed","ping_status":"closed","template":"","meta":{"_acf_changed":false,"footnotes":""},"class_list":["post-245335","activitat","type-activitat","status-publish","has-post-thumbnail","hentry"],"acf":{"activitat_destacada":false,"activitats_destacades":false,"activitats_destacades_agenda":false,"activitats_destacades_activitats_familiars":false,"activitats_destacades_activitats_concerts":false,"url_comprar_entrades":"https:\/\/www.ticketmaster.es\/event\/35501?_gl=1*cm2imy*_ga*ODYxMjg4MTI2LjE2ODA2OTM3MjY.*_ga_WF98S3BM32*MTY4MDcwNTY5My4zLjEuMTY4MDcwNzUxNi4wLjAuMA..","nom_activitat":"ALMA Festival Jardins Pedralbes","titol_previ_al_nom":"Un festival musical emblem\u00e0tic en un nou espai de Barcelona ","text_introductori":"Toquinho, un dels m\u00e0xims exponents de la m\u00fasica brasilera, ha arribat a milions de cors al llarg de la seva gran traject\u00f2ria. \r\n\r\nAquest estiu el podrem gaudir a la Pla\u00e7a Major del Poble Espanyol en dos formats: en d\u00fao amb Yamandu Costa (premi Latin Grammy 2021 al millor \u00e0lbum instrumental) i en quartet, amb guitarra, veu, baix i bateria.","dates_activitat":[{"dia":"20230725","hora_inici":"21:30:00","hora_final":null}],"dies_i_horaris_visibles_a_fitxa":[{"dia_i_horari":"Obertura portes 19:30h"},{"dia_i_horari":"Inici concert 21:30h"}],"data_destacada":"<p> 25 JULIOL <\/p>","data_ordenacio":"25\/07\/2023 21:30","preu":null,"preu_destacat":"des de 38,60\u20ac","ubicacio":"","contingut_recomanat":"","categoria_slider":[],"text_previ_segona_explicacio":"","titular_segona_explicacio":"Un dels grans festivals d'estiu a Barcelona","text_posterior_segona_explicacio":"ALMA Festival Jardins Pedralbes s'instal\u00b7la al Poble Espanyol conservant els seus valors inconfusibles i consolidant el seu vincle indiscutible amb Barcelona.","text_detall_segona_explicacio":"El festival tindr\u00e0 lloc entre el 10 i el 27 de juliol de 2023 en un gran espai a l'aire lliure i en un entorno arquitect\u00f2nic \u00fanic.","seccions_activitat":null,"bloc_activitats":null,"titol_previ_programa":"","titol_programa":"","pdf_programa":null,"programa_activitat":null,"titol_colaboradors":"","colaboradors":null,"titol_video":"","video":null,"titol_galeria":"","galeria":null,"titol_previ_activitats":"","titol_activitats":"","activitats_relacionades":{"manual":""},"tipus_ae":[]},"_links":{"self":[{"href":"https:\/\/poble-espanyol.com\/ca\/wp-json\/wp\/v2\/activitat\/245335","targetHints":{"allow":["GET"]}}],"collection":[{"href":"https:\/\/poble-espanyol.com\/ca\/wp-json\/wp\/v2\/activitat"}],"about":[{"href":"https:\/\/poble-espanyol.com\/ca\/wp-json\/wp\/v2\/types\/activitat"}],"author":[{"embeddable":true,"href":"https:\/\/poble-espanyol.com\/ca\/wp-json\/wp\/v2\/users\/3"}],"replies":[{"embeddable":true,"href":"https:\/\/poble-espanyol.com\/ca\/wp-json\/wp\/v2\/comments?post=245335"}],"version-history":[{"count":1,"href":"https:\/\/poble-espanyol.com\/ca\/wp-json\/wp\/v2\/activitat\/245335\/revisions"}],"predecessor-version":[{"id":245338,"href":"https:\/\/poble-espanyol.com\/ca\/wp-json\/wp\/v2\/activitat\/245335\/revisions\/245338"}],"wp:featuredmedia":[{"embeddable":true,"href":"https:\/\/poble-espanyol.com\/ca\/wp-json\/wp\/v2\/media\/245330"}],"wp:attachment":[{"href":"https:\/\/poble-espanyol.com\/ca\/wp-json\/wp\/v2\/media?parent=245335"}],"curies":[{"name":"wp","href":"https:\/\/api.w.org\/{rel}","templated":true}]}}

Un festival musical emblemàtic en un nou espai de Barcelona

Toquinho, un dels màxims exponents de la música brasilera, ha arribat a milions de cors al llarg de la seva gran trajectòria. 

Aquest estiu el podrem gaudir a la Plaça Major del Poble Espanyol en dos formats: en dúo amb Yamandu Costa (premi Latin Grammy 2021 al millor àlbum instrumental) i en quartet, amb guitarra, veu, baix i bateria.

El festival tindrà lloc entre el 10 i el 27 de juliol de 2023 en un gran espai a l'aire lliure i en un entorno arquitectònic únic.
