{"id":246141,"date":"2023-05-09T10:52:02","date_gmt":"2023-05-09T08:52:02","guid":{"rendered":"https:\/\/poble-espanyol.com\/?post_type=activitat&#038;p=246141"},"modified":"2025-04-14T11:48:53","modified_gmt":"2025-04-14T09:48:53","slug":"casal-destiu-al-ctb","status":"publish","type":"activitat","link":"https:\/\/poble-espanyol.com\/ca\/activitat\/casal-destiu-al-ctb\/","title":{"rendered":"Casal d&#8217;estiu al CTB"},"content":{"rendered":"","protected":false},"excerpt":{"rendered":"<p>Este verano el Col\u00b7legi de Teatre de Barcelona organiza un casal de verano pensado para ni\u00f1os, ni\u00f1as y jovenes de 6 a 17 a\u00f1os. <\/p>\n","protected":false},"author":4,"featured_media":251373,"comment_status":"closed","ping_status":"closed","template":"","meta":{"_acf_changed":false,"footnotes":""},"class_list":["post-246141","activitat","type-activitat","status-publish","has-post-thumbnail","hentry"],"acf":{"activitat_destacada":false,"activitats_destacades":false,"activitats_destacades_agenda":false,"activitats_destacades_activitats_familiars":false,"activitats_destacades_activitats_concerts":false,"url_comprar_entrades":"http:\/\/www.coledeteatredebarcelona.com\/ca\/cursos\/casal-estiu-teatre-2024","nom_activitat":" Casal d'estiu al Col\u00b7legi de Teatre de Barcelona","titol_previ_al_nom":"Pensat per a nens, nenes i joves de 6 a 17 anys  ","text_introductori":"El Col\u00b7legi de Teatre de Barcelona \u00e9s, des del 1983, el centre de refer\u00e8ncia en la formaci\u00f3 d'actrius i actors professionals i es troba al Poble Espanyol. Aquest estiu CTB organitza un casal pensat per a nens, nenes i joves de 6 a 17 anys. Teatre, cinema, dansa i diferents expressions art\u00edstiques seran les protagonistes del casal.\r\n\r\nPer posar-se en contacte trucar al 934 23 97 37","dates_activitat":[{"dia":"20250630","hora_inici":null,"hora_final":null},{"dia":"20250707","hora_inici":null,"hora_final":null}],"dies_i_horaris_visibles_a_fitxa":[{"dia_i_horari":"Setmana 1: Del 30 de juny al 4 de juliol"},{"dia_i_horari":"Setmana 2: Del 7 a l'11 de juliol"}],"data_destacada":"<p> VARIES DATES <p>","data_ordenacio":"07\/07\/2025 00:00","preu":null,"preu_destacat":"","ubicacio":"Col\u00b7legi de Teatre de Barcelona al Poble Espanyol","contingut_recomanat":"Nens, nenes i joves de 6 a 17 anys","categoria_slider":[],"text_previ_segona_explicacio":" ","titular_segona_explicacio":"El Col\u00b7legi de Teatre de Barcelona","text_posterior_segona_explicacio":"El CTB \u00e9s un centre d\u2019ensenyament que neix el 1983 com una alternativa flexible, din\u00e0mica i oberta a noves tend\u00e8ncies de la formaci\u00f3 d'actors per teatre, cinema i televisi\u00f3, i que al llarg dels anys ha anat creixent i consolidant-se.","text_detall_segona_explicacio":"\u00c9s un referent pedag\u00f2gic en tot el pa\u00eds formant generacions d\u2019actors, actrius i creadors que actualment aporten el seu talent a tots els \u00e0mbits de la interpretaci\u00f3 i les arts esc\u00e8niques. ","seccions_activitat":[{"titular_seccio":"La volta al m\u00f3n en un estiu","entrada":{"titular_detall":"Dirigit a nenes i nens de 6 a 11 anys","text_detall":"Vols trobar el teu propi estil art\u00edstic, presentar-lo davant d\u2019un p\u00fablic i tenir el teu moment d\u2019\u00e8xit? Et proposem un viatge dins el m\u00f3n del teatre on podr\u00e0s tastar les diferents t\u00e8cniques i estils teatrals, experimentant, jugant, investigant i creant, en un espai segur, d\u2019igualtat i confian\u00e7a. Diverteix-te aprenent i al mateix temps comen\u00e7a l\u2019aventura que sempre has somniat: ser l\u2019artista que portes dins. Des de treballar escenes i personatges d\u2019aquelles pel\u00b7l\u00edcules, teatre, s\u00e8ries, el musical que sempre has desitjat fer, fins a crear el teu propi gui\u00f3 i mon\u00f2leg d\u2019stand up comedy. Aprendr\u00e0s, crear\u00e0s i et divertir\u00e0s amb el nostre equip de professionals que t\u2019ajudaran a treure el millor de tu. Cada setmana una tem\u00e0tica diferent. Els divendres es far\u00e0 una presentaci\u00f3, en el nostre espai teatral, on et podran venir a veure la fam\u00edlia i aquelles persones amb qui vulguis compartir el teu moment de fama. \r\n\r\nVine a gaudir d\u2019un espai immillorable, agradable, envoltat de natura i espais culturals dins el Poble Espanyol de Barcelona, al centre de la ciutat i a prop de tot arreu.\r\n\r\nPots portar la teva carmanyola i dinar amb nosaltres i les persones responsables perqu\u00e8 no et falti de res.\r\n\r\nAcollida: de 9h a 9:30h.\r\nHorari mat\u00ed: de 9:30h a 13:30h.\r\ni\/o\r\nHorari tarda: de 15h a 17h.\r\nHorari menjador: de 13:30h a 15h.\r\n \r\n- Setmana 1: Europa\r\n- Setmana 2: \u00c0sia\r\n- Setmana 3: \u00c0frica\r\n- Setmana 4: Am\u00e8rica\r\n- Setmana 5: Oceania\r\n- Setmana 6: Espai exterior","text_enllac_detall":"Full d'inscripci\u00f3","url_enllac_detall":"https:\/\/docs.google.com\/forms\/d\/e\/1FAIpQLSfD73fXFeO6TkeQGnWMlzHhN7b-P03ht2svGAT7y_5fe9lo8g\/viewform","imatge_detall":null}},{"titular_seccio":"Descobreix el teu propi estil art\u00edstic","entrada":{"titular_detall":"Dirigit a joves de 12 a 17 anys","text_detall":"Vols trobar el teu propi estil art\u00edstic, presentar-lo davant d\u2019un p\u00fablic i tenir el teu moment d\u2019\u00e8xit? Et proposem un viatge dins el m\u00f3n del teatre on podr\u00e0s tastar les diferents t\u00e8cniques i estils teatrals, experimentant, jugant, investigant i creant, en un espai segur, d\u2019igualtat i confian\u00e7a. Diverteix-te aprenent i al mateix temps comen\u00e7a l\u2019aventura que sempre has somniat: ser l\u2019artista que portes dins. Des de treballar escenes i personatges d\u2019aquelles pel\u00b7l\u00edcules, teatre, s\u00e8ries, el musical que sempre has desitjat fer, fins a crear el teu propi gui\u00f3 i mon\u00f2leg d\u2019stand up comedy. Aprendr\u00e0s, crear\u00e0s i et divertir\u00e0s amb el nostre equip de professionals que t\u2019ajudaran a treure el millor de tu. Cada setmana una tem\u00e0tica diferent. Els divendres es far\u00e0 una presentaci\u00f3, en el nostre espai teatral, on et podran venir a veure la fam\u00edlia i aquelles persones amb qui vulguis compartir el teu moment de fama. \r\n\r\nVine a gaudir d\u2019un espai immillorable, agradable, envoltat de natura i espais culturals dins el Poble Espanyol de Barcelona, al centre de la ciutat i a prop de tot arreu.\r\n\r\nPots portar la teva carmanyola i dinar amb nosaltres i les persones responsables perqu\u00e8 no et falti de res.\r\n\r\nAcollida: de 9h a 9:30h.\r\nHorari mat\u00ed: de 9:30h a 13:30h.\r\ni\/o\r\nHorari tarda: de 15h a 17h.\r\nHorari menjador: de 13:30h a 15h.\r\n\r\n- Setmana 1: Com\u00e8dia\r\n- Setmana 2: Drama\r\n- Setmana 3: Musical\r\n- Setmana 4: Cinema\r\n- Setmana 5: Dramat\u00fargia\r\n- Setmana 6: Stand up comedy","text_enllac_detall":"Full d'inscripci\u00f3","url_enllac_detall":"https:\/\/docs.google.com\/forms\/d\/e\/1FAIpQLSfD73fXFeO6TkeQGnWMlzHhN7b-P03ht2svGAT7y_5fe9lo8g\/viewform","imatge_detall":null}}],"bloc_activitats":null,"titol_previ_programa":"","titol_programa":"","pdf_programa":null,"programa_activitat":null,"titol_colaboradors":"Organitza:","colaboradors":[{"logo":246128}],"titol_video":"","video":null,"titol_galeria":"","galeria":null,"titol_previ_activitats":"","titol_activitats":"","activitats_relacionades":{"manual":""},"tipus_ae":[]},"_links":{"self":[{"href":"https:\/\/poble-espanyol.com\/ca\/wp-json\/wp\/v2\/activitat\/246141","targetHints":{"allow":["GET"]}}],"collection":[{"href":"https:\/\/poble-espanyol.com\/ca\/wp-json\/wp\/v2\/activitat"}],"about":[{"href":"https:\/\/poble-espanyol.com\/ca\/wp-json\/wp\/v2\/types\/activitat"}],"author":[{"embeddable":true,"href":"https:\/\/poble-espanyol.com\/ca\/wp-json\/wp\/v2\/users\/4"}],"replies":[{"embeddable":true,"href":"https:\/\/poble-espanyol.com\/ca\/wp-json\/wp\/v2\/comments?post=246141"}],"version-history":[{"count":9,"href":"https:\/\/poble-espanyol.com\/ca\/wp-json\/wp\/v2\/activitat\/246141\/revisions"}],"predecessor-version":[{"id":255777,"href":"https:\/\/poble-espanyol.com\/ca\/wp-json\/wp\/v2\/activitat\/246141\/revisions\/255777"}],"wp:featuredmedia":[{"embeddable":true,"href":"https:\/\/poble-espanyol.com\/ca\/wp-json\/wp\/v2\/media\/251373"}],"wp:attachment":[{"href":"https:\/\/poble-espanyol.com\/ca\/wp-json\/wp\/v2\/media?parent=246141"}],"curies":[{"name":"wp","href":"https:\/\/api.w.org\/{rel}","templated":true}]}}

<p>Este verano el Col·legi de Teatre de Barcelona organiza un casal de verano pensado para niños, niñas y jovenes de 6 a 17 años. </p>

El Col·legi de Teatre de Barcelona és, des del 1983, el centre de referència en la formació d'actrius i actors professionals i es troba al Poble Espanyol. Aquest estiu CTB organitza un casal pensat per a nens, nenes i joves de 6 a 17 anys. Teatre, cinema, dansa i diferents expressions artístiques seran les protagonistes del casal.

Per posar-se en contacte trucar al 934 23 97 37

El CTB és un centre d’ensenyament que neix el 1983 com una alternativa flexible, dinàmica i oberta a noves tendències de la formació d'actors per teatre, cinema i televisió, i que al llarg dels anys ha anat creixent i consolidant-se.

És un referent pedagògic en tot el país formant generacions d’actors, actrius i creadors que actualment aporten el seu talent a tots els àmbits de la interpretació i les arts escèniques.

La volta al món en un estiu

Vols trobar el teu propi estil artístic, presentar-lo davant d’un públic i tenir el teu moment d’èxit? Et proposem un viatge dins el món del teatre on podràs tastar les diferents tècniques i estils teatrals, experimentant, jugant, investigant i creant, en un espai segur, d’igualtat i confiança. Diverteix-te aprenent i al mateix temps comença l’aventura que sempre has somniat: ser l’artista que portes dins. Des de treballar escenes i personatges d’aquelles pel·lícules, teatre, sèries, el musical que sempre has desitjat fer, fins a crear el teu propi guió i monòleg d’stand up comedy. Aprendràs, crearàs i et divertiràs amb el nostre equip de professionals que t’ajudaran a treure el millor de tu. Cada setmana una temàtica diferent. Els divendres es farà una presentació, en el nostre espai teatral, on et podran venir a veure la família i aquelles persones amb qui vulguis compartir el teu moment de fama. 

Vine a gaudir d’un espai immillorable, agradable, envoltat de natura i espais culturals dins el Poble Espanyol de Barcelona, al centre de la ciutat i a prop de tot arreu.

Pots portar la teva carmanyola i dinar amb nosaltres i les persones responsables perquè no et falti de res.

Acollida: de 9h a 9:30h.
Horari matí: de 9:30h a 13:30h.
i/o
Horari tarda: de 15h a 17h.
Horari menjador: de 13:30h a 15h.
 
- Setmana 1: Europa
- Setmana 2: Àsia
- Setmana 3: Àfrica
- Setmana 4: Amèrica
- Setmana 5: Oceania
- Setmana 6: Espai exterior

Full d'inscripció

Descobreix el teu propi estil artístic

Vols trobar el teu propi estil artístic, presentar-lo davant d’un públic i tenir el teu moment d’èxit? Et proposem un viatge dins el món del teatre on podràs tastar les diferents tècniques i estils teatrals, experimentant, jugant, investigant i creant, en un espai segur, d’igualtat i confiança. Diverteix-te aprenent i al mateix temps comença l’aventura que sempre has somniat: ser l’artista que portes dins. Des de treballar escenes i personatges d’aquelles pel·lícules, teatre, sèries, el musical que sempre has desitjat fer, fins a crear el teu propi guió i monòleg d’stand up comedy. Aprendràs, crearàs i et divertiràs amb el nostre equip de professionals que t’ajudaran a treure el millor de tu. Cada setmana una temàtica diferent. Els divendres es farà una presentació, en el nostre espai teatral, on et podran venir a veure la família i aquelles persones amb qui vulguis compartir el teu moment de fama. 

Vine a gaudir d’un espai immillorable, agradable, envoltat de natura i espais culturals dins el Poble Espanyol de Barcelona, al centre de la ciutat i a prop de tot arreu.

Pots portar la teva carmanyola i dinar amb nosaltres i les persones responsables perquè no et falti de res.

Acollida: de 9h a 9:30h.
Horari matí: de 9:30h a 13:30h.
i/o
Horari tarda: de 15h a 17h.
Horari menjador: de 13:30h a 15h.

- Setmana 1: Comèdia
- Setmana 2: Drama
- Setmana 3: Musical
- Setmana 4: Cinema
- Setmana 5: Dramatúrgia
- Setmana 6: Stand up comedy
