{"id":247449,"date":"2023-07-17T12:56:15","date_gmt":"2023-07-17T10:56:15","guid":{"rendered":"https:\/\/poble-espanyol.com\/?post_type=activitat&#038;p=247449"},"modified":"2023-07-17T12:59:38","modified_gmt":"2023-07-17T10:59:38","slug":"merchant-taylors-school","status":"publish","type":"activitat","link":"https:\/\/poble-espanyol.com\/ca\/activitat\/merchant-taylors-school\/","title":{"rendered":"Merchant Taylor&#8217;s School"},"content":{"rendered":"","protected":false},"excerpt":{"rendered":"","protected":false},"author":7,"featured_media":247445,"comment_status":"closed","ping_status":"closed","template":"","meta":{"_acf_changed":false,"footnotes":""},"class_list":["post-247449","activitat","type-activitat","status-publish","has-post-thumbnail","hentry"],"acf":{"activitat_destacada":false,"activitats_destacades":false,"activitats_destacades_agenda":false,"activitats_destacades_activitats_familiars":false,"activitats_destacades_activitats_concerts":false,"url_comprar_entrades":"","nom_activitat":"Merchant Taylor's School","titol_previ_al_nom":"18 de juliol a la zona Baluard del Poble Espanyol","text_introductori":"29 estudiantes i 6 professors nos deleitar\u00e1n amb la m\u00fasica i tocaran diversos temes cl\u00e0ssics i m\u00e9s actuals.","dates_activitat":[{"dia":"20230718","hora_inici":"","hora_final":""}],"dies_i_horaris_visibles_a_fitxa":[{"dia_i_horari":" Dimarts 18 de juliol a les 11h"}],"data_destacada":"<p> 18 JUL <p>","data_ordenacio":"18\/07\/2023 11:00","preu":null,"preu_destacat":"","ubicacio":"Baluard","contingut_recomanat":"","categoria_slider":[],"text_previ_segona_explicacio":"","titular_segona_explicacio":"","text_posterior_segona_explicacio":"","text_detall_segona_explicacio":"","seccions_activitat":null,"bloc_activitats":null,"titol_previ_programa":"","titol_programa":"","pdf_programa":"","programa_activitat":null,"titol_colaboradors":"","colaboradors":null,"titol_video":"","video":"","titol_galeria":"","galeria":null,"titol_previ_activitats":"","titol_activitats":"","activitats_relacionades":{"manual":""},"tipus_ae":""},"_links":{"self":[{"href":"https:\/\/poble-espanyol.com\/ca\/wp-json\/wp\/v2\/activitat\/247449","targetHints":{"allow":["GET"]}}],"collection":[{"href":"https:\/\/poble-espanyol.com\/ca\/wp-json\/wp\/v2\/activitat"}],"about":[{"href":"https:\/\/poble-espanyol.com\/ca\/wp-json\/wp\/v2\/types\/activitat"}],"author":[{"embeddable":true,"href":"https:\/\/poble-espanyol.com\/ca\/wp-json\/wp\/v2\/users\/7"}],"replies":[{"embeddable":true,"href":"https:\/\/poble-espanyol.com\/ca\/wp-json\/wp\/v2\/comments?post=247449"}],"version-history":[{"count":2,"href":"https:\/\/poble-espanyol.com\/ca\/wp-json\/wp\/v2\/activitat\/247449\/revisions"}],"predecessor-version":[{"id":247451,"href":"https:\/\/poble-espanyol.com\/ca\/wp-json\/wp\/v2\/activitat\/247449\/revisions\/247451"}],"wp:featuredmedia":[{"embeddable":true,"href":"https:\/\/poble-espanyol.com\/ca\/wp-json\/wp\/v2\/media\/247445"}],"wp:attachment":[{"href":"https:\/\/poble-espanyol.com\/ca\/wp-json\/wp\/v2\/media?parent=247449"}],"curies":[{"name":"wp","href":"https:\/\/api.w.org\/{rel}","templated":true}]}}

29 estudiantes i 6 professors nos deleitarán amb la música i tocaran diversos temes clàssics i més actuals.
