{"id":251427,"date":"2024-05-06T17:50:19","date_gmt":"2024-05-06T15:50:19","guid":{"rendered":"https:\/\/poble-espanyol.com\/actividad\/alma-festival-sheryl-crow-2\/"},"modified":"2024-05-08T14:35:19","modified_gmt":"2024-05-08T12:35:19","slug":"wos","status":"publish","type":"activitat","link":"https:\/\/poble-espanyol.com\/ca\/activitat\/wos\/","title":{"rendered":"Alma Festival &#8211; Wos"},"content":{"rendered":"","protected":false},"excerpt":{"rendered":"","protected":false},"author":4,"featured_media":251470,"comment_status":"closed","ping_status":"closed","template":"","meta":{"_acf_changed":false,"footnotes":""},"class_list":["post-251427","activitat","type-activitat","status-publish","has-post-thumbnail","hentry"],"acf":{"activitat_destacada":false,"activitats_destacades":false,"activitats_destacades_agenda":false,"activitats_destacades_activitats_familiars":false,"activitats_destacades_activitats_concerts":false,"url_comprar_entrades":"https:\/\/www.ticketmaster.es\/event\/39739?brand=base_mb_es&_gl=1*xkn19y*_gcl_au*MzU4MjYyODMuMTcxMTUzMDQzNA..*_ga*ODYyMTgxMzguMTcwMzY2OTk0Ng..*_ga_WF98S3BM32*MTcxNDY1ODY3Mi4xNjAuMS4xNzE0NjYwMTgxLjAuMC4w","nom_activitat":"ALMA Festival Barcelona 2024","titol_previ_al_nom":"Un festival musical emblem\u00e0tic en un espai \u00fanic de Barcelona  ","text_introductori":"WOS va comen\u00e7ar la seva carrera musical el 2018 amb el seu primer senzill - \"P\u00farpura\" - i des d'aquell moment va cr\u00e9ixer fins en pocs anys arribar a dalt de tot de la m\u00fasica argentina i llatinoamericana, conquerint a totes les generacions.\r\n\r\nEl 2022 es va consagrar amb el premi m\u00e9s important de la m\u00fasica a nivell nacional en guanyar el Gardel d'Or al millor disc de l'any per Oscuro \u00c9xtasis (\u00e0lbum que a m\u00e9s es va emportar estatuetes en 6 categories) i va rebre tamb\u00e9 diverses nominacions als Premis Latin Grammy . L'artista recorrer\u00e0 m\u00e9s de 10 pa\u00efsos el 2024 presentant el tercer \u00e0lbum d'estudi \u201cDescartable\u201d.","dates_activitat":[{"dia":"20240629","hora_inici":"","hora_final":""}],"dies_i_horaris_visibles_a_fitxa":[{"dia_i_horari":"29 de juny de 2024"},{"dia_i_horari":"Hora del concert: 21:30h"}],"data_destacada":"<p> 29 JUN <\/p>","data_ordenacio":"2024-06-29 00:00:00","preu":null,"preu_destacat":"Des de 38,60\u20ac","ubicacio":"Pla\u00e7a Major","contingut_recomanat":"","categoria_slider":[],"text_previ_segona_explicacio":"","titular_segona_explicacio":"Un dels grans festivals d\u00b4estiu a Barcelona","text_posterior_segona_explicacio":"ALMA Festival Jardins Pedralbes torna al Poble Espanyol conservant els seus valors i consolidant el seu vincle indiscutible amb Barcelona com a Festival de refer\u00e8ncia a la ciutat.","text_detall_segona_explicacio":"El festival tindr\u00e0 lloc entre el 1024 de juny i el 21 de juliol de 2024 en un gran espai a l'aire lliure i en un entorn arquitect\u00f2nic \u00fanic.","seccions_activitat":null,"bloc_activitats":null,"titol_previ_programa":"","titol_programa":"","pdf_programa":"","programa_activitat":null,"titol_colaboradors":"","colaboradors":null,"titol_video":"EDICIONS ANTERIORS","video":"https:\/\/www.youtube.com\/watch?v=l6tFxCgPJUY&ab_channel=AlmaFestival","titol_galeria":"","galeria":null,"titol_previ_activitats":"No te'ls perdis!","titol_activitats":"ALTRES CONCERTS","activitats_relacionades":{"manual":[251431,251451,251417]},"tipus_ae":""},"_links":{"self":[{"href":"https:\/\/poble-espanyol.com\/ca\/wp-json\/wp\/v2\/activitat\/251427","targetHints":{"allow":["GET"]}}],"collection":[{"href":"https:\/\/poble-espanyol.com\/ca\/wp-json\/wp\/v2\/activitat"}],"about":[{"href":"https:\/\/poble-espanyol.com\/ca\/wp-json\/wp\/v2\/types\/activitat"}],"author":[{"embeddable":true,"href":"https:\/\/poble-espanyol.com\/ca\/wp-json\/wp\/v2\/users\/4"}],"replies":[{"embeddable":true,"href":"https:\/\/poble-espanyol.com\/ca\/wp-json\/wp\/v2\/comments?post=251427"}],"version-history":[{"count":4,"href":"https:\/\/poble-espanyol.com\/ca\/wp-json\/wp\/v2\/activitat\/251427\/revisions"}],"predecessor-version":[{"id":251654,"href":"https:\/\/poble-espanyol.com\/ca\/wp-json\/wp\/v2\/activitat\/251427\/revisions\/251654"}],"wp:featuredmedia":[{"embeddable":true,"href":"https:\/\/poble-espanyol.com\/ca\/wp-json\/wp\/v2\/media\/251470"}],"wp:attachment":[{"href":"https:\/\/poble-espanyol.com\/ca\/wp-json\/wp\/v2\/media?parent=251427"}],"curies":[{"name":"wp","href":"https:\/\/api.w.org\/{rel}","templated":true}]}}

Un festival musical emblemàtic en un espai únic de Barcelona

WOS va començar la seva carrera musical el 2018 amb el seu primer senzill - "Púrpura" - i des d'aquell moment va créixer fins en pocs anys arribar a dalt de tot de la música argentina i llatinoamericana, conquerint a totes les generacions.

El 2022 es va consagrar amb el premi més important de la música a nivell nacional en guanyar el Gardel d'Or al millor disc de l'any per Oscuro Éxtasis (àlbum que a més es va emportar estatuetes en 6 categories) i va rebre també diverses nominacions als Premis Latin Grammy . L'artista recorrerà més de 10 països el 2024 presentant el tercer àlbum d'estudi “Descartable”.

Plaça Major

ALMA Festival Jardins Pedralbes torna al Poble Espanyol conservant els seus valors i consolidant el seu vincle indiscutible amb Barcelona com a Festival de referència a la ciutat.

El festival tindrà lloc entre el 1024 de juny i el 21 de juliol de 2024 en un gran espai a l'aire lliure i en un entorn arquitectònic únic.
