{"id":251506,"date":"2024-05-06T17:50:19","date_gmt":"2024-05-06T15:50:19","guid":{"rendered":"https:\/\/poble-espanyol.com\/actividad\/the-divine-comedy-3\/"},"modified":"2024-05-10T11:20:12","modified_gmt":"2024-05-10T09:20:12","slug":"valeria-castro","status":"publish","type":"activitat","link":"https:\/\/poble-espanyol.com\/ca\/activitat\/valeria-castro\/","title":{"rendered":"Alma Festival &#8211; Valeria Castro"},"content":{"rendered":"","protected":false},"excerpt":{"rendered":"","protected":false},"author":4,"featured_media":251518,"comment_status":"closed","ping_status":"closed","template":"","meta":{"_acf_changed":false,"footnotes":""},"class_list":["post-251506","activitat","type-activitat","status-publish","has-post-thumbnail","hentry"],"acf":{"activitat_destacada":false,"activitats_destacades":false,"activitats_destacades_agenda":false,"activitats_destacades_activitats_familiars":false,"activitats_destacades_activitats_concerts":false,"url_comprar_entrades":"https:\/\/www.ticketmaster.es\/event\/37151?brand=base_mb_es&_gl=1*9ig3z8*_gcl_au*Mz%20U4MjYyODMuMTcxMTUzMDQzNA..*_ga*ODYyMTgxMzguMTcwMzY2OTk0Ng..*_ga_WF98S3%20BM32*MTcxNDY1ODY3Mi4xNjAuMS4xNzE0NjYwNTEzLjAuMC4w","nom_activitat":"ALMA Festival Barcelona 2024","titol_previ_al_nom":"Un festival musical emblem\u00e0tic en un espai \u00fanic de Barcelona  ","text_introductori":"Valeria Castro arriba a Barcelona amb la seva veu sensible i fr\u00e0gil per omplir la Pla\u00e7a Major del Poble.\r\n\r\nEl seu primer \u00e0lbum \u201ccon cari\u00f1o y cuidado\u201d \u00e9s un exercici d'autoestima i amor propi. Res del que canta i explica la Valeria no es comprendria sense tot el seu bagatge previ; sense l'al\u00e8 d'una terra, una fam\u00edlia i un paisatge, sense la petjada indeleble de la seva illa: La Palma.","dates_activitat":[{"dia":"20240704","hora_inici":"","hora_final":""}],"dies_i_horaris_visibles_a_fitxa":[{"dia_i_horari":"4 de juliol de 2024"},{"dia_i_horari":"Hora del concert: 21:30h"}],"data_destacada":"<p> 4 JUL <\/p>","data_ordenacio":"04\/07\/2024 18:00","preu":null,"preu_destacat":"Des de 22\u20ac","ubicacio":"Pla\u00e7a Major","contingut_recomanat":"","categoria_slider":[],"text_previ_segona_explicacio":"","titular_segona_explicacio":"Un dels grans festivals d\u00b4estiu a Barcelona","text_posterior_segona_explicacio":"ALMA Festival Jardins Pedralbes torna al Poble Espanyol conservant els seus valors i consolidant el seu vincle indiscutible amb Barcelona com a Festival de refer\u00e8ncia a la ciutat.","text_detall_segona_explicacio":"El festival tindr\u00e0 lloc entre el 24 de juny i el 21 de juliol de 2024 en un gran espai a l'aire lliure i en un entorn arquitect\u00f2nic \u00fanic.","seccions_activitat":null,"bloc_activitats":null,"titol_previ_programa":"","titol_programa":"","pdf_programa":"","programa_activitat":null,"titol_colaboradors":"","colaboradors":null,"titol_video":"EDICIONS ANTERIORS","video":"https:\/\/www.youtube.com\/watch?v=l6tFxCgPJUY&ab_channel=AlmaFestival","titol_galeria":"","galeria":null,"titol_previ_activitats":"No te'ls perdis!","titol_activitats":"ALTRES CONCERTS","activitats_relacionades":{"manual":[251431,251451,251417]},"tipus_ae":""},"_links":{"self":[{"href":"https:\/\/poble-espanyol.com\/ca\/wp-json\/wp\/v2\/activitat\/251506","targetHints":{"allow":["GET"]}}],"collection":[{"href":"https:\/\/poble-espanyol.com\/ca\/wp-json\/wp\/v2\/activitat"}],"about":[{"href":"https:\/\/poble-espanyol.com\/ca\/wp-json\/wp\/v2\/types\/activitat"}],"author":[{"embeddable":true,"href":"https:\/\/poble-espanyol.com\/ca\/wp-json\/wp\/v2\/users\/4"}],"replies":[{"embeddable":true,"href":"https:\/\/poble-espanyol.com\/ca\/wp-json\/wp\/v2\/comments?post=251506"}],"version-history":[{"count":3,"href":"https:\/\/poble-espanyol.com\/ca\/wp-json\/wp\/v2\/activitat\/251506\/revisions"}],"predecessor-version":[{"id":251749,"href":"https:\/\/poble-espanyol.com\/ca\/wp-json\/wp\/v2\/activitat\/251506\/revisions\/251749"}],"wp:featuredmedia":[{"embeddable":true,"href":"https:\/\/poble-espanyol.com\/ca\/wp-json\/wp\/v2\/media\/251518"}],"wp:attachment":[{"href":"https:\/\/poble-espanyol.com\/ca\/wp-json\/wp\/v2\/media?parent=251506"}],"curies":[{"name":"wp","href":"https:\/\/api.w.org\/{rel}","templated":true}]}}

Un festival musical emblemàtic en un espai únic de Barcelona

Valeria Castro arriba a Barcelona amb la seva veu sensible i fràgil per omplir la Plaça Major del Poble.

El seu primer àlbum “con cariño y cuidado” és un exercici d'autoestima i amor propi. Res del que canta i explica la Valeria no es comprendria sense tot el seu bagatge previ; sense l'alè d'una terra, una família i un paisatge, sense la petjada indeleble de la seva illa: La Palma.

Plaça Major

ALMA Festival Jardins Pedralbes torna al Poble Espanyol conservant els seus valors i consolidant el seu vincle indiscutible amb Barcelona com a Festival de referència a la ciutat.

El festival tindrà lloc entre el 24 de juny i el 21 de juliol de 2024 en un gran espai a l'aire lliure i en un entorn arquitectònic únic.
