{"id":251622,"date":"2024-05-06T17:50:19","date_gmt":"2024-05-06T15:50:19","guid":{"rendered":"https:\/\/poble-espanyol.com\/actividad\/babasonicos-4-2-2-3-2\/"},"modified":"2024-05-21T10:47:54","modified_gmt":"2024-05-21T08:47:54","slug":"lori-meyers-annie-b-sweet","status":"publish","type":"activitat","link":"https:\/\/poble-espanyol.com\/ca\/activitat\/lori-meyers-annie-b-sweet\/","title":{"rendered":"Alma Festival &#8211; Lori Meyers &#038; Annie B. Sweet"},"content":{"rendered":"","protected":false},"excerpt":{"rendered":"","protected":false},"author":3,"featured_media":251626,"comment_status":"closed","ping_status":"closed","template":"","meta":{"_acf_changed":false,"footnotes":""},"class_list":["post-251622","activitat","type-activitat","status-publish","has-post-thumbnail","hentry"],"acf":{"activitat_destacada":false,"activitats_destacades":false,"activitats_destacades_agenda":false,"activitats_destacades_activitats_familiars":false,"activitats_destacades_activitats_concerts":false,"url_comprar_entrades":"https:\/\/www.ticketmaster.es\/event\/39113?brand=base_mb_es&_gl=1*1l3bpzd*_gcl_au*M%20zU4MjYyODMuMTcxMTUzMDQzNA..*_ga*ODYyMTgxMzguMTcwMzY2OTk0Ng..*_ga_WF98S%203BM32*MTcxNDY1ODY3Mi4xNjAuMS4xNzE0NjYyMDg5LjAuMC4w","nom_activitat":"ALMA Festival Barcelona 2024","titol_previ_al_nom":"Un festival musical emblem\u00e0tic en un espai \u00fanic de Barcelona  ","text_introductori":"En primer lloc, la dol\u00e7a veu de Anni B Sweet ens encandilar\u00e0 amb el seu folk \u00edntim i envolupant. Despr\u00e9s, Lori Meyers irrompr\u00e0 amb el seu indie-rock vibrant, creant una experi\u00e8ncia musical que abra\u00e7a la diversitat d'estils i emocions. \r\n\r\nUn concert \u00fanic que es podr\u00e0 gaudir a l'ALMA Festival, a la Pla\u00e7a Major del Poble Espanyol.\r\n\r\n","dates_activitat":[{"dia":"20240720","hora_inici":"","hora_final":""}],"dies_i_horaris_visibles_a_fitxa":[{"dia_i_horari":"20 de juliol de 2024"},{"dia_i_horari":"Hora del concert: 20:30h"}],"data_destacada":"<p> 20 JUL <\/p>","data_ordenacio":"2024-07-20 00:00:00","preu":null,"preu_destacat":"Des de 38,6\u20ac","ubicacio":"Pla\u00e7a Major","contingut_recomanat":"","categoria_slider":[],"text_previ_segona_explicacio":"","titular_segona_explicacio":"Un dels grans festivals d\u00b4estiu a Barcelona","text_posterior_segona_explicacio":"ALMA Festival Barcelona torna al Poble Espanyol conservant els seus valors i consolidant el seu vincle indiscutible amb Barcelona com a Festival de refer\u00e8ncia a la ciutat.","text_detall_segona_explicacio":"El festival tindr\u00e0 lloc entre el 24 de juny i el 21 de juliol de 2024 en un gran espai a l'aire lliure i en un entorn arquitect\u00f2nic \u00fanic.","seccions_activitat":null,"bloc_activitats":null,"titol_previ_programa":"","titol_programa":"","pdf_programa":"","programa_activitat":null,"titol_colaboradors":"","colaboradors":null,"titol_video":"EDICIONS ANTERIORS","video":"https:\/\/www.youtube.com\/watch?v=l6tFxCgPJUY&ab_channel=AlmaFestival","titol_galeria":"","galeria":null,"titol_previ_activitats":"No te'ls perdis!","titol_activitats":"ALTRES CONCERTS","activitats_relacionades":{"manual":[251431,251451,251417]},"tipus_ae":""},"_links":{"self":[{"href":"https:\/\/poble-espanyol.com\/ca\/wp-json\/wp\/v2\/activitat\/251622","targetHints":{"allow":["GET"]}}],"collection":[{"href":"https:\/\/poble-espanyol.com\/ca\/wp-json\/wp\/v2\/activitat"}],"about":[{"href":"https:\/\/poble-espanyol.com\/ca\/wp-json\/wp\/v2\/types\/activitat"}],"author":[{"embeddable":true,"href":"https:\/\/poble-espanyol.com\/ca\/wp-json\/wp\/v2\/users\/3"}],"replies":[{"embeddable":true,"href":"https:\/\/poble-espanyol.com\/ca\/wp-json\/wp\/v2\/comments?post=251622"}],"version-history":[{"count":3,"href":"https:\/\/poble-espanyol.com\/ca\/wp-json\/wp\/v2\/activitat\/251622\/revisions"}],"predecessor-version":[{"id":251903,"href":"https:\/\/poble-espanyol.com\/ca\/wp-json\/wp\/v2\/activitat\/251622\/revisions\/251903"}],"wp:featuredmedia":[{"embeddable":true,"href":"https:\/\/poble-espanyol.com\/ca\/wp-json\/wp\/v2\/media\/251626"}],"wp:attachment":[{"href":"https:\/\/poble-espanyol.com\/ca\/wp-json\/wp\/v2\/media?parent=251622"}],"curies":[{"name":"wp","href":"https:\/\/api.w.org\/{rel}","templated":true}]}}

Un festival musical emblemàtic en un espai únic de Barcelona

En primer lloc, la dolça veu de Anni B Sweet ens encandilarà amb el seu folk íntim i envolupant. Després, Lori Meyers irromprà amb el seu indie-rock vibrant, creant una experiència musical que abraça la diversitat d'estils i emocions. 

Un concert únic que es podrà gaudir a l'ALMA Festival, a la Plaça Major del Poble Espanyol.

Plaça Major

ALMA Festival Barcelona torna al Poble Espanyol conservant els seus valors i consolidant el seu vincle indiscutible amb Barcelona com a Festival de referència a la ciutat.

El festival tindrà lloc entre el 24 de juny i el 21 de juliol de 2024 en un gran espai a l'aire lliure i en un entorn arquitectònic únic.
