{"id":253743,"date":"2024-07-19T11:23:35","date_gmt":"2024-07-19T09:23:35","guid":{"rendered":"https:\/\/poble-espanyol.com\/actividad\/tono-fest-2\/"},"modified":"2024-11-11T17:09:32","modified_gmt":"2024-11-11T15:09:32","slug":"xoel-lopez","status":"publish","type":"activitat","link":"https:\/\/poble-espanyol.com\/ca\/activitat\/xoel-lopez\/","title":{"rendered":"Xoel L\u00f3pez &#8211; Guitar BCN 2025"},"content":{"rendered":"","protected":false},"excerpt":{"rendered":"","protected":false},"author":4,"featured_media":253757,"comment_status":"closed","ping_status":"closed","template":"","meta":{"_acf_changed":false,"footnotes":""},"class_list":["post-253743","activitat","type-activitat","status-publish","has-post-thumbnail","hentry"],"acf":{"activitat_destacada":false,"activitats_destacades":false,"activitats_destacades_agenda":false,"activitats_destacades_activitats_familiars":false,"activitats_destacades_activitats_concerts":true,"url_comprar_entrades":"https:\/\/proticketing.com\/guitarbcn\/ca_ES\/entradas\/evento\/33600\/session\/2253012\/select","nom_activitat":"Xoel L\u00f3pez en concert","titol_previ_al_nom":"","text_introductori":"Xoel L\u00f3pez torna als escenaris i arribar\u00e0 a Barcelona el 13 de mar\u00e7 per actuar a l'espectacular recinte l'Hivernacle del Poble Espanyol, un espai perfectament condicionat per acollir concerts fora de la temporada estival. Amb la seva inconfusible energia i versatilitat, Xoel vol convertir cada presentaci\u00f3 en una aut\u00e8ntica festa, reflectint la passi\u00f3 i entrega que caracteritzen els seus directes. Aquesta gira marca un retrobament molt esperat per a Xoel. \"Hi ha alguna cosa fonamental a retrobar-se amb el teu p\u00fablic, els que hi s\u00f3n perqu\u00e8 s\u00f3n els teus seguidors de sempre\". \r\n\r\nDespr\u00e9s d'anys a festivals i grans recintes, el retorn a les sales us ofereix l'oportunitat de connectar a un nivell m\u00e9s personal. \"A les sales pots arribar a matisos i racons que simplement no s\u00f3n possibles en altres escenaris. Jo vaig comen\u00e7ar a sales, on el gruix de les meves gires passava, i em ve de gust recuperar aquest esperit dels meus comen\u00e7aments: la calor del p\u00fablic, l'ambient caldejat , el so \u00edntim d'una sala plena... \u00c9s una cosa que trobo a faltar\".\r\n","dates_activitat":[{"dia":"20250313","hora_inici":"20:30:00","hora_final":"00:00:00"}],"dies_i_horaris_visibles_a_fitxa":[{"dia_i_horari":"13 de mar\u00e7 de 2025"},{"dia_i_horari":"Inici del concert a les 20:30h"}],"data_destacada":"<p> 13 MAR\u00c7<\/p>","data_ordenacio":"2025-03-13 20:30:00","preu":null,"preu_destacat":"Des de 35\u20ac","ubicacio":"Hivernacle ","contingut_recomanat":"","categoria_slider":[],"text_previ_segona_explicacio":"","titular_segona_explicacio":"","text_posterior_segona_explicacio":"","text_detall_segona_explicacio":"","seccions_activitat":null,"bloc_activitats":null,"titol_previ_programa":"","titol_programa":"","pdf_programa":"","programa_activitat":null,"titol_colaboradors":"","colaboradors":null,"titol_video":"","video":"","titol_galeria":"","galeria":null,"titol_previ_activitats":"","titol_activitats":"","activitats_relacionades":{"manual":""},"tipus_ae":""},"_links":{"self":[{"href":"https:\/\/poble-espanyol.com\/ca\/wp-json\/wp\/v2\/activitat\/253743","targetHints":{"allow":["GET"]}}],"collection":[{"href":"https:\/\/poble-espanyol.com\/ca\/wp-json\/wp\/v2\/activitat"}],"about":[{"href":"https:\/\/poble-espanyol.com\/ca\/wp-json\/wp\/v2\/types\/activitat"}],"author":[{"embeddable":true,"href":"https:\/\/poble-espanyol.com\/ca\/wp-json\/wp\/v2\/users\/4"}],"replies":[{"embeddable":true,"href":"https:\/\/poble-espanyol.com\/ca\/wp-json\/wp\/v2\/comments?post=253743"}],"version-history":[{"count":4,"href":"https:\/\/poble-espanyol.com\/ca\/wp-json\/wp\/v2\/activitat\/253743\/revisions"}],"predecessor-version":[{"id":254093,"href":"https:\/\/poble-espanyol.com\/ca\/wp-json\/wp\/v2\/activitat\/253743\/revisions\/254093"}],"wp:featuredmedia":[{"embeddable":true,"href":"https:\/\/poble-espanyol.com\/ca\/wp-json\/wp\/v2\/media\/253757"}],"wp:attachment":[{"href":"https:\/\/poble-espanyol.com\/ca\/wp-json\/wp\/v2\/media?parent=253743"}],"curies":[{"name":"wp","href":"https:\/\/api.w.org\/{rel}","templated":true}]}}

Xoel López &#8211; Guitar BCN 2025

Xoel López en concert

Xoel López torna als escenaris i arribarà a Barcelona el 13 de març per actuar a l'espectacular recinte l'Hivernacle del Poble Espanyol, un espai perfectament condicionat per acollir concerts fora de la temporada estival. Amb la seva inconfusible energia i versatilitat, Xoel vol convertir cada presentació en una autèntica festa, reflectint la passió i entrega que caracteritzen els seus directes. Aquesta gira marca un retrobament molt esperat per a Xoel. "Hi ha alguna cosa fonamental a retrobar-se amb el teu públic, els que hi són perquè són els teus seguidors de sempre". 

Després d'anys a festivals i grans recintes, el retorn a les sales us ofereix l'oportunitat de connectar a un nivell més personal. "A les sales pots arribar a matisos i racons que simplement no són possibles en altres escenaris. Jo vaig començar a sales, on el gruix de les meves gires passava, i em ve de gust recuperar aquest esperit dels meus començaments: la calor del públic, l'ambient caldejat , el so íntim d'una sala plena... És una cosa que trobo a faltar".

13 de març de 2025

<p> 13 MARÇ</p>
