{"id":255869,"date":"2024-05-06T17:50:19","date_gmt":"2024-05-06T15:50:19","guid":{"rendered":"https:\/\/poble-espanyol.com\/actividad\/zahara-natalia-lacunza-3\/"},"modified":"2025-05-26T11:37:11","modified_gmt":"2025-05-26T09:37:11","slug":"el-kuelgue-zoe-gotusso","status":"publish","type":"activitat","link":"https:\/\/poble-espanyol.com\/ca\/activitat\/el-kuelgue-zoe-gotusso\/","title":{"rendered":"Alma Occident Festival &#8211; El Kuelgue + Zoe Gotusso"},"content":{"rendered":"","protected":false},"excerpt":{"rendered":"","protected":false},"author":4,"featured_media":255873,"comment_status":"closed","ping_status":"closed","template":"","meta":{"_acf_changed":false,"footnotes":""},"class_list":["post-255869","activitat","type-activitat","status-publish","has-post-thumbnail","hentry"],"acf":{"activitat_destacada":false,"activitats_destacades":false,"activitats_destacades_agenda":false,"activitats_destacades_activitats_familiars":false,"activitats_destacades_activitats_concerts":false,"url_comprar_entrades":"https:\/\/www.ticketmaster.es\/event\/1289059980?brand=base_mb_es","nom_activitat":"ALMA Festival Occident Barcelona 2025","titol_previ_al_nom":"Un festival musical emblem\u00e0tic en un espai \u00fanic de Barcelona  ","text_introductori":"El Kuelgue, banda formada el 2004 a Buenos Aires, s'ha destacat pels seus concerts \u00fanics plens d'improvisaci\u00f3 i per una proposta musical que fusiona diversos g\u00e8neres, convertint-se en una de les bandes m\u00e9s originals de l'escena argentina. Han tocat als festivals m\u00e9s importants d'Argentina, Am\u00e8rica Llatina i Europa, i van ser escollits per obrir els concerts de Paul McCartney el 2016.\r\n\r\n\r\n\r\n\r\n","dates_activitat":[{"dia":"20250706","hora_inici":"21:00:00","hora_final":null}],"dies_i_horaris_visibles_a_fitxa":[{"dia_i_horari":"6 de juliol de 2025"},{"dia_i_horari":"Hora del concert: 21:00h"}],"data_destacada":"<p> 6 JUL <\/p>","data_ordenacio":"2025-07-06 21:00:00","preu":null,"preu_destacat":"Des de 38,60\u20ac","ubicacio":"Pla\u00e7a Major","contingut_recomanat":"","categoria_slider":[],"text_previ_segona_explicacio":"Per la seva banda, Zoe Gotusso, cantant i compositora de C\u00f2rdova, ha conquerit el p\u00fablic amb la seva veu captivadora i el seu estil \u00fanic. Despr\u00e9s de l'\u00e8xit amb el duet Salvapantallas, va llan\u00e7ar la seva carrera en solitari, obtenint nominacions als Latin Grammy i premis com el Gardel al Millor \u00e0lbum Pop. El 2024 va presentar el seu segon disc Cursi i va tancar l'any obrint el concert de Paul McCartney a C\u00f2rdova, consolidant-se com una de les artistes m\u00e9s rellevants de la m\u00fasica llatina.\r\n","titular_segona_explicacio":"Un dels grans festivals d\u00b4estiu a Barcelona","text_posterior_segona_explicacio":"ALMA Festival Occident torna al Poble Espanyol conservant els seus valors i consolidant el seu vincle indiscutible amb Barcelona com a Festival de refer\u00e8ncia a la ciutat.","text_detall_segona_explicacio":"El festival tindr\u00e0 lloc entre el 24 de juny i el 21 de juliol de 2025 en un gran espai a l'aire lliure i en un entorn arquitect\u00f2nic \u00fanic.","seccions_activitat":null,"bloc_activitats":null,"titol_previ_programa":"","titol_programa":"","pdf_programa":null,"programa_activitat":null,"titol_colaboradors":"","colaboradors":null,"titol_video":"EDICIONS ANTERIORS","video":"https:\/\/www.youtube.com\/watch?v=l6tFxCgPJUY&ab_channel=AlmaFestival","titol_galeria":"","galeria":null,"titol_previ_activitats":"No te'ls perdis!","titol_activitats":"ALTRES CONCERTS","activitats_relacionades":{"manual":[251431,251451,251417]},"tipus_ae":[]},"_links":{"self":[{"href":"https:\/\/poble-espanyol.com\/ca\/wp-json\/wp\/v2\/activitat\/255869","targetHints":{"allow":["GET"]}}],"collection":[{"href":"https:\/\/poble-espanyol.com\/ca\/wp-json\/wp\/v2\/activitat"}],"about":[{"href":"https:\/\/poble-espanyol.com\/ca\/wp-json\/wp\/v2\/types\/activitat"}],"author":[{"embeddable":true,"href":"https:\/\/poble-espanyol.com\/ca\/wp-json\/wp\/v2\/users\/4"}],"replies":[{"embeddable":true,"href":"https:\/\/poble-espanyol.com\/ca\/wp-json\/wp\/v2\/comments?post=255869"}],"version-history":[{"count":2,"href":"https:\/\/poble-espanyol.com\/ca\/wp-json\/wp\/v2\/activitat\/255869\/revisions"}],"predecessor-version":[{"id":256722,"href":"https:\/\/poble-espanyol.com\/ca\/wp-json\/wp\/v2\/activitat\/255869\/revisions\/256722"}],"wp:featuredmedia":[{"embeddable":true,"href":"https:\/\/poble-espanyol.com\/ca\/wp-json\/wp\/v2\/media\/255873"}],"wp:attachment":[{"href":"https:\/\/poble-espanyol.com\/ca\/wp-json\/wp\/v2\/media?parent=255869"}],"curies":[{"name":"wp","href":"https:\/\/api.w.org\/{rel}","templated":true}]}}

Un festival musical emblemàtic en un espai únic de Barcelona

El Kuelgue, banda formada el 2004 a Buenos Aires, s'ha destacat pels seus concerts únics plens d'improvisació i per una proposta musical que fusiona diversos gèneres, convertint-se en una de les bandes més originals de l'escena argentina. Han tocat als festivals més importants d'Argentina, Amèrica Llatina i Europa, i van ser escollits per obrir els concerts de Paul McCartney el 2016.

Plaça Major

Per la seva banda, Zoe Gotusso, cantant i compositora de Còrdova, ha conquerit el públic amb la seva veu captivadora i el seu estil únic. Després de l'èxit amb el duet Salvapantallas, va llançar la seva carrera en solitari, obtenint nominacions als Latin Grammy i premis com el Gardel al Millor àlbum Pop. El 2024 va presentar el seu segon disc Cursi i va tancar l'any obrint el concert de Paul McCartney a Còrdova, consolidant-se com una de les artistes més rellevants de la música llatina.

ALMA Festival Occident torna al Poble Espanyol conservant els seus valors i consolidant el seu vincle indiscutible amb Barcelona com a Festival de referència a la ciutat.

El festival tindrà lloc entre el 24 de juny i el 21 de juliol de 2025 en un gran espai a l'aire lliure i en un entorn arquitectònic únic.
