{"id":255971,"date":"2024-05-06T17:50:19","date_gmt":"2024-05-06T15:50:19","guid":{"rendered":"https:\/\/poble-espanyol.com\/actividad\/julieta-venegas-rita-payes-3\/"},"modified":"2025-05-26T12:00:04","modified_gmt":"2025-05-26T10:00:04","slug":"fangoria","status":"publish","type":"activitat","link":"https:\/\/poble-espanyol.com\/ca\/activitat\/fangoria\/","title":{"rendered":"Alma Occident Festival &#8211;  Fangoria"},"content":{"rendered":"","protected":false},"excerpt":{"rendered":"","protected":false},"author":4,"featured_media":255974,"comment_status":"closed","ping_status":"closed","template":"","meta":{"_acf_changed":false,"footnotes":""},"class_list":["post-255971","activitat","type-activitat","status-publish","has-post-thumbnail","hentry"],"acf":{"activitat_destacada":false,"activitats_destacades":false,"activitats_destacades_agenda":false,"activitats_destacades_activitats_familiars":false,"activitats_destacades_activitats_concerts":false,"url_comprar_entrades":"https:\/\/www.ticketmaster.es\/event\/906605094?brand=base_mb_es","nom_activitat":"ALMA Festival Occident Barcelona 2025","titol_previ_al_nom":"Un festival musical emblem\u00e0tic en un espai \u00fanic de Barcelona  ","text_introductori":"Fangoria \u00e9s un duo musical espanyol format per Alaska i Nacho Canut el 1989, despr\u00e9s de la dissoluci\u00f3 d'Alaska y Dinarama. Amb un estil que fusiona electr\u00f2nica, pop i m\u00fasica disco, s'han consolidat com una de les bandes m\u00e9s ic\u00f2niques del panorama musical espanyol. Temes com A qui\u00e9n le importa i Ni t\u00fa ni nadie s\u00f3n himnes generacionals. \r\n\r\n\r\n\r\n","dates_activitat":[{"dia":"20250708","hora_inici":"22:00:00","hora_final":null}],"dies_i_horaris_visibles_a_fitxa":[{"dia_i_horari":"8 de juliol de 2025"},{"dia_i_horari":"Hora del concert: 22:00h"}],"data_destacada":"<p> 8 JUL <\/p>","data_ordenacio":"2025-07-08 22:00:00","preu":null,"preu_destacat":"Des de 44\u20ac","ubicacio":"Pla\u00e7a Major","contingut_recomanat":"","categoria_slider":[],"text_previ_segona_explicacio":"Amb m\u00e9s de tres d\u00e8cades de traject\u00f2ria, han evolucionat constantment sense perdre la seva ess\u00e8ncia transgressora. \r\nHan col\u00b7laborat amb diversos artistes i continuen reinventant-se amb cada nou \u00e0lbum. Fangoria \u00e9s sin\u00f2nim de llibertat, estil i provocaci\u00f3, convertint-se en referents de la m\u00fasica pop electr\u00f2nica.","titular_segona_explicacio":"Un dels grans festivals d\u00b4estiu a Barcelona","text_posterior_segona_explicacio":"ALMA Festival Occident torna al Poble Espanyol conservant els seus valors i consolidant el seu vincle indiscutible amb Barcelona com a Festival de refer\u00e8ncia a la ciutat.","text_detall_segona_explicacio":"El festival tindr\u00e0 lloc entre el 24 de juny i el 21 de juliol de 2025 en un gran espai a l'aire lliure i en un entorn arquitect\u00f2nic \u00fanic.","seccions_activitat":null,"bloc_activitats":null,"titol_previ_programa":"","titol_programa":"","pdf_programa":null,"programa_activitat":null,"titol_colaboradors":"","colaboradors":null,"titol_video":"EDICIONS ANTERIORS","video":"https:\/\/www.youtube.com\/watch?v=l6tFxCgPJUY&ab_channel=AlmaFestival","titol_galeria":"","galeria":null,"titol_previ_activitats":"No te'ls perdis!","titol_activitats":"ALTRES CONCERTS","activitats_relacionades":{"manual":[251431,251451,251417]},"tipus_ae":[]},"_links":{"self":[{"href":"https:\/\/poble-espanyol.com\/ca\/wp-json\/wp\/v2\/activitat\/255971","targetHints":{"allow":["GET"]}}],"collection":[{"href":"https:\/\/poble-espanyol.com\/ca\/wp-json\/wp\/v2\/activitat"}],"about":[{"href":"https:\/\/poble-espanyol.com\/ca\/wp-json\/wp\/v2\/types\/activitat"}],"author":[{"embeddable":true,"href":"https:\/\/poble-espanyol.com\/ca\/wp-json\/wp\/v2\/users\/4"}],"replies":[{"embeddable":true,"href":"https:\/\/poble-espanyol.com\/ca\/wp-json\/wp\/v2\/comments?post=255971"}],"version-history":[{"count":2,"href":"https:\/\/poble-espanyol.com\/ca\/wp-json\/wp\/v2\/activitat\/255971\/revisions"}],"predecessor-version":[{"id":256726,"href":"https:\/\/poble-espanyol.com\/ca\/wp-json\/wp\/v2\/activitat\/255971\/revisions\/256726"}],"wp:featuredmedia":[{"embeddable":true,"href":"https:\/\/poble-espanyol.com\/ca\/wp-json\/wp\/v2\/media\/255974"}],"wp:attachment":[{"href":"https:\/\/poble-espanyol.com\/ca\/wp-json\/wp\/v2\/media?parent=255971"}],"curies":[{"name":"wp","href":"https:\/\/api.w.org\/{rel}","templated":true}]}}

Un festival musical emblemàtic en un espai únic de Barcelona

Fangoria és un duo musical espanyol format per Alaska i Nacho Canut el 1989, després de la dissolució d'Alaska y Dinarama. Amb un estil que fusiona electrònica, pop i música disco, s'han consolidat com una de les bandes més icòniques del panorama musical espanyol. Temes com A quién le importa i Ni tú ni nadie són himnes generacionals.

Plaça Major

Amb més de tres dècades de trajectòria, han evolucionat constantment sense perdre la seva essència transgressora. 
Han col·laborat amb diversos artistes i continuen reinventant-se amb cada nou àlbum. Fangoria és sinònim de llibertat, estil i provocació, convertint-se en referents de la música pop electrònica.

ALMA Festival Occident torna al Poble Espanyol conservant els seus valors i consolidant el seu vincle indiscutible amb Barcelona com a Festival de referència a la ciutat.

El festival tindrà lloc entre el 24 de juny i el 21 de juliol de 2025 en un gran espai a l'aire lliure i en un entorn arquitectònic únic.
