{"id":256029,"date":"2025-01-23T19:14:20","date_gmt":"2025-01-23T17:14:20","guid":{"rendered":"https:\/\/poble-espanyol.com\/actividad\/peru-salsa-all-stars-3\/"},"modified":"2025-04-16T13:05:09","modified_gmt":"2025-04-16T11:05:09","slug":"amics-de-les-arts","status":"publish","type":"activitat","link":"https:\/\/poble-espanyol.com\/ca\/activitat\/amics-de-les-arts\/","title":{"rendered":"Concert Amics de les Arts &#8211; Guitar BCN"},"content":{"rendered":"","protected":false},"excerpt":{"rendered":"","protected":false},"author":4,"featured_media":256032,"comment_status":"closed","ping_status":"closed","template":"","meta":{"_acf_changed":false,"footnotes":""},"class_list":["post-256029","activitat","type-activitat","status-publish","has-post-thumbnail","hentry"],"acf":{"activitat_destacada":false,"activitats_destacades":false,"activitats_destacades_agenda":false,"activitats_destacades_activitats_familiars":false,"activitats_destacades_activitats_concerts":false,"url_comprar_entrades":"https:\/\/www.guitarbcn.com\/es\/els-amics-de-les-arts-30534","nom_activitat":"Els Amics de les Arts","titol_previ_al_nom":"Els Amics de les Arts","text_introductori":"Els Amics dels Arts preparen un concert molt especial, segurament el m\u00e9s especial de la seva carrera. Ser\u00e0 el 25 de juliol de 2025 en el Poble Espanyol de Barcelona. Una nit d'estiu en la qual volen retrobar-se amb el seu p\u00fablic per a celebrar 20 anys de traject\u00f2ria del grup. Volen que anem a cantar junts les seves can\u00e7ons de sempre en la \"pla\u00e7a del poble\", que \u00e9s on diuen que es queda amb els amics.","dates_activitat":[{"dia":"20250725","hora_inici":"21:30:00","hora_final":"23:00:00"}],"dies_i_horaris_visibles_a_fitxa":[{"dia_i_horari":"25 de juliol de 2025"}],"data_destacada":"<p> 25 JUL <\/p>","data_ordenacio":"2025-07-25 21:30:00","preu":null,"preu_destacat":"SOLD OUT","ubicacio":"","contingut_recomanat":"","categoria_slider":[],"text_previ_segona_explicacio":"","titular_segona_explicacio":"","text_posterior_segona_explicacio":"","text_detall_segona_explicacio":"","seccions_activitat":null,"bloc_activitats":null,"titol_previ_programa":"","titol_programa":"","pdf_programa":null,"programa_activitat":null,"titol_colaboradors":"","colaboradors":null,"titol_video":"","video":null,"titol_galeria":"","galeria":null,"titol_previ_activitats":"","titol_activitats":"","activitats_relacionades":{"manual":""},"tipus_ae":[]},"_links":{"self":[{"href":"https:\/\/poble-espanyol.com\/ca\/wp-json\/wp\/v2\/activitat\/256029","targetHints":{"allow":["GET"]}}],"collection":[{"href":"https:\/\/poble-espanyol.com\/ca\/wp-json\/wp\/v2\/activitat"}],"about":[{"href":"https:\/\/poble-espanyol.com\/ca\/wp-json\/wp\/v2\/types\/activitat"}],"author":[{"embeddable":true,"href":"https:\/\/poble-espanyol.com\/ca\/wp-json\/wp\/v2\/users\/4"}],"replies":[{"embeddable":true,"href":"https:\/\/poble-espanyol.com\/ca\/wp-json\/wp\/v2\/comments?post=256029"}],"version-history":[{"count":3,"href":"https:\/\/poble-espanyol.com\/ca\/wp-json\/wp\/v2\/activitat\/256029\/revisions"}],"predecessor-version":[{"id":256040,"href":"https:\/\/poble-espanyol.com\/ca\/wp-json\/wp\/v2\/activitat\/256029\/revisions\/256040"}],"wp:featuredmedia":[{"embeddable":true,"href":"https:\/\/poble-espanyol.com\/ca\/wp-json\/wp\/v2\/media\/256032"}],"wp:attachment":[{"href":"https:\/\/poble-espanyol.com\/ca\/wp-json\/wp\/v2\/media?parent=256029"}],"curies":[{"name":"wp","href":"https:\/\/api.w.org\/{rel}","templated":true}]}}

Els Amics dels Arts preparen un concert molt especial, segurament el més especial de la seva carrera. Serà el 25 de juliol de 2025 en el Poble Espanyol de Barcelona. Una nit d'estiu en la qual volen retrobar-se amb el seu públic per a celebrar 20 anys de trajectòria del grup. Volen que anem a cantar junts les seves cançons de sempre en la "plaça del poble", que és on diuen que es queda amb els amics.
