{"id":256453,"date":"2025-01-23T19:14:20","date_gmt":"2025-01-23T17:14:20","guid":{"rendered":"https:\/\/poble-espanyol.com\/actividad\/rema-world-tour-i-afrobrunch-3\/"},"modified":"2025-05-19T10:37:24","modified_gmt":"2025-05-19T08:37:24","slug":"beprogmyfriend","status":"publish","type":"activitat","link":"https:\/\/poble-espanyol.com\/ca\/activitat\/beprogmyfriend\/","title":{"rendered":"Be Prog! My Friend"},"content":{"rendered":"","protected":false},"excerpt":{"rendered":"","protected":false},"author":4,"featured_media":256456,"comment_status":"closed","ping_status":"closed","template":"","meta":{"_acf_changed":false,"footnotes":""},"class_list":["post-256453","activitat","type-activitat","status-publish","has-post-thumbnail","hentry"],"acf":{"activitat_destacada":false,"activitats_destacades":false,"activitats_destacades_agenda":false,"activitats_destacades_activitats_familiars":false,"activitats_destacades_activitats_concerts":false,"url_comprar_entrades":"https:\/\/www.beprogmyfriend.com\/es\/","nom_activitat":"Be Prog! My Friend","titol_previ_al_nom":"Be Prog! My Friend","text_introductori":"Despr\u00e9s del reeixit ren\u00e9ixer de Be Prog! l'any passat en la seva nova casa, 'La Carpa' del Poble Espanyol, tornem en 2025 amb m\u00e9s for\u00e7a: passem de vuit a deu bandes i sumem millores en el recinte que notareu quan travesseu les seves portes. Be Prog! My Friend continuar\u00e0 sent el festival progressiu per excel\u00b7l\u00e8ncia, un esdeveniment exclusiu amb aforament redu\u00eft on podrem gaudir dels xous complets de moltes de les bandes presents.","dates_activitat":[{"dia":"20250926","hora_inici":"15:00:00","hora_final":"00:00:00"},{"dia":"20250927","hora_inici":"15:00:00","hora_final":"00:00:00"}],"dies_i_horaris_visibles_a_fitxa":[{"dia_i_horari":"26 i 27 de setembre de 2025"}],"data_destacada":"<p> 26 i 27 SET <\/p>","data_ordenacio":"2025-09-27 15:00:00","preu":[{"categoria_de_preu":"Entrada desde","import_preu":"70"}],"preu_destacat":"Desde 70\u20ac","ubicacio":"","contingut_recomanat":"","categoria_slider":[],"text_previ_segona_explicacio":"","titular_segona_explicacio":"TesseracT i The Pineapple Thief com a caps de cartell, dos noms que prometen un espectacle vibrant i ple de matisos sonors.","text_posterior_segona_explicacio":" Al seu costat, bandes com The Dear Hunter, amb la seva mescla de rock simf\u00f2nic i narrativa \u00e8pica, i Threshold, els qui portaran al p\u00fablic a un viatge d'intenses emocions. Weather Systems, amb el seu estil atmosf\u00e8ric i emocional, Von Hertzen Brothers, amb la seva energia contagiosa, i Dry River, una de les formacions m\u00e9s aclamades del progressiu a Espanya, tamb\u00e9 se sumen a aquesta edici\u00f3. Cheeto's Magazine, Lampr3a i Moonlop completen un line-*up \u00fanic que far\u00e0 les del\u00edcies de tots els amants del g\u00e8nere.","text_detall_segona_explicacio":"Un ambient inigualable i ple de m\u00e0gia al cor de Barcelona","seccions_activitat":null,"bloc_activitats":null,"titol_previ_programa":"","titol_programa":"","pdf_programa":null,"programa_activitat":null,"titol_colaboradors":"","colaboradors":null,"titol_video":"","video":null,"titol_galeria":"","galeria":null,"titol_previ_activitats":"","titol_activitats":"","activitats_relacionades":{"manual":""},"tipus_ae":[]},"_links":{"self":[{"href":"https:\/\/poble-espanyol.com\/ca\/wp-json\/wp\/v2\/activitat\/256453","targetHints":{"allow":["GET"]}}],"collection":[{"href":"https:\/\/poble-espanyol.com\/ca\/wp-json\/wp\/v2\/activitat"}],"about":[{"href":"https:\/\/poble-espanyol.com\/ca\/wp-json\/wp\/v2\/types\/activitat"}],"author":[{"embeddable":true,"href":"https:\/\/poble-espanyol.com\/ca\/wp-json\/wp\/v2\/users\/4"}],"replies":[{"embeddable":true,"href":"https:\/\/poble-espanyol.com\/ca\/wp-json\/wp\/v2\/comments?post=256453"}],"version-history":[{"count":2,"href":"https:\/\/poble-espanyol.com\/ca\/wp-json\/wp\/v2\/activitat\/256453\/revisions"}],"predecessor-version":[{"id":256465,"href":"https:\/\/poble-espanyol.com\/ca\/wp-json\/wp\/v2\/activitat\/256453\/revisions\/256465"}],"wp:featuredmedia":[{"embeddable":true,"href":"https:\/\/poble-espanyol.com\/ca\/wp-json\/wp\/v2\/media\/256456"}],"wp:attachment":[{"href":"https:\/\/poble-espanyol.com\/ca\/wp-json\/wp\/v2\/media?parent=256453"}],"curies":[{"name":"wp","href":"https:\/\/api.w.org\/{rel}","templated":true}]}}

Després del reeixit renéixer de Be Prog! l'any passat en la seva nova casa, 'La Carpa' del Poble Espanyol, tornem en 2025 amb més força: passem de vuit a deu bandes i sumem millores en el recinte que notareu quan travesseu les seves portes. Be Prog! My Friend continuarà sent el festival progressiu per excel·lència, un esdeveniment exclusiu amb aforament reduït on podrem gaudir dels xous complets de moltes de les bandes presents.

Al seu costat, bandes com The Dear Hunter, amb la seva mescla de rock simfònic i narrativa èpica, i Threshold, els qui portaran al públic a un viatge d'intenses emocions. Weather Systems, amb el seu estil atmosfèric i emocional, Von Hertzen Brothers, amb la seva energia contagiosa, i Dry River, una de les formacions més aclamades del progressiu a Espanya, també se sumen a aquesta edició. Cheeto's Magazine, Lampr3a i Moonlop completen un line-*up únic que farà les delícies de tots els amants del gènere.

Un ambient inigualable i ple de màgia al cor de Barcelona
