{"id":271005,"date":"2025-01-23T19:14:20","date_gmt":"2025-01-23T17:14:20","guid":{"rendered":"https:\/\/poble-espanyol.com\/actividad\/feroe-3\/"},"modified":"2025-11-28T11:39:56","modified_gmt":"2025-11-28T09:39:56","slug":"europe-barcelona-rock-fest","status":"publish","type":"activitat","link":"https:\/\/poble-espanyol.com\/ca\/activitat\/europe-barcelona-rock-fest\/","title":{"rendered":"Europe &#8211; Barcelona Rock Fest"},"content":{"rendered":"","protected":false},"excerpt":{"rendered":"","protected":false},"author":4,"featured_media":271008,"comment_status":"closed","ping_status":"closed","template":"","meta":{"_acf_changed":false,"footnotes":""},"class_list":["post-271005","activitat","type-activitat","status-publish","has-post-thumbnail","hentry"],"acf":{"activitat_destacada":false,"activitats_destacades":false,"activitats_destacades_agenda":false,"activitats_destacades_activitats_familiars":false,"activitats_destacades_activitats_concerts":false,"url_comprar_entrades":"https:\/\/getrock.es\/europe-2026\/","nom_activitat":"Europe - Barcelona Rock Fest","titol_previ_al_nom":"Europe:The Final Countdown 40th Anniversary Tour","text_introductori":"Europe celebrar\u00e0 el 40\u00e8 aniversari de The Final Countdown amb tres concerts \u00fanics a Espanya a l'octubre de 2026. La banda interpretar\u00e0 l'\u00e0lbum complet al costat dels seus grans \u00e8xits de tota la seva discografia que abasta m\u00e9s de deu \u00e0lbums d'estudi.","dates_activitat":[{"dia":"20261008","hora_inici":"19:00:00","hora_final":"00:00:00"}],"dies_i_horaris_visibles_a_fitxa":[{"dia_i_horari":"8 d'octubre de 2026"}],"data_destacada":"<p> 8 OCT <\/p>","data_ordenacio":"2026-10-08 19:00:00","preu":[{"categoria_de_preu":"Entrada desde","import_preu":"50"}],"preu_destacat":"Desde 50\u20ac","ubicacio":"","contingut_recomanat":"","categoria_slider":[],"text_previ_segona_explicacio":"","titular_segona_explicacio":"","text_posterior_segona_explicacio":"","text_detall_segona_explicacio":"","seccions_activitat":null,"bloc_activitats":null,"titol_previ_programa":"","titol_programa":"","pdf_programa":null,"programa_activitat":null,"titol_colaboradors":"","colaboradors":null,"titol_video":"","video":"https:\/\/www.youtube.com\/watch?v=9jK-NcRmVcw","titol_galeria":"","galeria":[{"imatge_galeria":""}],"titol_previ_activitats":"","titol_activitats":"","activitats_relacionades":{"manual":""},"tipus_ae":[]},"_links":{"self":[{"href":"https:\/\/poble-espanyol.com\/ca\/wp-json\/wp\/v2\/activitat\/271005","targetHints":{"allow":["GET"]}}],"collection":[{"href":"https:\/\/poble-espanyol.com\/ca\/wp-json\/wp\/v2\/activitat"}],"about":[{"href":"https:\/\/poble-espanyol.com\/ca\/wp-json\/wp\/v2\/types\/activitat"}],"author":[{"embeddable":true,"href":"https:\/\/poble-espanyol.com\/ca\/wp-json\/wp\/v2\/users\/4"}],"replies":[{"embeddable":true,"href":"https:\/\/poble-espanyol.com\/ca\/wp-json\/wp\/v2\/comments?post=271005"}],"version-history":[{"count":3,"href":"https:\/\/poble-espanyol.com\/ca\/wp-json\/wp\/v2\/activitat\/271005\/revisions"}],"predecessor-version":[{"id":271054,"href":"https:\/\/poble-espanyol.com\/ca\/wp-json\/wp\/v2\/activitat\/271005\/revisions\/271054"}],"wp:featuredmedia":[{"embeddable":true,"href":"https:\/\/poble-espanyol.com\/ca\/wp-json\/wp\/v2\/media\/271008"}],"wp:attachment":[{"href":"https:\/\/poble-espanyol.com\/ca\/wp-json\/wp\/v2\/media?parent=271005"}],"curies":[{"name":"wp","href":"https:\/\/api.w.org\/{rel}","templated":true}]}}

Europe celebrarà el 40è aniversari de The Final Countdown amb tres concerts únics a Espanya a l'octubre de 2026. La banda interpretarà l'àlbum complet al costat dels seus grans èxits de tota la seva discografia que abasta més de deu àlbums d'estudi.
