{"id":109560,"date":"2022-02-25T14:19:57","date_gmt":"2022-02-25T12:19:57","guid":{"rendered":"https:\/\/pe.efimatica.com\/?post_type=activitat_educativa&#038;p=109560"},"modified":"2025-05-29T13:32:00","modified_gmt":"2025-05-29T11:32:00","slug":"la-diversitat-de-la-peninsula","status":"publish","type":"activitat_educativa","link":"https:\/\/poble-espanyol.com\/ca\/activitat-educativa\/la-diversitat-de-la-peninsula\/","title":{"rendered":"La diversitat de la Pen\u00ednsula"},"content":{"rendered":"","protected":false},"excerpt":{"rendered":"<p>Us proposem una activitat amb qu\u00e8, a trav\u00e9s de l&#8217;observaci\u00f3 de l&#8217;arquitectura popular, en coneixereu la funcionalitat i per qu\u00e8 els edificis s\u00f3n com s\u00f3n. Acompanyats per un dinamitzador fareu una ruta pel recinte i esbrinareu caracter\u00edstiques del clima, la geografia i la cultura de les zones que estan representades al Poble. Despr\u00e9s, en grups petits de 5 alumnes, completareu una petita guia per acabar de descobrir la resta de la Pen\u00ednsula.<\/p>\n","protected":false},"author":7,"featured_media":257067,"comment_status":"open","ping_status":"closed","template":"","meta":{"_acf_changed":false,"footnotes":""},"class_list":["post-109560","activitat_educativa","type-activitat_educativa","status-publish","has-post-thumbnail","hentry"],"acf":{"nom_activitat":"La diversitat de la Pen\u00ednsula","titol_previ_al_nom":"Volem que descobriu el Poble tot investigant l\u2019arquitectura popular d\u2019algunes de les zones que s\u2019hi troben representades.","text_introductori":"Acompanyats per un\/a dinamitzador\/a, us fixareu en les construccions de cada regi\u00f3 i a partir d\u2019aqu\u00ed obtindreu informaci\u00f3 sobre el seu clima, la cultura, la llengua, etc. Despr\u00e9s, en petits grups i amb l\u2019ajuda d\u2019un dossier i un pl\u00e0nol, us proposem completar el treball fent recerca en petits grups sobre la resta de zones d\u2019Espanya. Descobrireu que aprofundir en les comunitats aut\u00f2nomes \u00e9s molt m\u00e9s divertit del que us penseu!\r\n\r\nCal fer grups cooperatius de 5 alumnes aproximadament.\r\n\r\nM\u00ednim 10 persones per grup.\r\n\r\nM\u00e0xim 50 persones per torn.","artesa_que_limparteix":"2","artesa_existent":{"manual":[""]},"artesa_manual":{"nom_artesa":"","foto_artesa":"","categoria_i_funcio_artesa":"Joiera","enllac_artesa":"http:\/\/www.google.com"},"dates_activitat":[{"dia":"De dilluns a divendres"},{"dia":"Primer torn - 10:30h"},{"dia":"Segon torn - 12:30h"}],"ubicacio":"","preu":"9,40","durada":"1h i 45 min","idiomes":"Catal\u00e0, Castell\u00e0","contingut_recomanat":"De 12 a 18 anys","categoria_slider":[],"titular_segona_explicacio":"Qu\u00e8 fer despr\u00e9s?","text_previ_segona_explicacio":"Altres propostes","text_posterior_segona_explicacio":"Un cop acabada l'activitat, podreu completar l'estada amb propostes complement\u00e0ries per aprofitar tot all\u00f2 que el Poble posa al vostre servei.","text_detall_segona_explicacio":"Dinar a la zona p\u00edcnic, descobrir les magn\u00edfiques vistes des del mirador del Monestir, con\u00e8ixer el Museu Fran Daurel d'art contemporani, deixar-vos sorprendre pel treball dels artesans i ara tamb\u00e9 pantalles t\u00e0ctils, instal\u00b7lacions audiovisuals i una zona amb tobogans a l'aire lliure.\r\n","seccions_activitat":[{"titular_seccio":"Objectius espec\u00edfics","entrada":{"titular_detall":"","text_detall":"1. Participar de forma adequada en situacions d'interacci\u00f3 comunicativa.\r\n2. Identificar les diferents manifestacions culturals com un esdeveniment important de la nostra hist\u00f2ria social i cultural.\r\n3. Treballar en equip.","text_enllac_detall":"","url_enllac_detall":"","imatge_detall":""}},{"titular_seccio":"Compet\u00e8ncies b\u00e0siques","entrada":{"titular_detall":"","text_detall":"1. Autonomia i iniciativa personal.\r\n2. Comunicativa ling\u00fc\u00edstica i audiovisual.","text_enllac_detall":"","url_enllac_detall":"https:\/\/www.google.com","imatge_detall":""}}],"titol_previ_activitats":"Recomanacions","titol_activitats":"Activitats relacionades","activitats_relacionades":{"manual":[109516,109970,110884]}},"_links":{"self":[{"href":"https:\/\/poble-espanyol.com\/ca\/wp-json\/wp\/v2\/activitat_educativa\/109560","targetHints":{"allow":["GET"]}}],"collection":[{"href":"https:\/\/poble-espanyol.com\/ca\/wp-json\/wp\/v2\/activitat_educativa"}],"about":[{"href":"https:\/\/poble-espanyol.com\/ca\/wp-json\/wp\/v2\/types\/activitat_educativa"}],"author":[{"embeddable":true,"href":"https:\/\/poble-espanyol.com\/ca\/wp-json\/wp\/v2\/users\/7"}],"replies":[{"embeddable":true,"href":"https:\/\/poble-espanyol.com\/ca\/wp-json\/wp\/v2\/comments?post=109560"}],"version-history":[{"count":2,"href":"https:\/\/poble-espanyol.com\/ca\/wp-json\/wp\/v2\/activitat_educativa\/109560\/revisions"}],"predecessor-version":[{"id":252146,"href":"https:\/\/poble-espanyol.com\/ca\/wp-json\/wp\/v2\/activitat_educativa\/109560\/revisions\/252146"}],"wp:featuredmedia":[{"embeddable":true,"href":"https:\/\/poble-espanyol.com\/ca\/wp-json\/wp\/v2\/media\/257067"}],"wp:attachment":[{"href":"https:\/\/poble-espanyol.com\/ca\/wp-json\/wp\/v2\/media?parent=109560"}],"curies":[{"name":"wp","href":"https:\/\/api.w.org\/{rel}","templated":true}]}}

La diversitat de la Península

<p>Us proposem una activitat amb què, a través de l&#8217;observació de l&#8217;arquitectura popular, en coneixereu la funcionalitat i per què els edificis són com són. Acompanyats per un dinamitzador fareu una ruta pel recinte i esbrinareu característiques del clima, la geografia i la cultura de les zones que estan representades al Poble. Després, en grups petits de 5 alumnes, completareu una petita guia per acabar de descobrir la resta de la Península.</p>

Acompanyats per un/a dinamitzador/a, us fixareu en les construccions de cada regió i a partir d’aquí obtindreu informació sobre el seu clima, la cultura, la llengua, etc. Després, en petits grups i amb l’ajuda d’un dossier i un plànol, us proposem completar el treball fent recerca en petits grups sobre la resta de zones d’Espanya. Descobrireu que aprofundir en les comunitats autònomes és molt més divertit del que us penseu!

Cal fer grups cooperatius de 5 alumnes aproximadament.

Mínim 10 persones per grup.

Màxim 50 persones per torn.

Català, Castellà

Què fer després?

Un cop acabada l'activitat, podreu completar l'estada amb propostes complementàries per aprofitar tot allò que el Poble posa al vostre servei.

Dinar a la zona pícnic, descobrir les magnífiques vistes des del mirador del Monestir, conèixer el Museu Fran Daurel d'art contemporani, deixar-vos sorprendre pel treball dels artesans i ara també pantalles tàctils, instal·lacions audiovisuals i una zona amb tobogans a l'aire lliure.

Objectius específics

1. Participar de forma adequada en situacions d'interacció comunicativa.
2. Identificar les diferents manifestacions culturals com un esdeveniment important de la nostra història social i cultural.
3. Treballar en equip.

Competències bàsiques

1. Autonomia i iniciativa personal.
2. Comunicativa lingüística i audiovisual.
