{"id":110933,"date":"2022-03-03T19:00:09","date_gmt":"2022-03-03T17:00:09","guid":{"rendered":"https:\/\/pe.efimatica.com\/?post_type=activitat_educativa&#038;p=110933"},"modified":"2026-02-24T17:23:05","modified_gmt":"2026-02-24T15:23:05","slug":"el-viaje","status":"publish","type":"activitat_educativa","link":"https:\/\/poble-espanyol.com\/ca\/activitat-educativa\/el-viaje\/","title":{"rendered":"El viatge"},"content":{"rendered":"","protected":false},"excerpt":{"rendered":"<p>Es verano y nos vamos de colonias por la Pen\u00ednsula Ib\u00e9rica. Lo tenemos todo preparado, pero \u2026 \u00a1tienes que descubrir el viaje!<\/p>\n","protected":false},"author":4,"featured_media":250956,"comment_status":"open","ping_status":"closed","template":"","meta":{"_acf_changed":false,"footnotes":""},"class_list":["post-110933","activitat_educativa","type-activitat_educativa","status-publish","has-post-thumbnail","hentry"],"acf":{"nom_activitat":"El viatge","titol_previ_al_nom":"Voleu fer un viatge una mica boig? Veniu al Poble! Acompanyeu-nos en aquest peculiar viatge... que finalitza amb una divertid\u00edssima guerra d'aigua!","text_introductori":"El Poble \u00e9s conegut per representar cases i comunitats aut\u00f2nomes d\u2019arreu del pa\u00eds. Us proposem fer un viatge en el qual ser\u00e0 l\u2019atzar el que us portar\u00e0 d\u2019un lloc a l\u2019altre... sense sortir del recinte! Comen\u00e7areu a Castella i potser dormiu a Gal\u00edcia, qui sap. El que \u00e9s segur \u00e9s que, acompanyats per un\/a dinamitzador\/a, emprendreu una aventura plena de reptes que caldr\u00e0 resoldre al llarg del cam\u00ed! Prepareu aigua, la motxilla i un bon cal\u00e7at que el viatge est\u00e0 a punt de comen\u00e7ar!\r\n\r\nM\u00edn per grup: 10 pax\r\n\r\nM\u00e0x por torn: 25 pax","artesa_que_limparteix":"1","artesa_existent":{"manual":""},"artesa_manual":{"nom_artesa":"sdasdasddas","foto_artesa":"","categoria_i_funcio_artesa":"","enllac_artesa":""},"dates_activitat":[{"dia":"De dilluns a divendres"},{"dia":"Primer torn - 10:30h"},{"dia":"Segon torn - 12:30h"}],"ubicacio":"Tot el recinte","preu":"8","durada":"1 hora i 20 minuts","idiomes":" Catal\u00e0 - Castell\u00e0","contingut_recomanat":"A partir de 6 anys","categoria_slider":[],"titular_segona_explicacio":"Qu\u00e8 fer despr\u00e9s?","text_previ_segona_explicacio":"Altres propostes\r\n","text_posterior_segona_explicacio":"Un cop acabada l'activitat, podreu completar l'estada amb propostes complement\u00e0ries per aprofitar tot all\u00f2 que el Poble posa al vostre servei.","text_detall_segona_explicacio":"Dinar a la zona p\u00edcnic, descobrir les magn\u00edfiques vistes des del mirador del Monestir, con\u00e8ixer el Museu Fran Daurel d'art contemporani, deixar-vos sorprendre pel treball dels artesans i ara tamb\u00e9 pantalles t\u00e0ctils, instal\u00b7lacions audiovisuals i una zona amb tobogans a l'aire lliure.\r\n","seccions_activitat":null,"titol_previ_activitats":"Activitats relacionades","titol_activitats":"DESCOBREIX ACTIVITATS SIMILARS","activitats_relacionades":{"manual":[109551,110747,110689]}},"_links":{"self":[{"href":"https:\/\/poble-espanyol.com\/ca\/wp-json\/wp\/v2\/activitat_educativa\/110933","targetHints":{"allow":["GET"]}}],"collection":[{"href":"https:\/\/poble-espanyol.com\/ca\/wp-json\/wp\/v2\/activitat_educativa"}],"about":[{"href":"https:\/\/poble-espanyol.com\/ca\/wp-json\/wp\/v2\/types\/activitat_educativa"}],"author":[{"embeddable":true,"href":"https:\/\/poble-espanyol.com\/ca\/wp-json\/wp\/v2\/users\/4"}],"replies":[{"embeddable":true,"href":"https:\/\/poble-espanyol.com\/ca\/wp-json\/wp\/v2\/comments?post=110933"}],"version-history":[{"count":6,"href":"https:\/\/poble-espanyol.com\/ca\/wp-json\/wp\/v2\/activitat_educativa\/110933\/revisions"}],"predecessor-version":[{"id":274021,"href":"https:\/\/poble-espanyol.com\/ca\/wp-json\/wp\/v2\/activitat_educativa\/110933\/revisions\/274021"}],"wp:featuredmedia":[{"embeddable":true,"href":"https:\/\/poble-espanyol.com\/ca\/wp-json\/wp\/v2\/media\/250956"}],"wp:attachment":[{"href":"https:\/\/poble-espanyol.com\/ca\/wp-json\/wp\/v2\/media?parent=110933"}],"curies":[{"name":"wp","href":"https:\/\/api.w.org\/{rel}","templated":true}]}}

<p>Es verano y nos vamos de colonias por la Península Ibérica. Lo tenemos todo preparado, pero … ¡tienes que descubrir el viaje!</p>

Voleu fer un viatge una mica boig? Veniu al Poble! Acompanyeu-nos en aquest peculiar viatge... que finalitza amb una divertidíssima guerra d'aigua!

El Poble és conegut per representar cases i comunitats autònomes d’arreu del país. Us proposem fer un viatge en el qual serà l’atzar el que us portarà d’un lloc a l’altre... sense sortir del recinte! Començareu a Castella i potser dormiu a Galícia, qui sap. El que és segur és que, acompanyats per un/a dinamitzador/a, emprendreu una aventura plena de reptes que caldrà resoldre al llarg del camí! Prepareu aigua, la motxilla i un bon calçat que el viatge està a punt de començar!

Mín per grup: 10 pax

Màx por torn: 25 pax

Català - Castellà

Què fer després?

Un cop acabada l'activitat, podreu completar l'estada amb propostes complementàries per aprofitar tot allò que el Poble posa al vostre servei.

Dinar a la zona pícnic, descobrir les magnífiques vistes des del mirador del Monestir, conèixer el Museu Fran Daurel d'art contemporani, deixar-vos sorprendre pel treball dels artesans i ara també pantalles tàctils, instal·lacions audiovisuals i una zona amb tobogans a l'aire lliure.
