{"id":110982,"date":"2022-03-03T19:26:17","date_gmt":"2022-03-03T17:26:17","guid":{"rendered":"https:\/\/pe.efimatica.com\/?post_type=activitat_educativa&#038;p=110982"},"modified":"2026-02-24T17:14:01","modified_gmt":"2026-02-24T15:14:01","slug":"visita-animada","status":"publish","type":"activitat_educativa","link":"https:\/\/poble-espanyol.com\/ca\/activitat-educativa\/visita-animada\/","title":{"rendered":"Coneixem el Poble de la m\u00e0 de&#8230;"},"content":{"rendered":"","protected":false},"excerpt":{"rendered":"<p>Xisco, un operari de manteniment que fa molts i molts anys que treballa al Poble Espanyol, coneix els seus racons perfectament i les hist\u00f2ries i an\u00e8cdotes que s&#8217;hi amaguen. Els veritables protagonistes, per\u00f2, seran els mateixos nens i nenes\/nois i noies que hauran de representar diverses escenes i participar durant tota la visita. Una manera molt diferent de descobrir el recinte.<\/p>\n","protected":false},"author":7,"featured_media":273740,"comment_status":"open","ping_status":"closed","template":"","meta":{"_acf_changed":false,"footnotes":""},"class_list":["post-110982","activitat_educativa","type-activitat_educativa","status-publish","has-post-thumbnail","hentry"],"acf":{"nom_activitat":"Coneixem el Poble de la m\u00e0 de...","titol_previ_al_nom":"El guia oficial no arriba i un personatge molt peculiar s'ofereix a fer-vos la visita. Us atreviu? Diversi\u00f3 i rialles garantides!","text_introductori":"Us proposem un h\u00edbrid ben original i exclusiu del Poble! En Xisco, un treballador de manteniment que fa anys que treballa amb nosaltres, us explicar\u00e0 els or\u00edgens, els secrets i les an\u00e8cdotes m\u00e9s ben guardades perqu\u00e8 descobriu el Poble de manera divertida i teatral! Atenci\u00f3... No \u00e9s un visita guiada apta per a qualsevol... cal estar preparats\/des i oberts\/es a qualsevol cosa que pugui passar!\r\n\r\nM\u00edn per grup: 20 pax\r\n\r\nM\u00e0x por torn: 30 pax\r\n\r\n","artesa_que_limparteix":"1","artesa_existent":{"manual":""},"artesa_manual":{"nom_artesa":"Sara Ros\u00e9s","foto_artesa":92310,"categoria_i_funcio_artesa":"Joiera","enllac_artesa":"http:\/\/www.google.com"},"dates_activitat":[{"dia":"De dilluns a divendres"},{"dia":"A convenir"}],"ubicacio":"Tot el recinte","preu":"10,30","durada":"1 hora","idiomes":"Catal\u00e0, Castell\u00e0 i Angl\u00e8s","contingut_recomanat":"A partir de 10 anys","categoria_slider":[],"titular_segona_explicacio":"Qu\u00e8 fer despr\u00e9s?","text_previ_segona_explicacio":"Altres propostes","text_posterior_segona_explicacio":"Un cop acabada l'activitat, podreu completar l'estada amb propostes complement\u00e0ries per aprofitar tot all\u00f2 que el Poble posa al vostre servei.","text_detall_segona_explicacio":"Dinar a la zona p\u00edcnic, descobrir les magn\u00edfiques vistes des del mirador del Monestir, con\u00e8ixer el Museu Fran Daurel d'art contemporani, deixar-vos sorprendre pel treball dels artesans i ara tamb\u00e9 pantalles t\u00e0ctils, instal\u00b7lacions audiovisuals i una zona amb tobogans a l'aire lliure.\r\n","seccions_activitat":null,"titol_previ_activitats":"Activitats relacionades","titol_activitats":"DESCOBREIX LES ACTIVITATS SIMILARS","activitats_relacionades":{"manual":""}},"_links":{"self":[{"href":"https:\/\/poble-espanyol.com\/ca\/wp-json\/wp\/v2\/activitat_educativa\/110982","targetHints":{"allow":["GET"]}}],"collection":[{"href":"https:\/\/poble-espanyol.com\/ca\/wp-json\/wp\/v2\/activitat_educativa"}],"about":[{"href":"https:\/\/poble-espanyol.com\/ca\/wp-json\/wp\/v2\/types\/activitat_educativa"}],"author":[{"embeddable":true,"href":"https:\/\/poble-espanyol.com\/ca\/wp-json\/wp\/v2\/users\/7"}],"replies":[{"embeddable":true,"href":"https:\/\/poble-espanyol.com\/ca\/wp-json\/wp\/v2\/comments?post=110982"}],"version-history":[{"count":4,"href":"https:\/\/poble-espanyol.com\/ca\/wp-json\/wp\/v2\/activitat_educativa\/110982\/revisions"}],"predecessor-version":[{"id":274008,"href":"https:\/\/poble-espanyol.com\/ca\/wp-json\/wp\/v2\/activitat_educativa\/110982\/revisions\/274008"}],"wp:featuredmedia":[{"embeddable":true,"href":"https:\/\/poble-espanyol.com\/ca\/wp-json\/wp\/v2\/media\/273740"}],"wp:attachment":[{"href":"https:\/\/poble-espanyol.com\/ca\/wp-json\/wp\/v2\/media?parent=110982"}],"curies":[{"name":"wp","href":"https:\/\/api.w.org\/{rel}","templated":true}]}}

Coneixem el Poble de la mà de&#8230;

<p>Xisco, un operari de manteniment que fa molts i molts anys que treballa al Poble Espanyol, coneix els seus racons perfectament i les històries i anècdotes que s&#8217;hi amaguen. Els veritables protagonistes, però, seran els mateixos nens i nenes/nois i noies que hauran de representar diverses escenes i participar durant tota la visita. Una manera molt diferent de descobrir el recinte.</p>

Coneixem el Poble de la mà de...

El guia oficial no arriba i un personatge molt peculiar s'ofereix a fer-vos la visita. Us atreviu? Diversió i rialles garantides!

Us proposem un híbrid ben original i exclusiu del Poble! En Xisco, un treballador de manteniment que fa anys que treballa amb nosaltres, us explicarà els orígens, els secrets i les anècdotes més ben guardades perquè descobriu el Poble de manera divertida i teatral! Atenció... No és un visita guiada apta per a qualsevol... cal estar preparats/des i oberts/es a qualsevol cosa que pugui passar!

Mín per grup: 20 pax

Màx por torn: 30 pax

Sara Rosés

Català, Castellà i Anglès

Què fer després?

Un cop acabada l'activitat, podreu completar l'estada amb propostes complementàries per aprofitar tot allò que el Poble posa al vostre servei.

Dinar a la zona pícnic, descobrir les magnífiques vistes des del mirador del Monestir, conèixer el Museu Fran Daurel d'art contemporani, deixar-vos sorprendre pel treball dels artesans i ara també pantalles tàctils, instal·lacions audiovisuals i una zona amb tobogans a l'aire lliure.
