{"id":105577,"date":"2022-02-04T14:09:59","date_gmt":"2022-02-04T12:09:59","guid":{"rendered":"https:\/\/pe.efimatica.com\/?post_type=artesa&#038;p=105577"},"modified":"2022-04-06T12:59:15","modified_gmt":"2022-04-06T10:59:15","slug":"encis","status":"publish","type":"artesa","link":"https:\/\/poble-espanyol.com\/ca\/artesa\/encis\/","title":{"rendered":"Enc\u00eds"},"content":{"rendered":"","protected":false},"excerpt":{"rendered":"<p>El Miquel i l&#8217;Anna es dediquen a la pintura del vidre des dels 16 anys, i tenen el seu taller al Poble des de l&#8217;any 2000. Abans del Poble, tenien una botiga a Barcelona on es dedicaven a vendre peces de vidre a client final i a fires.<br \/>\nActualment, treballen en la decoraci\u00f3 d&#8217;objectes de vidre amb peces de diferents formats (peces seriades i peces \u00faniques).<\/p>\n","protected":false},"author":7,"featured_media":114740,"comment_status":"open","ping_status":"closed","template":"","meta":{"_acf_changed":false,"footnotes":""},"class_list":["post-105577","artesa","type-artesa","status-publish","has-post-thumbnail","hentry"],"acf":{"foto_artesa":102711,"nom_artesa":"Miquel i Anna","nom_establiment":"Enc\u00eds","carnet_artesa":"13702 y 13703","serveis_artesa":[{"servei":"DEMOSTRACIONS DE L'OFICI"},{"servei":"ACTIVITATS INFANTILS"},{"servei":"ACTIVITATS FAMILIARS"},{"servei":"PRODUCTES FETS AL POBLE ESPANYOL"}],"text_introductori":"El Miquel i l'Anna es dediquen a la pintura del vidre des dels 16 anys, i tenen el seu taller al Poble des de l'any 2000. Abans del Poble, tenien una botiga a Barcelona on es dedicaven a vendre peces de vidre a client final i a fires.\r\nActualment, treballen en la decoraci\u00f3 d'objectes de vidre amb peces de diferents formats (peces seriades i peces \u00faniques).\r\n\r\n","telefon":"639 32 62 79","mail":"en6@telefonica.net","web":"https:\/\/www.artesansdelpoble.cat\/","xarxes":{"facebook":{"icona":"fa-facebook-f","url":"https:\/\/www.facebook.com\/ArtesansPobleEspanyolBarcelona\/"},"twitter":{"icona":"fa-social-twitter","url":""},"instagram":{"icona":"fa-instagram","url":"https:\/\/www.instagram.com\/artesanspobleespanyol\/"}},"ubicacio":"Casa 85","categoria_slider":[1545],"titol_previ_tallers":"PARTICIPA EN ELS SEUS TALLERS","titol_tallers":"TALLERS D'ARTESANIA","tallers_impartits":{"manual":[88055]},"ubicacio_mapa":{"address":"Av. Francesc Ferrer i Gu\u00e0rdia, 13, 08038 Barcelona, Espa\u00f1a","lat":41.369086282368237,"lng":2.1488042773849347,"zoom":18,"place_id":"ChIJ33lIIneipBIRFaKLFbYb9jc","street_number":13,"street_name":"Avinguda Francesc Ferrer i Gu\u00e0rdia","street_name_short":"Av. Francesc Ferrer i Gu\u00e0rdia","city":"Barcelona","state":"Catalunya","state_short":"CT","post_code":8038,"country":"Espa\u00f1a","country_short":"ES"}},"_links":{"self":[{"href":"https:\/\/poble-espanyol.com\/ca\/wp-json\/wp\/v2\/artesa\/105577","targetHints":{"allow":["GET"]}}],"collection":[{"href":"https:\/\/poble-espanyol.com\/ca\/wp-json\/wp\/v2\/artesa"}],"about":[{"href":"https:\/\/poble-espanyol.com\/ca\/wp-json\/wp\/v2\/types\/artesa"}],"author":[{"embeddable":true,"href":"https:\/\/poble-espanyol.com\/ca\/wp-json\/wp\/v2\/users\/7"}],"replies":[{"embeddable":true,"href":"https:\/\/poble-espanyol.com\/ca\/wp-json\/wp\/v2\/comments?post=105577"}],"version-history":[{"count":0,"href":"https:\/\/poble-espanyol.com\/ca\/wp-json\/wp\/v2\/artesa\/105577\/revisions"}],"acf:term":[{"embeddable":true,"taxonomy":"categories-artesa-proces","href":"https:\/\/poble-espanyol.com\/ca\/wp-json\/wp\/v2\/categories-artesa-proces\/1545"}],"wp:featuredmedia":[{"embeddable":true,"href":"https:\/\/poble-espanyol.com\/ca\/wp-json\/wp\/v2\/media\/114740"}],"wp:attachment":[{"href":"https:\/\/poble-espanyol.com\/ca\/wp-json\/wp\/v2\/media?parent=105577"}],"curies":[{"name":"wp","href":"https:\/\/api.w.org\/{rel}","templated":true}]}}

Encís

<p>El Miquel i l&#8217;Anna es dediquen a la pintura del vidre des dels 16 anys, i tenen el seu taller al Poble des de l&#8217;any 2000. Abans del Poble, tenien una botiga a Barcelona on es dedicaven a vendre peces de vidre a client final i a fires.<br />
Actualment, treballen en la decoració d&#8217;objectes de vidre amb peces de diferents formats (peces seriades i peces úniques).</p>

El Miquel i l'Anna es dediquen a la pintura del vidre des dels 16 anys, i tenen el seu taller al Poble des de l'any 2000. Abans del Poble, tenien una botiga a Barcelona on es dedicaven a vendre peces de vidre a client final i a fires.
Actualment, treballen en la decoració d'objectes de vidre amb peces de diferents formats (peces seriades i peces úniques).

Av. Francesc Ferrer i Guàrdia, 13, 08038 Barcelona, España

Avinguda Francesc Ferrer i Guàrdia

Av. Francesc Ferrer i Guàrdia

España
