{"id":105644,"date":"2022-02-04T15:37:32","date_gmt":"2022-02-04T13:37:32","guid":{"rendered":"https:\/\/pe.efimatica.com\/?post_type=artesa&#038;p=105644"},"modified":"2025-07-03T16:15:29","modified_gmt":"2025-07-03T14:15:29","slug":"mon-de-mones","status":"publish","type":"artesa","link":"https:\/\/poble-espanyol.com\/ca\/artesa\/mon-de-mones\/","title":{"rendered":"M\u00f3n de Mones"},"content":{"rendered":"","protected":false},"excerpt":{"rendered":"<p>El taller M\u00f3n de Mones \u00e9s un espai de creaci\u00f3 en joieria i bijuteria alternativa.<br \/>\nEs poden trobar peces fetes amb resina, alumini, plata, llaut\u00f3, t\u00e8xtils&#8230; I molt de color!<\/p>\n","protected":false},"author":7,"featured_media":98628,"comment_status":"open","ping_status":"closed","template":"","meta":{"_acf_changed":false,"footnotes":""},"class_list":["post-105644","artesa","type-artesa","status-publish","has-post-thumbnail","hentry"],"acf":{"foto_artesa":102699,"nom_artesa":"Teresa Roig i Miquel Rubinat","nom_establiment":"M\u00f3n de Mones","carnet_artesa":"15163 i 15164","serveis_artesa":[{"servei":"DEMOSTRACIONS DE L'OFICI"},{"servei":"TALLERS INFANTILS"},{"servei":"PRODUCTES FETS AL POBLE ESPANYOL"}],"text_introductori":"El taller M\u00f3n de Mones \u00e9s un espai de creaci\u00f3 en joieria i bijuteria alternativa.\r\nEs poden trobar peces fetes amb resina, alumini, plata, llaut\u00f3, t\u00e8xtils... I molt de color!\r\n\r\n","telefon":"931 925 192","mail":"mondemones@mondemones.cat","web":"https:\/\/www.artesansdelpoble.cat\/artesa\/mon-de-mones\/","xarxes":{"facebook":{"icona":"fa-facebook-f","url":"https:\/\/www.facebook.com\/mondemones"},"twitter":{"icona":"fa-social-twitter","url":""},"instagram":{"icona":"fa-instagram","url":"https:\/\/www.instagram.com\/mon.de.mones\/"}},"ubicacio":"Casa 113","categoria_slider":[472],"titol_previ_tallers":"PARTICIPA ALS SEUS TALLERS","titol_tallers":"TALLERS D'ARTESANIA","tallers_impartits":{"manual":[94212]},"ubicacio_mapa":{"address":"Av. Francesc Ferrer i Gu\u00e0rdia, 13-27, 08038 Barcelona, Espa\u00f1a","lat":41.369122514763625,"lng":2.1474765839225629,"zoom":19,"place_id":"ChIJAWuOqXeipBIRZlw96ZGYjpQ","street_number":"13-27","street_name":"Avinguda Francesc Ferrer i Gu\u00e0rdia","street_name_short":"Av. Francesc Ferrer i Gu\u00e0rdia","city":"Barcelona","state":"Catalunya","state_short":"CT","post_code":8038,"country":"Espa\u00f1a","country_short":"ES"}},"_links":{"self":[{"href":"https:\/\/poble-espanyol.com\/ca\/wp-json\/wp\/v2\/artesa\/105644","targetHints":{"allow":["GET"]}}],"collection":[{"href":"https:\/\/poble-espanyol.com\/ca\/wp-json\/wp\/v2\/artesa"}],"about":[{"href":"https:\/\/poble-espanyol.com\/ca\/wp-json\/wp\/v2\/types\/artesa"}],"author":[{"embeddable":true,"href":"https:\/\/poble-espanyol.com\/ca\/wp-json\/wp\/v2\/users\/7"}],"replies":[{"embeddable":true,"href":"https:\/\/poble-espanyol.com\/ca\/wp-json\/wp\/v2\/comments?post=105644"}],"version-history":[{"count":1,"href":"https:\/\/poble-espanyol.com\/ca\/wp-json\/wp\/v2\/artesa\/105644\/revisions"}],"predecessor-version":[{"id":258677,"href":"https:\/\/poble-espanyol.com\/ca\/wp-json\/wp\/v2\/artesa\/105644\/revisions\/258677"}],"acf:term":[{"embeddable":true,"taxonomy":"categories-artesa-proces","href":"https:\/\/poble-espanyol.com\/ca\/wp-json\/wp\/v2\/categories-artesa-proces\/472"}],"wp:featuredmedia":[{"embeddable":true,"href":"https:\/\/poble-espanyol.com\/ca\/wp-json\/wp\/v2\/media\/98628"}],"wp:attachment":[{"href":"https:\/\/poble-espanyol.com\/ca\/wp-json\/wp\/v2\/media?parent=105644"}],"curies":[{"name":"wp","href":"https:\/\/api.w.org\/{rel}","templated":true}]}}

Món de Mones

<p>El taller Món de Mones és un espai de creació en joieria i bijuteria alternativa.<br />
Es poden trobar peces fetes amb resina, alumini, plata, llautó, tèxtils&#8230; I molt de color!</p>

El taller Món de Mones és un espai de creació en joieria i bijuteria alternativa.
Es poden trobar peces fetes amb resina, alumini, plata, llautó, tèxtils... I molt de color!

Av. Francesc Ferrer i Guàrdia, 13-27, 08038 Barcelona, España

Avinguda Francesc Ferrer i Guàrdia

Av. Francesc Ferrer i Guàrdia

España
