{"id":105650,"date":"2022-02-04T15:44:00","date_gmt":"2022-02-04T13:44:00","guid":{"rendered":"https:\/\/pe.efimatica.com\/?post_type=artesa&#038;p=105650"},"modified":"2022-04-07T11:44:55","modified_gmt":"2022-04-07T09:44:55","slug":"manera-negra","status":"publish","type":"artesa","link":"https:\/\/poble-espanyol.com\/ca\/artesa\/manera-negra\/","title":{"rendered":"Manera Negra"},"content":{"rendered":"","protected":false},"excerpt":{"rendered":"<p>El taller Manera Negra neix l&#8217;any 2007 dins del recinte del Poble per a oferir un espai de creaci\u00f3, formaci\u00f3 i recerca que promou la vig\u00e8ncia del gravat i les t\u00e8cniques art\u00edstiques d&#8217;estampaci\u00f3 com a disciplina i mitj\u00e0 d&#8217;expressi\u00f3<\/p>\n","protected":false},"author":4,"featured_media":114588,"comment_status":"open","ping_status":"closed","template":"","meta":{"_acf_changed":false,"footnotes":""},"class_list":["post-105650","artesa","type-artesa","status-publish","has-post-thumbnail","hentry"],"acf":{"foto_artesa":102659,"nom_artesa":"Mar\u00eda Pujol","nom_establiment":"Manera Negra","carnet_artesa":"14202","serveis_artesa":[{"servei":"DEMOSTRACIONS DE L'OFICI"},{"servei":"TALLERS INFANTILS"},{"servei":"TALLERS FAMILIARS"},{"servei":"TALLERS PER ADULTS"},{"servei":"TALLERS ESCOLARS"},{"servei":"TALLERS COL\u00b7LECTIUS"},{"servei":"PRODUCTES FETS AL POBLE ESPANYOL"}],"text_introductori":"El taller Manera Negra neix l'any 2007 dins del recinte del Poble per a oferir un espai de creaci\u00f3, formaci\u00f3 i recerca que promou la vig\u00e8ncia del gravat i les t\u00e8cniques art\u00edstiques d'estampaci\u00f3 com a disciplina i mitj\u00e0 d'expressi\u00f3.","telefon":"934 238 210","mail":"taller@maneranegra.com","web":"https:\/\/www.maneranegra.com\/","xarxes":{"facebook":{"icona":"fa-facebook-f","url":"https:\/\/www.facebook.com\/tallerdegrabadomaneranegra\/"},"twitter":{"icona":"fa-social-twitter","url":""},"instagram":{"icona":"fa-instagram","url":"https:\/\/www.instagram.com\/tallerdegrabadomaneranegra\/"}},"ubicacio":"Casa 112","categoria_slider":[473],"titol_previ_tallers":"PARTICIPA ALS SEUS TALLERS","titol_tallers":"TALLERS D'ARTESANIA","tallers_impartits":{"manual":[91053,102439]},"ubicacio_mapa":{"address":"Av. Francesc Ferrer i Gu\u00e0rdia, 13, 08038 Barcelona, Espa\u00f1a","lat":41.369082256545305,"lng":2.1472593249923566,"zoom":20,"place_id":"ChIJjZFeqXeipBIR9Uf9srHFF7Y","street_number":13,"street_name":"Avinguda Francesc Ferrer i Gu\u00e0rdia","street_name_short":"Av. Francesc Ferrer i Gu\u00e0rdia","city":"Barcelona","state":"Catalunya","state_short":"CT","post_code":8038,"country":"Espa\u00f1a","country_short":"ES"}},"_links":{"self":[{"href":"https:\/\/poble-espanyol.com\/ca\/wp-json\/wp\/v2\/artesa\/105650","targetHints":{"allow":["GET"]}}],"collection":[{"href":"https:\/\/poble-espanyol.com\/ca\/wp-json\/wp\/v2\/artesa"}],"about":[{"href":"https:\/\/poble-espanyol.com\/ca\/wp-json\/wp\/v2\/types\/artesa"}],"author":[{"embeddable":true,"href":"https:\/\/poble-espanyol.com\/ca\/wp-json\/wp\/v2\/users\/4"}],"replies":[{"embeddable":true,"href":"https:\/\/poble-espanyol.com\/ca\/wp-json\/wp\/v2\/comments?post=105650"}],"version-history":[{"count":0,"href":"https:\/\/poble-espanyol.com\/ca\/wp-json\/wp\/v2\/artesa\/105650\/revisions"}],"acf:term":[{"embeddable":true,"taxonomy":"categories-artesa-proces","href":"https:\/\/poble-espanyol.com\/ca\/wp-json\/wp\/v2\/categories-artesa-proces\/473"}],"wp:featuredmedia":[{"embeddable":true,"href":"https:\/\/poble-espanyol.com\/ca\/wp-json\/wp\/v2\/media\/114588"}],"wp:attachment":[{"href":"https:\/\/poble-espanyol.com\/ca\/wp-json\/wp\/v2\/media?parent=105650"}],"curies":[{"name":"wp","href":"https:\/\/api.w.org\/{rel}","templated":true}]}}

<p>El taller Manera Negra neix l&#8217;any 2007 dins del recinte del Poble per a oferir un espai de creació, formació i recerca que promou la vigència del gravat i les tècniques artístiques d&#8217;estampació com a disciplina i mitjà d&#8217;expressió</p>

María Pujol

El taller Manera Negra neix l'any 2007 dins del recinte del Poble per a oferir un espai de creació, formació i recerca que promou la vigència del gravat i les tècniques artístiques d'estampació com a disciplina i mitjà d'expressió.

Av. Francesc Ferrer i Guàrdia, 13, 08038 Barcelona, España

Avinguda Francesc Ferrer i Guàrdia

Av. Francesc Ferrer i Guàrdia

España
