{"id":105703,"date":"2022-02-07T13:54:53","date_gmt":"2022-02-07T11:54:53","guid":{"rendered":"https:\/\/pe.efimatica.com\/?post_type=artesa&#038;p=105703"},"modified":"2025-07-01T16:22:48","modified_gmt":"2025-07-01T14:22:48","slug":"oksana","status":"publish","type":"artesa","link":"https:\/\/poble-espanyol.com\/ca\/artesa\/oksana\/","title":{"rendered":"Oksana"},"content":{"rendered":"","protected":false},"excerpt":{"rendered":"<p>Oksana \u00e9s una modista que fa vestits flamencs i tradicionals a mida. Des del 2013 fins al 2017 ha treballat en altes costures a Barcelona i fent vestits de n\u00favia. La seva botiga \u00e9s al Poble des de fa 8 anys.\t<\/p>\n","protected":false},"author":7,"featured_media":258251,"comment_status":"open","ping_status":"closed","template":"","meta":{"_acf_changed":false,"footnotes":""},"class_list":["post-105703","artesa","type-artesa","status-publish","has-post-thumbnail","hentry"],"acf":{"foto_artesa":102695,"nom_artesa":"Oksana","nom_establiment":"Oksana","carnet_artesa":"","serveis_artesa":[{"servei":"DEMOSTRACIONS DE L'OFICI"}],"text_introductori":"Oksana \u00e9s una modista que fa vestits flamencs i tradicionals a mida. Des del 2013 fins al 2017 ha treballat en altes costures a Barcelona i fent vestits de n\u00favia. La seva botiga \u00e9s al Poble des de fa 8 anys.\t\r\n\r\n\t\r\n\t\r\n","telefon":"687 646 830","mail":"info@artesansdelpoble.cat","web":"https:\/\/www.artesansdelpoble.cat\/","xarxes":{"facebook":{"icona":"fa-facebook-f","url":"https:\/\/www.facebook.com\/ArtesansPobleEspanyolBarcelona\/"},"twitter":{"icona":"fa-social-twitter","url":""},"instagram":{"icona":"fa-instagram","url":"https:\/\/www.instagram.com\/artesanspobleespanyol\/"}},"ubicacio":"Casa 91","categoria_slider":[464],"titol_previ_tallers":"","titol_tallers":"","tallers_impartits":{"manual":null},"ubicacio_mapa":{"address":"Av. Francesc Ferrer i Gu\u00e0rdia, 13, 08038 Barcelona, Espa\u00f1a","lat":41.368997714205769,"lng":2.1485655607826093,"zoom":19,"place_id":"ChIJ6S8pIHeipBIRry9X58Mz-8E","street_number":13,"street_name":"Avinguda Francesc Ferrer i Gu\u00e0rdia","street_name_short":"Av. Francesc Ferrer i Gu\u00e0rdia","city":"Barcelona","state":"Catalunya","state_short":"CT","post_code":8038,"country":"Espa\u00f1a","country_short":"ES"}},"_links":{"self":[{"href":"https:\/\/poble-espanyol.com\/ca\/wp-json\/wp\/v2\/artesa\/105703","targetHints":{"allow":["GET"]}}],"collection":[{"href":"https:\/\/poble-espanyol.com\/ca\/wp-json\/wp\/v2\/artesa"}],"about":[{"href":"https:\/\/poble-espanyol.com\/ca\/wp-json\/wp\/v2\/types\/artesa"}],"author":[{"embeddable":true,"href":"https:\/\/poble-espanyol.com\/ca\/wp-json\/wp\/v2\/users\/7"}],"replies":[{"embeddable":true,"href":"https:\/\/poble-espanyol.com\/ca\/wp-json\/wp\/v2\/comments?post=105703"}],"version-history":[{"count":1,"href":"https:\/\/poble-espanyol.com\/ca\/wp-json\/wp\/v2\/artesa\/105703\/revisions"}],"predecessor-version":[{"id":258255,"href":"https:\/\/poble-espanyol.com\/ca\/wp-json\/wp\/v2\/artesa\/105703\/revisions\/258255"}],"acf:term":[{"embeddable":true,"taxonomy":"categories-artesa-proces","href":"https:\/\/poble-espanyol.com\/ca\/wp-json\/wp\/v2\/categories-artesa-proces\/464"}],"wp:featuredmedia":[{"embeddable":true,"href":"https:\/\/poble-espanyol.com\/ca\/wp-json\/wp\/v2\/media\/258251"}],"wp:attachment":[{"href":"https:\/\/poble-espanyol.com\/ca\/wp-json\/wp\/v2\/media?parent=105703"}],"curies":[{"name":"wp","href":"https:\/\/api.w.org\/{rel}","templated":true}]}}

<p>Oksana és una modista que fa vestits flamencs i tradicionals a mida. Des del 2013 fins al 2017 ha treballat en altes costures a Barcelona i fent vestits de núvia. La seva botiga és al Poble des de fa 8 anys.	</p>

Oksana és una modista que fa vestits flamencs i tradicionals a mida. Des del 2013 fins al 2017 ha treballat en altes costures a Barcelona i fent vestits de núvia. La seva botiga és al Poble des de fa 8 anys.

Av. Francesc Ferrer i Guàrdia, 13, 08038 Barcelona, España

Avinguda Francesc Ferrer i Guàrdia

Av. Francesc Ferrer i Guàrdia

España
