{"id":107630,"date":"2022-02-14T18:29:16","date_gmt":"2022-02-14T16:29:16","guid":{"rendered":"https:\/\/pe.efimatica.com\/?post_type=edifici&#038;p=107630"},"modified":"2022-02-14T18:51:54","modified_gmt":"2022-02-14T16:51:54","slug":"casa-de-los-moreno","status":"publish","type":"edifici","link":"https:\/\/poble-espanyol.com\/ca\/edifici\/casa-de-los-moreno\/","title":{"rendered":"Casa de los Moreno"},"content":{"rendered":"","protected":false},"excerpt":{"rendered":"<p>La Casa de los Moreno, situada en Segovia, fue dise\u00f1ada por Daniel Zuolaga y tiene un estilo neoplateresco.<br \/>\nToda la ciudad de Segovia, capital de la provincia de comunidad aut\u00f3noma de Castilla y Le\u00f3n, es un museo al aire libre y se puede apreciar distintas t\u00e9cnicas y estilo desde el siglo XIII al siglo XXI. <\/p>\n","protected":false},"author":4,"featured_media":107635,"comment_status":"open","ping_status":"closed","template":"","meta":{"_acf_changed":false,"footnotes":""},"categories-edifici-poble":[1018],"class_list":["post-107630","edifici","type-edifici","status-publish","has-post-thumbnail","hentry","categories-edifici-poble-centre"],"acf":{"nom_edifici":"Casa de los Moreno","titol_previ":"Casa de los Moreno (Segovia)","text_introductori":"La Casa de los Moreno, situada a Seg\u00f2via, va ser dissenyada per Daniel Zuolaga i t\u00e9 un estil neoplateresco. \r\nTota la ciutat de Seg\u00f2via, capital de la prov\u00edncia de comunitat aut\u00f2noma de Castella i Lle\u00f3, \u00e9s un museu a l'aire lliure i es pot apreciar diferents t\u00e8cniques i estil des del segle XIII al segle XXI.\r\n\r\n\r\n","fotos_adicionals":"","titular_segona_explicacio":"","text_posterior_segona_explicacio":"","text_previ_segona_explicacio":"","text_detall_segona_explicacio":"","seccions_edifici":null,"ubicacio":{"address":"Av. Francesc Ferrer i Gu\u00e0rdia, 13-27, 08038 Barcelona, Espa\u00f1a","lat":41.369005765861971,"lng":2.1473934354431012,"zoom":19,"place_id":"ChIJAWuOqXeipBIRZlw96ZGYjpQ","street_number":"13-27","street_name":"Avinguda Francesc Ferrer i Gu\u00e0rdia","street_name_short":"Av. Francesc Ferrer i Gu\u00e0rdia","city":"Barcelona","state":"Catalunya","state_short":"CT","post_code":8038,"country":"Espa\u00f1a","country_short":"ES"}},"_links":{"self":[{"href":"https:\/\/poble-espanyol.com\/ca\/wp-json\/wp\/v2\/edifici\/107630","targetHints":{"allow":["GET"]}}],"collection":[{"href":"https:\/\/poble-espanyol.com\/ca\/wp-json\/wp\/v2\/edifici"}],"about":[{"href":"https:\/\/poble-espanyol.com\/ca\/wp-json\/wp\/v2\/types\/edifici"}],"author":[{"embeddable":true,"href":"https:\/\/poble-espanyol.com\/ca\/wp-json\/wp\/v2\/users\/4"}],"replies":[{"embeddable":true,"href":"https:\/\/poble-espanyol.com\/ca\/wp-json\/wp\/v2\/comments?post=107630"}],"version-history":[{"count":0,"href":"https:\/\/poble-espanyol.com\/ca\/wp-json\/wp\/v2\/edifici\/107630\/revisions"}],"wp:featuredmedia":[{"embeddable":true,"href":"https:\/\/poble-espanyol.com\/ca\/wp-json\/wp\/v2\/media\/107635"}],"wp:attachment":[{"href":"https:\/\/poble-espanyol.com\/ca\/wp-json\/wp\/v2\/media?parent=107630"}],"wp:term":[{"taxonomy":"categories-edifici-poble","embeddable":true,"href":"https:\/\/poble-espanyol.com\/ca\/wp-json\/wp\/v2\/categories-edifici-poble?post=107630"}],"curies":[{"name":"wp","href":"https:\/\/api.w.org\/{rel}","templated":true}]}}

<p>La Casa de los Moreno, situada en Segovia, fue diseñada por Daniel Zuolaga y tiene un estilo neoplateresco.<br />
Toda la ciudad de Segovia, capital de la provincia de comunidad autónoma de Castilla y León, es un museo al aire libre y se puede apreciar distintas técnicas y estilo desde el siglo XIII al siglo XXI. </p>

La Casa de los Moreno, situada a Segòvia, va ser dissenyada per Daniel Zuolaga i té un estil neoplateresco. 
Tota la ciutat de Segòvia, capital de la província de comunitat autònoma de Castella i Lleó, és un museu a l'aire lliure i es pot apreciar diferents tècniques i estil des del segle XIII al segle XXI.

Av. Francesc Ferrer i Guàrdia, 13-27, 08038 Barcelona, España

Avinguda Francesc Ferrer i Guàrdia

Av. Francesc Ferrer i Guàrdia

España
