{"id":107670,"date":"2022-02-15T10:55:22","date_gmt":"2022-02-15T08:55:22","guid":{"rendered":"https:\/\/pe.efimatica.com\/?post_type=edifici&#038;p=107670"},"modified":"2022-02-15T11:04:53","modified_gmt":"2022-02-15T09:04:53","slug":"casa-esquinera","status":"publish","type":"edifici","link":"https:\/\/poble-espanyol.com\/ca\/edifici\/casa-esquinera\/","title":{"rendered":"Casa Esquinera"},"content":{"rendered":"","protected":false},"excerpt":{"rendered":"<p>Casa Esquinera est\u00e0 situada en la localitat d&#8217;Albarrac\u00edn, Terol.<br \/>\nAlbarrac\u00edn \u00e9s un municipi i ciutat de la comarca de la Sierra de Albarrac\u00edn, situat a 28km de Terol.<br \/>\nEl seu conjunt hist\u00f2ric est\u00e0 declarat com a b\u00e9 d&#8217;inter\u00e8s cultural i \u00e9s considerat un dels pobles m\u00e9s bonics de Terol i d&#8217;Espanya. Des de 1961, es considera un Monument Nacional i posseeix la medalla d&#8217;Or al m\u00e8rit en Belles arts de 1996.<\/p>\n","protected":false},"author":4,"featured_media":107678,"comment_status":"open","ping_status":"closed","template":"","meta":{"_acf_changed":false,"footnotes":""},"categories-edifici-poble":[1018],"class_list":["post-107670","edifici","type-edifici","status-publish","has-post-thumbnail","hentry","categories-edifici-poble-centre"],"acf":{"nom_edifici":"Casa Esquinera","titol_previ":"Casa Esquinera (Albarrac\u00edn, Teruel)","text_introductori":"Casa Esquinera est\u00e0 situada en la localitat d'Albarrac\u00edn, Terol.\r\nAlbarrac\u00edn \u00e9s un municipi i ciutat de la comarca de la Sierra de Albarrac\u00edn, situat a 28km de Terol.\r\nEl seu conjunt hist\u00f2ric est\u00e0 declarat com a b\u00e9 d'inter\u00e8s cultural i \u00e9s considerat un dels pobles m\u00e9s bonics de Terol i d'Espanya. Des de 1961, es considera un Monument Nacional i posseeix la medalla d'Or al m\u00e8rit en Belles arts de 1996.\r\n\r\n","fotos_adicionals":"","titular_segona_explicacio":"","text_posterior_segona_explicacio":"","text_previ_segona_explicacio":"","text_detall_segona_explicacio":"","seccions_edifici":null,"ubicacio":{"address":"Av. Francesc Ferrer i Gu\u00e0rdia, 13, 08038 Barcelona, Espa\u00f1a","lat":41.368969533401554,"lng":2.1480586232787946,"zoom":19,"place_id":"ChIJ1VklG3eipBIRUkPrl99Hibo","street_number":13,"street_name":"Avinguda Francesc Ferrer i Gu\u00e0rdia","street_name_short":"Av. Francesc Ferrer i Gu\u00e0rdia","city":"Barcelona","state":"Catalunya","state_short":"CT","post_code":8038,"country":"Espa\u00f1a","country_short":"ES"}},"_links":{"self":[{"href":"https:\/\/poble-espanyol.com\/ca\/wp-json\/wp\/v2\/edifici\/107670","targetHints":{"allow":["GET"]}}],"collection":[{"href":"https:\/\/poble-espanyol.com\/ca\/wp-json\/wp\/v2\/edifici"}],"about":[{"href":"https:\/\/poble-espanyol.com\/ca\/wp-json\/wp\/v2\/types\/edifici"}],"author":[{"embeddable":true,"href":"https:\/\/poble-espanyol.com\/ca\/wp-json\/wp\/v2\/users\/4"}],"replies":[{"embeddable":true,"href":"https:\/\/poble-espanyol.com\/ca\/wp-json\/wp\/v2\/comments?post=107670"}],"version-history":[{"count":0,"href":"https:\/\/poble-espanyol.com\/ca\/wp-json\/wp\/v2\/edifici\/107670\/revisions"}],"wp:featuredmedia":[{"embeddable":true,"href":"https:\/\/poble-espanyol.com\/ca\/wp-json\/wp\/v2\/media\/107678"}],"wp:attachment":[{"href":"https:\/\/poble-espanyol.com\/ca\/wp-json\/wp\/v2\/media?parent=107670"}],"wp:term":[{"taxonomy":"categories-edifici-poble","embeddable":true,"href":"https:\/\/poble-espanyol.com\/ca\/wp-json\/wp\/v2\/categories-edifici-poble?post=107670"}],"curies":[{"name":"wp","href":"https:\/\/api.w.org\/{rel}","templated":true}]}}

<p>Casa Esquinera està situada en la localitat d&#8217;Albarracín, Terol.<br />
Albarracín és un municipi i ciutat de la comarca de la Sierra de Albarracín, situat a 28km de Terol.<br />
El seu conjunt històric està declarat com a bé d&#8217;interès cultural i és considerat un dels pobles més bonics de Terol i d&#8217;Espanya. Des de 1961, es considera un Monument Nacional i posseeix la medalla d&#8217;Or al mèrit en Belles arts de 1996.</p>

Casa Esquinera (Albarracín, Teruel)

Casa Esquinera està situada en la localitat d'Albarracín, Terol.
Albarracín és un municipi i ciutat de la comarca de la Sierra de Albarracín, situat a 28km de Terol.
El seu conjunt històric està declarat com a bé d'interès cultural i és considerat un dels pobles més bonics de Terol i d'Espanya. Des de 1961, es considera un Monument Nacional i posseeix la medalla d'Or al mèrit en Belles arts de 1996.

Av. Francesc Ferrer i Guàrdia, 13, 08038 Barcelona, España

Avinguda Francesc Ferrer i Guàrdia

Av. Francesc Ferrer i Guàrdia

España
