{"id":107703,"date":"2022-02-15T11:45:13","date_gmt":"2022-02-15T09:45:13","guid":{"rendered":"https:\/\/pe.efimatica.com\/?post_type=edifici&#038;p=107703"},"modified":"2022-02-15T12:24:03","modified_gmt":"2022-02-15T10:24:03","slug":"penafiel","status":"publish","type":"edifici","link":"https:\/\/poble-espanyol.com\/ca\/edifici\/penafiel\/","title":{"rendered":"Pe\u00f1afiel"},"content":{"rendered":"","protected":false},"excerpt":{"rendered":"<p>Pe\u00f1afiel \u00e9s una vila hist\u00f2rica que pertany a la prov\u00edncia de Valladolid, a la comunitat aut\u00f2noma de Castella i Lle\u00f3.<br \/>\nPer visitar el poble calen diversos dies per poder gaudir amb profunditat de tots els monuments art\u00edstics de la vila: el Castell, l&#8217;element propi que marca la difer\u00e8ncia, la Pla\u00e7a del Coso, l&#8217;Aula d&#8217;Arqueologia, el Centre d&#8217;Interpretaci\u00f3, l&#8217;Esgl\u00e9sia i Convent de Sant Pau, el Convent de Santa Clara, la Torre del Rellotge\u2026<\/p>\n","protected":false},"author":7,"featured_media":107734,"comment_status":"open","ping_status":"closed","template":"","meta":{"_acf_changed":false,"footnotes":""},"categories-edifici-poble":[1018],"class_list":["post-107703","edifici","type-edifici","status-publish","has-post-thumbnail","hentry","categories-edifici-poble-centre"],"acf":{"nom_edifici":"Pe\u00f1afiel","titol_previ":"Pe\u00f1afiel (Pe\u00f1afiel, Valladolid)","text_introductori":"Pe\u00f1afiel \u00e9s una vila hist\u00f2rica que pertany a la prov\u00edncia de Valladolid, a la comunitat aut\u00f2noma de Castella i Lle\u00f3.\r\nPer visitar el poble calen diversos dies per poder gaudir amb profunditat de tots els monuments art\u00edstics de la vila: el Castell, l'element propi que marca la difer\u00e8ncia, la Pla\u00e7a del Coso, l'Aula d'Arqueologia, el Centre d'Interpretaci\u00f3, l'Esgl\u00e9sia i Convent de Sant Pau, el Convent de Santa Clara, la Torre del Rellotge\u2026","fotos_adicionals":"","titular_segona_explicacio":"","text_posterior_segona_explicacio":"","text_previ_segona_explicacio":"","text_detall_segona_explicacio":"","seccions_edifici":null,"ubicacio":{"address":"Av. Francesc Ferrer i Gu\u00e0rdia, 13, 08038 Barcelona, Espa\u00f1a","lat":41.3690721919872,"lng":2.1478145422584394,"zoom":19,"place_id":"ChIJBZkZBHeipBIRhiS9JolxpBQ","street_number":13,"street_name":"Avinguda Francesc Ferrer i Gu\u00e0rdia","street_name_short":"Av. Francesc Ferrer i Gu\u00e0rdia","city":"Barcelona","state":"Catalunya","state_short":"CT","post_code":8038,"country":"Espa\u00f1a","country_short":"ES"}},"_links":{"self":[{"href":"https:\/\/poble-espanyol.com\/ca\/wp-json\/wp\/v2\/edifici\/107703","targetHints":{"allow":["GET"]}}],"collection":[{"href":"https:\/\/poble-espanyol.com\/ca\/wp-json\/wp\/v2\/edifici"}],"about":[{"href":"https:\/\/poble-espanyol.com\/ca\/wp-json\/wp\/v2\/types\/edifici"}],"author":[{"embeddable":true,"href":"https:\/\/poble-espanyol.com\/ca\/wp-json\/wp\/v2\/users\/7"}],"replies":[{"embeddable":true,"href":"https:\/\/poble-espanyol.com\/ca\/wp-json\/wp\/v2\/comments?post=107703"}],"version-history":[{"count":0,"href":"https:\/\/poble-espanyol.com\/ca\/wp-json\/wp\/v2\/edifici\/107703\/revisions"}],"wp:featuredmedia":[{"embeddable":true,"href":"https:\/\/poble-espanyol.com\/ca\/wp-json\/wp\/v2\/media\/107734"}],"wp:attachment":[{"href":"https:\/\/poble-espanyol.com\/ca\/wp-json\/wp\/v2\/media?parent=107703"}],"wp:term":[{"taxonomy":"categories-edifici-poble","embeddable":true,"href":"https:\/\/poble-espanyol.com\/ca\/wp-json\/wp\/v2\/categories-edifici-poble?post=107703"}],"curies":[{"name":"wp","href":"https:\/\/api.w.org\/{rel}","templated":true}]}}

Peñafiel

<p>Peñafiel és una vila històrica que pertany a la província de Valladolid, a la comunitat autònoma de Castella i Lleó.<br />
Per visitar el poble calen diversos dies per poder gaudir amb profunditat de tots els monuments artístics de la vila: el Castell, l&#8217;element propi que marca la diferència, la Plaça del Coso, l&#8217;Aula d&#8217;Arqueologia, el Centre d&#8217;Interpretació, l&#8217;Església i Convent de Sant Pau, el Convent de Santa Clara, la Torre del Rellotge…</p>

Peñafiel (Peñafiel, Valladolid)

Peñafiel és una vila històrica que pertany a la província de Valladolid, a la comunitat autònoma de Castella i Lleó.
Per visitar el poble calen diversos dies per poder gaudir amb profunditat de tots els monuments artístics de la vila: el Castell, l'element propi que marca la diferència, la Plaça del Coso, l'Aula d'Arqueologia, el Centre d'Interpretació, l'Església i Convent de Sant Pau, el Convent de Santa Clara, la Torre del Rellotge…

Av. Francesc Ferrer i Guàrdia, 13, 08038 Barcelona, España

Avinguda Francesc Ferrer i Guàrdia

Av. Francesc Ferrer i Guàrdia

España
