{"id":107805,"date":"2022-02-15T13:49:16","date_gmt":"2022-02-15T11:49:16","guid":{"rendered":"https:\/\/pe.efimatica.com\/?post_type=edifici&#038;p=107805"},"modified":"2022-02-15T13:55:38","modified_gmt":"2022-02-15T11:55:38","slug":"palacio-del-obispo","status":"publish","type":"edifici","link":"https:\/\/poble-espanyol.com\/ca\/edifici\/palacio-del-obispo\/","title":{"rendered":"Palacio del Obispo"},"content":{"rendered":"","protected":false},"excerpt":{"rendered":"<p>El Palacio del Obispo Sol\u00eds va ser constru\u00eft durant el segle XVIII per al bisbe de Badajoz, Jos\u00e9 Sol\u00eds, que el va utilitzar com a lloc de retir estiuenc.<br \/>\nLa seva estructura i construcci\u00f3 s\u00f3n molt senzilles, disposa d&#8217;una nau central neocl\u00e0ssica on apareixen els escuts de la fam\u00edlia Sol\u00eds i Casillas i d&#8217;un petit balc\u00f3.<br \/>\nActualment, dins del palau es fan esdeveniments i exposicions.<\/p>\n","protected":false},"author":7,"featured_media":107815,"comment_status":"open","ping_status":"closed","template":"","meta":{"_acf_changed":false,"footnotes":""},"categories-edifici-poble":[1018],"class_list":["post-107805","edifici","type-edifici","status-publish","has-post-thumbnail","hentry","categories-edifici-poble-centre"],"acf":{"nom_edifici":"Palacio del Obispo","titol_previ":"Palacio del Obispo (Miajadas, C\u00e1ceres)","text_introductori":"El Palacio del Obispo Sol\u00eds va ser constru\u00eft durant el segle XVIII per al bisbe de Badajoz, Jos\u00e9 Sol\u00eds, que el va utilitzar com a lloc de retir estiuenc.\r\nLa seva estructura i construcci\u00f3 s\u00f3n molt senzilles, disposa d'una nau central neocl\u00e0ssica on apareixen els escuts de la fam\u00edlia Sol\u00eds i Casillas i d'un petit balc\u00f3.\r\nActualment, dins del palau es fan esdeveniments i exposicions.\r\n\r\n\r\n\r\n\r\n\r\n\r\n\r\n","fotos_adicionals":"","titular_segona_explicacio":"","text_posterior_segona_explicacio":"","text_previ_segona_explicacio":"","text_detall_segona_explicacio":"","seccions_edifici":null,"ubicacio":{"address":"Av. Francesc Ferrer i Gu\u00e0rdia, 13, 08038 Barcelona, Espa\u00f1a","lat":41.368945378417024,"lng":2.146551221812425,"zoom":19,"place_id":"ChIJtZ4NtHeipBIRIOs-BhCX0tQ","street_number":13,"street_name":"Avinguda Francesc Ferrer i Gu\u00e0rdia","street_name_short":"Av. Francesc Ferrer i Gu\u00e0rdia","city":"Barcelona","state":"Catalunya","state_short":"CT","post_code":8038,"country":"Espa\u00f1a","country_short":"ES"}},"_links":{"self":[{"href":"https:\/\/poble-espanyol.com\/ca\/wp-json\/wp\/v2\/edifici\/107805","targetHints":{"allow":["GET"]}}],"collection":[{"href":"https:\/\/poble-espanyol.com\/ca\/wp-json\/wp\/v2\/edifici"}],"about":[{"href":"https:\/\/poble-espanyol.com\/ca\/wp-json\/wp\/v2\/types\/edifici"}],"author":[{"embeddable":true,"href":"https:\/\/poble-espanyol.com\/ca\/wp-json\/wp\/v2\/users\/7"}],"replies":[{"embeddable":true,"href":"https:\/\/poble-espanyol.com\/ca\/wp-json\/wp\/v2\/comments?post=107805"}],"version-history":[{"count":0,"href":"https:\/\/poble-espanyol.com\/ca\/wp-json\/wp\/v2\/edifici\/107805\/revisions"}],"wp:featuredmedia":[{"embeddable":true,"href":"https:\/\/poble-espanyol.com\/ca\/wp-json\/wp\/v2\/media\/107815"}],"wp:attachment":[{"href":"https:\/\/poble-espanyol.com\/ca\/wp-json\/wp\/v2\/media?parent=107805"}],"wp:term":[{"taxonomy":"categories-edifici-poble","embeddable":true,"href":"https:\/\/poble-espanyol.com\/ca\/wp-json\/wp\/v2\/categories-edifici-poble?post=107805"}],"curies":[{"name":"wp","href":"https:\/\/api.w.org\/{rel}","templated":true}]}}

<p>El Palacio del Obispo Solís va ser construït durant el segle XVIII per al bisbe de Badajoz, José Solís, que el va utilitzar com a lloc de retir estiuenc.<br />
La seva estructura i construcció són molt senzilles, disposa d&#8217;una nau central neoclàssica on apareixen els escuts de la família Solís i Casillas i d&#8217;un petit balcó.<br />
Actualment, dins del palau es fan esdeveniments i exposicions.</p>

Palacio del Obispo (Miajadas, Cáceres)

El Palacio del Obispo Solís va ser construït durant el segle XVIII per al bisbe de Badajoz, José Solís, que el va utilitzar com a lloc de retir estiuenc.
La seva estructura i construcció són molt senzilles, disposa d'una nau central neoclàssica on apareixen els escuts de la família Solís i Casillas i d'un petit balcó.
Actualment, dins del palau es fan esdeveniments i exposicions.

Av. Francesc Ferrer i Guàrdia, 13, 08038 Barcelona, España

Avinguda Francesc Ferrer i Guàrdia

Av. Francesc Ferrer i Guàrdia

España
