{"id":107949,"date":"2022-02-15T17:53:06","date_gmt":"2022-02-15T15:53:06","guid":{"rendered":"https:\/\/pe.efimatica.com\/?post_type=edifici&#038;p=107949"},"modified":"2022-02-15T17:57:15","modified_gmt":"2022-02-15T15:57:15","slug":"can-lo","status":"publish","type":"edifici","link":"https:\/\/poble-espanyol.com\/ca\/edifici\/can-lo\/","title":{"rendered":"Can Lo"},"content":{"rendered":"","protected":false},"excerpt":{"rendered":"<p>Rupit i Pruit est\u00e1 situado en la comarca de Girona y es considerado uno de los pueblos de m\u00e1s bonitos de Espanya.<br \/>\nEst\u00e1 formado por peque\u00f1as calles empedradas situadas sobre un risco y est\u00e1n rodeadas por por una muralla natural gracias a la riera de Rupit. El pueblo cuenta con casas de piedra construidas entre los siglos XVI y XVIII y muchas de ellas se han transformado en casa rurales, restaurantes, tiendas\u2026<\/p>\n","protected":false},"author":4,"featured_media":107953,"comment_status":"open","ping_status":"closed","template":"","meta":{"_acf_changed":false,"footnotes":""},"categories-edifici-poble":[1019],"class_list":["post-107949","edifici","type-edifici","status-publish","has-post-thumbnail","hentry","categories-edifici-poble-mediterrani"],"acf":{"nom_edifici":"Can Lo","titol_previ":"Can Lo (Rupit, Barcelona)","text_introductori":"Rupit i Pruit est\u00e0 situat a la comarca de Girona i \u00e9s considerat un dels pobles de m\u00e9s bonics de Espanya.\r\nEst\u00e0 format per petits carrers empedrats situats sobre un cingle i estan envoltades per per una muralla natural gr\u00e0cies a la riera de Rupit. El poble compta amb cases de pedra constru\u00efdes entre els segles XVI i XVIII i moltes d'elles s'han transformat a casa rurals, restaurants, botigues\u2026\r\n","fotos_adicionals":"","titular_segona_explicacio":"","text_posterior_segona_explicacio":"","text_previ_segona_explicacio":"","text_detall_segona_explicacio":"","seccions_edifici":null,"ubicacio":{"address":"Av. Francesc Ferrer i Gu\u00e0rdia, 13, 08038 Barcelona, Espa\u00f1a","lat":41.369096346924557,"lng":2.1487694086677411,"zoom":19,"place_id":"ChIJ33lIIneipBIRFaKLFbYb9jc","street_number":13,"street_name":"Avinguda Francesc Ferrer i Gu\u00e0rdia","street_name_short":"Av. Francesc Ferrer i Gu\u00e0rdia","city":"Barcelona","state":"Catalunya","state_short":"CT","post_code":8038,"country":"Espa\u00f1a","country_short":"ES"}},"_links":{"self":[{"href":"https:\/\/poble-espanyol.com\/ca\/wp-json\/wp\/v2\/edifici\/107949","targetHints":{"allow":["GET"]}}],"collection":[{"href":"https:\/\/poble-espanyol.com\/ca\/wp-json\/wp\/v2\/edifici"}],"about":[{"href":"https:\/\/poble-espanyol.com\/ca\/wp-json\/wp\/v2\/types\/edifici"}],"author":[{"embeddable":true,"href":"https:\/\/poble-espanyol.com\/ca\/wp-json\/wp\/v2\/users\/4"}],"replies":[{"embeddable":true,"href":"https:\/\/poble-espanyol.com\/ca\/wp-json\/wp\/v2\/comments?post=107949"}],"version-history":[{"count":0,"href":"https:\/\/poble-espanyol.com\/ca\/wp-json\/wp\/v2\/edifici\/107949\/revisions"}],"wp:featuredmedia":[{"embeddable":true,"href":"https:\/\/poble-espanyol.com\/ca\/wp-json\/wp\/v2\/media\/107953"}],"wp:attachment":[{"href":"https:\/\/poble-espanyol.com\/ca\/wp-json\/wp\/v2\/media?parent=107949"}],"wp:term":[{"taxonomy":"categories-edifici-poble","embeddable":true,"href":"https:\/\/poble-espanyol.com\/ca\/wp-json\/wp\/v2\/categories-edifici-poble?post=107949"}],"curies":[{"name":"wp","href":"https:\/\/api.w.org\/{rel}","templated":true}]}}

<p>Rupit i Pruit está situado en la comarca de Girona y es considerado uno de los pueblos de más bonitos de Espanya.<br />
Está formado por pequeñas calles empedradas situadas sobre un risco y están rodeadas por por una muralla natural gracias a la riera de Rupit. El pueblo cuenta con casas de piedra construidas entre los siglos XVI y XVIII y muchas de ellas se han transformado en casa rurales, restaurantes, tiendas…</p>

Rupit i Pruit està situat a la comarca de Girona i és considerat un dels pobles de més bonics de Espanya.
Està format per petits carrers empedrats situats sobre un cingle i estan envoltades per per una muralla natural gràcies a la riera de Rupit. El poble compta amb cases de pedra construïdes entre els segles XVI i XVIII i moltes d'elles s'han transformat a casa rurals, restaurants, botigues…

Av. Francesc Ferrer i Guàrdia, 13, 08038 Barcelona, España

Avinguda Francesc Ferrer i Guàrdia

Av. Francesc Ferrer i Guàrdia

España
