{"id":108161,"date":"2022-02-16T16:30:44","date_gmt":"2022-02-16T14:30:44","guid":{"rendered":"https:\/\/pe.efimatica.com\/?post_type=edifici&#038;p=108161"},"modified":"2022-02-16T16:35:29","modified_gmt":"2022-02-16T14:35:29","slug":"palacio-del-mayoralgo","status":"publish","type":"edifici","link":"https:\/\/poble-espanyol.com\/ca\/edifici\/palacio-del-mayoralgo\/","title":{"rendered":"Palacio del Mayoralgo"},"content":{"rendered":"","protected":false},"excerpt":{"rendered":"<p>El Palau del Mayoralgo es troba situat als peus de la Catedral de Santa Maria i la seva construcci\u00f3 data entre els anys 1534 i 1538.<br \/>\nActualment, el Palau es troba a la Ruta pel Patrimoni Unesco de C\u00e0ceres i al seu subs\u00f2l es poden trobar elements de moltes de les cultures que s&#8217;han assentat a la poblaci\u00f3: romans, cristians, \u00e0rabs i jueus. A m\u00e9s, el descobriment d&#8217;aquestes restes va permetre confirmar l&#8217;origen rom\u00e0 de la ciutat: la col\u00f2nia de Norba Caesariana.<\/p>\n","protected":false},"author":7,"featured_media":108164,"comment_status":"open","ping_status":"closed","template":"","meta":{"_acf_changed":false,"footnotes":""},"categories-edifici-poble":[1018],"class_list":["post-108161","edifici","type-edifici","status-publish","has-post-thumbnail","hentry","categories-edifici-poble-centre"],"acf":{"nom_edifici":"Palacio del Mayoralgo","titol_previ":"Palacio del Mayoralgo (C\u00e1ceres, C\u00e1ceres)","text_introductori":"El Palau del Mayoralgo es troba situat als peus de la Catedral de Santa Maria i la seva construcci\u00f3 data entre els anys 1534 i 1538.\r\nActualment, el Palau es troba a la Ruta pel Patrimoni Unesco de C\u00e0ceres i al seu subs\u00f2l es poden trobar elements de moltes de les cultures que s'han assentat a la poblaci\u00f3: romans, cristians, \u00e0rabs i jueus. A m\u00e9s, el descobriment d'aquestes restes va permetre confirmar l'origen rom\u00e0 de la ciutat: la col\u00f2nia de Norba Caesariana.\r\n\r\n\r\n\r\n\r\n\r\n\r\n\r\n\r\n","fotos_adicionals":"","titular_segona_explicacio":"","text_posterior_segona_explicacio":"","text_previ_segona_explicacio":"","text_detall_segona_explicacio":"","seccions_edifici":null,"ubicacio":{"address":"Av. Francesc Ferrer i Gu\u00e0rdia, 13, 08038 Barcelona, Espa\u00f1a","lat":41.368832655036215,"lng":2.1465109886772016,"zoom":19,"place_id":"ChIJGRRzs3eipBIR0KMCZO3SDxQ","street_number":13,"street_name":"Avinguda Francesc Ferrer i Gu\u00e0rdia","street_name_short":"Av. Francesc Ferrer i Gu\u00e0rdia","city":"Barcelona","state":"Catalunya","state_short":"CT","post_code":8038,"country":"Espa\u00f1a","country_short":"ES"}},"_links":{"self":[{"href":"https:\/\/poble-espanyol.com\/ca\/wp-json\/wp\/v2\/edifici\/108161","targetHints":{"allow":["GET"]}}],"collection":[{"href":"https:\/\/poble-espanyol.com\/ca\/wp-json\/wp\/v2\/edifici"}],"about":[{"href":"https:\/\/poble-espanyol.com\/ca\/wp-json\/wp\/v2\/types\/edifici"}],"author":[{"embeddable":true,"href":"https:\/\/poble-espanyol.com\/ca\/wp-json\/wp\/v2\/users\/7"}],"replies":[{"embeddable":true,"href":"https:\/\/poble-espanyol.com\/ca\/wp-json\/wp\/v2\/comments?post=108161"}],"version-history":[{"count":0,"href":"https:\/\/poble-espanyol.com\/ca\/wp-json\/wp\/v2\/edifici\/108161\/revisions"}],"wp:featuredmedia":[{"embeddable":true,"href":"https:\/\/poble-espanyol.com\/ca\/wp-json\/wp\/v2\/media\/108164"}],"wp:attachment":[{"href":"https:\/\/poble-espanyol.com\/ca\/wp-json\/wp\/v2\/media?parent=108161"}],"wp:term":[{"taxonomy":"categories-edifici-poble","embeddable":true,"href":"https:\/\/poble-espanyol.com\/ca\/wp-json\/wp\/v2\/categories-edifici-poble?post=108161"}],"curies":[{"name":"wp","href":"https:\/\/api.w.org\/{rel}","templated":true}]}}

<p>El Palau del Mayoralgo es troba situat als peus de la Catedral de Santa Maria i la seva construcció data entre els anys 1534 i 1538.<br />
Actualment, el Palau es troba a la Ruta pel Patrimoni Unesco de Càceres i al seu subsòl es poden trobar elements de moltes de les cultures que s&#8217;han assentat a la població: romans, cristians, àrabs i jueus. A més, el descobriment d&#8217;aquestes restes va permetre confirmar l&#8217;origen romà de la ciutat: la colònia de Norba Caesariana.</p>

Palacio del Mayoralgo (Cáceres, Cáceres)

El Palau del Mayoralgo es troba situat als peus de la Catedral de Santa Maria i la seva construcció data entre els anys 1534 i 1538.
Actualment, el Palau es troba a la Ruta pel Patrimoni Unesco de Càceres i al seu subsòl es poden trobar elements de moltes de les cultures que s'han assentat a la població: romans, cristians, àrabs i jueus. A més, el descobriment d'aquestes restes va permetre confirmar l'origen romà de la ciutat: la colònia de Norba Caesariana.

Av. Francesc Ferrer i Guàrdia, 13, 08038 Barcelona, España

Avinguda Francesc Ferrer i Guàrdia

Av. Francesc Ferrer i Guàrdia

España
