{"id":108183,"date":"2022-02-16T16:49:55","date_gmt":"2022-02-16T14:49:55","guid":{"rendered":"https:\/\/pe.efimatica.com\/?post_type=edifici&#038;p=108183"},"modified":"2022-02-16T17:03:32","modified_gmt":"2022-02-16T15:03:32","slug":"esglesia-de-las-carmelitas","status":"publish","type":"edifici","link":"https:\/\/poble-espanyol.com\/ca\/edifici\/esglesia-de-las-carmelitas\/","title":{"rendered":"Esgl\u00e9sia de les Carmelitas"},"content":{"rendered":"","protected":false},"excerpt":{"rendered":"<p>L&#8217;Esgl\u00e9sia de las Carmelitas, tamb\u00e9 coneguda com l&#8217;Esgl\u00e9sia del Carme, es va comen\u00e7ar a construir durant el segle XVII i no es va acabar fins a finals del mateix segle. \u00c9s d&#8217;estil barroc i va formar part de l&#8217;antic convent de les Carmelitas.<br \/>\nL&#8217;edifici destaca per la portada que est\u00e0 distribu\u00efda entre dues columnes salom\u00f2niques i es distribueix en tres naus.<br \/>\nEl temple va ser declarat B\u00e9 Catalogat del Patrimoni Cultural Aragon\u00e8s pel Departament de Cultura i Turisme del Govern d&#8217;Arag\u00f3.<\/p>\n","protected":false},"author":7,"featured_media":108186,"comment_status":"open","ping_status":"closed","template":"","meta":{"_acf_changed":false,"footnotes":""},"categories-edifici-poble":[1020],"class_list":["post-108183","edifici","type-edifici","status-publish","has-post-thumbnail","hentry","categories-edifici-poble-nord-ca"],"acf":{"nom_edifici":"Esgl\u00e9sia de les Carmelitas","titol_previ":"Esgl\u00e9sia de les Carmelitas (Alca\u00f1iz, Teruel)","text_introductori":"L'Esgl\u00e9sia de las Carmelitas, tamb\u00e9 coneguda com l'Esgl\u00e9sia del Carme, es va comen\u00e7ar a construir durant el segle XVII i no es va acabar fins a finals del mateix segle. \u00c9s d'estil barroc i va formar part de l'antic convent de les Carmelitas.\r\nL'edifici destaca per la portada que est\u00e0 distribu\u00efda entre dues columnes salom\u00f2niques i es distribueix en tres naus.\r\nEl temple va ser declarat B\u00e9 Catalogat del Patrimoni Cultural Aragon\u00e8s pel Departament de Cultura i Turisme del Govern d'Arag\u00f3.\r\n\r\n\r\n\r\n\r\n\r\n\r\n\r\n","fotos_adicionals":"","titular_segona_explicacio":"","text_posterior_segona_explicacio":"","text_previ_segona_explicacio":"","text_detall_segona_explicacio":"","seccions_edifici":null,"ubicacio":{"address":"Av. Francesc Ferrer i Gu\u00e0rdia, 13, 08038 Barcelona, Espa\u00f1a","lat":41.368740060684303,"lng":2.1481820048934797,"zoom":19,"place_id":"ChIJH-iNAXeipBIRGfU6WaramYk","street_number":13,"street_name":"Avinguda Francesc Ferrer i Gu\u00e0rdia","street_name_short":"Av. Francesc Ferrer i Gu\u00e0rdia","city":"Barcelona","state":"Catalunya","state_short":"CT","post_code":8038,"country":"Espa\u00f1a","country_short":"ES"}},"_links":{"self":[{"href":"https:\/\/poble-espanyol.com\/ca\/wp-json\/wp\/v2\/edifici\/108183","targetHints":{"allow":["GET"]}}],"collection":[{"href":"https:\/\/poble-espanyol.com\/ca\/wp-json\/wp\/v2\/edifici"}],"about":[{"href":"https:\/\/poble-espanyol.com\/ca\/wp-json\/wp\/v2\/types\/edifici"}],"author":[{"embeddable":true,"href":"https:\/\/poble-espanyol.com\/ca\/wp-json\/wp\/v2\/users\/7"}],"replies":[{"embeddable":true,"href":"https:\/\/poble-espanyol.com\/ca\/wp-json\/wp\/v2\/comments?post=108183"}],"version-history":[{"count":0,"href":"https:\/\/poble-espanyol.com\/ca\/wp-json\/wp\/v2\/edifici\/108183\/revisions"}],"wp:featuredmedia":[{"embeddable":true,"href":"https:\/\/poble-espanyol.com\/ca\/wp-json\/wp\/v2\/media\/108186"}],"wp:attachment":[{"href":"https:\/\/poble-espanyol.com\/ca\/wp-json\/wp\/v2\/media?parent=108183"}],"wp:term":[{"taxonomy":"categories-edifici-poble","embeddable":true,"href":"https:\/\/poble-espanyol.com\/ca\/wp-json\/wp\/v2\/categories-edifici-poble?post=108183"}],"curies":[{"name":"wp","href":"https:\/\/api.w.org\/{rel}","templated":true}]}}

Església de les Carmelitas

<p>L&#8217;Església de las Carmelitas, també coneguda com l&#8217;Església del Carme, es va començar a construir durant el segle XVII i no es va acabar fins a finals del mateix segle. És d&#8217;estil barroc i va formar part de l&#8217;antic convent de les Carmelitas.<br />
L&#8217;edifici destaca per la portada que està distribuïda entre dues columnes salomòniques i es distribueix en tres naus.<br />
El temple va ser declarat Bé Catalogat del Patrimoni Cultural Aragonès pel Departament de Cultura i Turisme del Govern d&#8217;Aragó.</p>

Església de les Carmelitas (Alcañiz, Teruel)

L'Església de las Carmelitas, també coneguda com l'Església del Carme, es va començar a construir durant el segle XVII i no es va acabar fins a finals del mateix segle. És d'estil barroc i va formar part de l'antic convent de les Carmelitas.
L'edifici destaca per la portada que està distribuïda entre dues columnes salomòniques i es distribueix en tres naus.
El temple va ser declarat Bé Catalogat del Patrimoni Cultural Aragonès pel Departament de Cultura i Turisme del Govern d'Aragó.

Av. Francesc Ferrer i Guàrdia, 13, 08038 Barcelona, España

Avinguda Francesc Ferrer i Guàrdia

Av. Francesc Ferrer i Guàrdia

España
