{"id":108445,"date":"2022-02-17T18:09:25","date_gmt":"2022-02-17T16:09:25","guid":{"rendered":"https:\/\/pe.efimatica.com\/?post_type=edifici&#038;p=108445"},"modified":"2022-02-22T16:54:59","modified_gmt":"2022-02-22T14:54:59","slug":"casa-moix","status":"publish","type":"edifici","link":"https:\/\/poble-espanyol.com\/ca\/edifici\/casa-moix\/","title":{"rendered":"Casa Moix"},"content":{"rendered":"","protected":false},"excerpt":{"rendered":"<p>Aquesta casa del segle XVIII, etapa d&#8217;esplanador constructiu a Calaceit, destaca per la seva gran balconada i per la seva doble fa\u00e7ana de carreuat de quatre plantes.<br \/>\nCalaceit, situat al Matarranya, va ser declarat Conjunt Hist\u00f2ric Art\u00edstic l&#8217;any 1973 i als seus carrers es poden veure preciosos carrers, casa pairals de pedra amb balcons de forja, esgl\u00e9sies i places amb encant.<\/p>\n","protected":false},"author":3,"featured_media":108864,"comment_status":"open","ping_status":"closed","template":"","meta":{"_acf_changed":false,"footnotes":""},"categories-edifici-poble":[1020],"class_list":["post-108445","edifici","type-edifici","status-publish","has-post-thumbnail","hentry","categories-edifici-poble-nord-ca"],"acf":{"nom_edifici":"Casa Moix","titol_previ":"Casa Moix (Calaceite, Teruel)","text_introductori":"Aquesta casa del segle XVIII, etapa d'esplanador constructiu a Calaceit, destaca per la seva gran balconada i per la seva doble fa\u00e7ana de carreuat de quatre plantes.\r\nCalaceit, situat al Matarranya, va ser declarat Conjunt Hist\u00f2ric Art\u00edstic l'any 1973 i als seus carrers es poden veure preciosos carrers, casa pairals de pedra amb balcons de forja, esgl\u00e9sies i places amb encant.","fotos_adicionals":"","titular_segona_explicacio":"","text_posterior_segona_explicacio":"","text_previ_segona_explicacio":"","text_detall_segona_explicacio":"","seccions_edifici":null,"ubicacio":{"address":"Av. Francesc Ferrer i Gu\u00e0rdia, 13, 08038 Barcelona, Espa\u00f1a","lat":41.369058101602498,"lng":2.1475704612380841,"zoom":19,"place_id":"ChIJXfvEBneipBIRlUFTji-bivU","street_number":13,"street_name":"Avinguda Francesc Ferrer i Gu\u00e0rdia","street_name_short":"Av. Francesc Ferrer i Gu\u00e0rdia","city":"Barcelona","state":"Catalunya","state_short":"CT","post_code":8038,"country":"Espa\u00f1a","country_short":"ES"}},"_links":{"self":[{"href":"https:\/\/poble-espanyol.com\/ca\/wp-json\/wp\/v2\/edifici\/108445","targetHints":{"allow":["GET"]}}],"collection":[{"href":"https:\/\/poble-espanyol.com\/ca\/wp-json\/wp\/v2\/edifici"}],"about":[{"href":"https:\/\/poble-espanyol.com\/ca\/wp-json\/wp\/v2\/types\/edifici"}],"author":[{"embeddable":true,"href":"https:\/\/poble-espanyol.com\/ca\/wp-json\/wp\/v2\/users\/3"}],"replies":[{"embeddable":true,"href":"https:\/\/poble-espanyol.com\/ca\/wp-json\/wp\/v2\/comments?post=108445"}],"version-history":[{"count":0,"href":"https:\/\/poble-espanyol.com\/ca\/wp-json\/wp\/v2\/edifici\/108445\/revisions"}],"wp:featuredmedia":[{"embeddable":true,"href":"https:\/\/poble-espanyol.com\/ca\/wp-json\/wp\/v2\/media\/108864"}],"wp:attachment":[{"href":"https:\/\/poble-espanyol.com\/ca\/wp-json\/wp\/v2\/media?parent=108445"}],"wp:term":[{"taxonomy":"categories-edifici-poble","embeddable":true,"href":"https:\/\/poble-espanyol.com\/ca\/wp-json\/wp\/v2\/categories-edifici-poble?post=108445"}],"curies":[{"name":"wp","href":"https:\/\/api.w.org\/{rel}","templated":true}]}}

<p>Aquesta casa del segle XVIII, etapa d&#8217;esplanador constructiu a Calaceit, destaca per la seva gran balconada i per la seva doble façana de carreuat de quatre plantes.<br />
Calaceit, situat al Matarranya, va ser declarat Conjunt Històric Artístic l&#8217;any 1973 i als seus carrers es poden veure preciosos carrers, casa pairals de pedra amb balcons de forja, esglésies i places amb encant.</p>

Aquesta casa del segle XVIII, etapa d'esplanador constructiu a Calaceit, destaca per la seva gran balconada i per la seva doble façana de carreuat de quatre plantes.
Calaceit, situat al Matarranya, va ser declarat Conjunt Històric Artístic l'any 1973 i als seus carrers es poden veure preciosos carrers, casa pairals de pedra amb balcons de forja, esglésies i places amb encant.

Av. Francesc Ferrer i Guàrdia, 13, 08038 Barcelona, España

Avinguda Francesc Ferrer i Guàrdia

Av. Francesc Ferrer i Guàrdia

España
