{"id":109274,"date":"2022-02-23T18:12:32","date_gmt":"2022-02-23T16:12:32","guid":{"rendered":"https:\/\/pe.efimatica.com\/?post_type=edifici&#038;p=109274"},"modified":"2022-02-23T18:21:46","modified_gmt":"2022-02-23T16:21:46","slug":"casa-del-segle-xv","status":"publish","type":"edifici","link":"https:\/\/poble-espanyol.com\/ca\/edifici\/casa-del-segle-xv\/","title":{"rendered":"Casa del Segle XV"},"content":{"rendered":"","protected":false},"excerpt":{"rendered":"<p>La Casa del segle XV \u00e9s una casa d&#8217;arquitectura renaixentista, m\u00e9s coneguda com la casa de Juan Bravo, davant de l&#8217;Esgl\u00e9sia de Sant Mart\u00ed ia prop de la Pla\u00e7a Major. Destaca els arcs de la galeria superior que li donen un toc d&#8217;eleg\u00e0ncia.<\/p>\n","protected":false},"author":7,"featured_media":109292,"comment_status":"open","ping_status":"closed","template":"","meta":{"_acf_changed":false,"footnotes":""},"categories-edifici-poble":[1018],"class_list":["post-109274","edifici","type-edifici","status-publish","has-post-thumbnail","hentry","categories-edifici-poble-centre"],"acf":{"nom_edifici":"Casa del Segle XV","titol_previ":"Casa del Segle XV (Segovia, Segovia)","text_introductori":"La Casa del segle XV \u00e9s una casa d'arquitectura renaixentista, m\u00e9s coneguda com la casa de Juan Bravo, davant de l'Esgl\u00e9sia de Sant Mart\u00ed i a prop de la Pla\u00e7a Major. Destaca els arcs de la galeria superior que li donen un toc d'eleg\u00e0ncia.\r\n\r\n\r\n","fotos_adicionals":"","titular_segona_explicacio":"","text_posterior_segona_explicacio":"","text_previ_segona_explicacio":"","text_detall_segona_explicacio":"","seccions_edifici":null,"ubicacio":{"address":"Av. Francesc Ferrer i Gu\u00e0rdia, 13, 08038 Barcelona, Espa\u00f1a","lat":41.369180889136089,"lng":2.1471574010497907,"zoom":19,"place_id":"ChIJ1UrgrneipBIRJNIRH7aerco","street_number":13,"street_name":"Avinguda Francesc Ferrer i Gu\u00e0rdia","street_name_short":"Av. Francesc Ferrer i Gu\u00e0rdia","city":"Barcelona","state":"Catalunya","state_short":"CT","post_code":8038,"country":"Espa\u00f1a","country_short":"ES"}},"_links":{"self":[{"href":"https:\/\/poble-espanyol.com\/ca\/wp-json\/wp\/v2\/edifici\/109274","targetHints":{"allow":["GET"]}}],"collection":[{"href":"https:\/\/poble-espanyol.com\/ca\/wp-json\/wp\/v2\/edifici"}],"about":[{"href":"https:\/\/poble-espanyol.com\/ca\/wp-json\/wp\/v2\/types\/edifici"}],"author":[{"embeddable":true,"href":"https:\/\/poble-espanyol.com\/ca\/wp-json\/wp\/v2\/users\/7"}],"replies":[{"embeddable":true,"href":"https:\/\/poble-espanyol.com\/ca\/wp-json\/wp\/v2\/comments?post=109274"}],"version-history":[{"count":0,"href":"https:\/\/poble-espanyol.com\/ca\/wp-json\/wp\/v2\/edifici\/109274\/revisions"}],"wp:featuredmedia":[{"embeddable":true,"href":"https:\/\/poble-espanyol.com\/ca\/wp-json\/wp\/v2\/media\/109292"}],"wp:attachment":[{"href":"https:\/\/poble-espanyol.com\/ca\/wp-json\/wp\/v2\/media?parent=109274"}],"wp:term":[{"taxonomy":"categories-edifici-poble","embeddable":true,"href":"https:\/\/poble-espanyol.com\/ca\/wp-json\/wp\/v2\/categories-edifici-poble?post=109274"}],"curies":[{"name":"wp","href":"https:\/\/api.w.org\/{rel}","templated":true}]}}

<p>La Casa del segle XV és una casa d&#8217;arquitectura renaixentista, més coneguda com la casa de Juan Bravo, davant de l&#8217;Església de Sant Martí ia prop de la Plaça Major. Destaca els arcs de la galeria superior que li donen un toc d&#8217;elegància.</p>

La Casa del segle XV és una casa d'arquitectura renaixentista, més coneguda com la casa de Juan Bravo, davant de l'Església de Sant Martí i a prop de la Plaça Major. Destaca els arcs de la galeria superior que li donen un toc d'elegància.

Av. Francesc Ferrer i Guàrdia, 13, 08038 Barcelona, España

Avinguda Francesc Ferrer i Guàrdia

Av. Francesc Ferrer i Guàrdia

España
