{"id":109284,"date":"2022-02-23T18:16:33","date_gmt":"2022-02-23T16:16:33","guid":{"rendered":"https:\/\/pe.efimatica.com\/?post_type=edifici&#038;p=109284"},"modified":"2022-02-23T18:20:42","modified_gmt":"2022-02-23T16:20:42","slug":"casa-de-los-carvajal","status":"publish","type":"edifici","link":"https:\/\/poble-espanyol.com\/ca\/edifici\/casa-de-los-carvajal\/","title":{"rendered":"Casa dels Carvajal"},"content":{"rendered":"","protected":false},"excerpt":{"rendered":"<p>La casa dels Carvajal, tamb\u00e9 coneguda com el Palau de Carvajal, est\u00e0 situada al carrer Amargura, dins del barri antic, i va ser constru\u00efda entre els segles XV i XVI.<br \/>\n\u00c9s un dels edificis m\u00e9s emblem\u00e0tics de la ciutat monumental per la seva arquitectura i compta amb elements g\u00f2tics i renaixentistes. La seva fa\u00e7ana principal, de cadirat gran\u00edtic, correspon a la tipologia dels palaus cacere\u00f1os i es pot observar l&#8217;escut dels Carvajal.<\/p>\n","protected":false},"author":4,"featured_media":109289,"comment_status":"open","ping_status":"closed","template":"","meta":{"_acf_changed":false,"footnotes":""},"categories-edifici-poble":[1018],"class_list":["post-109284","edifici","type-edifici","status-publish","has-post-thumbnail","hentry","categories-edifici-poble-centre"],"acf":{"nom_edifici":"Casa dels Carvajal","titol_previ":"Casa dels Carvajal (C\u00e1ceres, C\u00e1ceres)","text_introductori":"La casa dels Carvajal, tamb\u00e9 coneguda com el Palau de Carvajal, est\u00e0 situada al carrer Amargura, dins del barri antic, i va ser constru\u00efda entre els segles XV i XVI.\r\n\u00c9s un dels edificis m\u00e9s emblem\u00e0tics de la ciutat monumental per la seva arquitectura i compta amb elements g\u00f2tics i renaixentistes. La seva fa\u00e7ana principal, de cadirat gran\u00edtic, correspon a la tipologia dels palaus cacere\u00f1os i es pot observar l'escut dels Carvajal.\r\n","fotos_adicionals":"","titular_segona_explicacio":"","text_posterior_segona_explicacio":"","text_previ_segona_explicacio":"","text_detall_segona_explicacio":"","seccions_edifici":null,"ubicacio":{"address":"Av. Francesc Ferrer i Gu\u00e0rdia, 13, 08038 Barcelona, Espa\u00f1a","lat":41.369035959563419,"lng":2.146950870955644,"zoom":19,"place_id":"ChIJ1UrgrneipBIRJNIRH7aerco","street_number":13,"street_name":"Avinguda Francesc Ferrer i Gu\u00e0rdia","street_name_short":"Av. Francesc Ferrer i Gu\u00e0rdia","city":"Barcelona","state":"Catalunya","state_short":"CT","post_code":8038,"country":"Espa\u00f1a","country_short":"ES"}},"_links":{"self":[{"href":"https:\/\/poble-espanyol.com\/ca\/wp-json\/wp\/v2\/edifici\/109284","targetHints":{"allow":["GET"]}}],"collection":[{"href":"https:\/\/poble-espanyol.com\/ca\/wp-json\/wp\/v2\/edifici"}],"about":[{"href":"https:\/\/poble-espanyol.com\/ca\/wp-json\/wp\/v2\/types\/edifici"}],"author":[{"embeddable":true,"href":"https:\/\/poble-espanyol.com\/ca\/wp-json\/wp\/v2\/users\/4"}],"replies":[{"embeddable":true,"href":"https:\/\/poble-espanyol.com\/ca\/wp-json\/wp\/v2\/comments?post=109284"}],"version-history":[{"count":0,"href":"https:\/\/poble-espanyol.com\/ca\/wp-json\/wp\/v2\/edifici\/109284\/revisions"}],"wp:featuredmedia":[{"embeddable":true,"href":"https:\/\/poble-espanyol.com\/ca\/wp-json\/wp\/v2\/media\/109289"}],"wp:attachment":[{"href":"https:\/\/poble-espanyol.com\/ca\/wp-json\/wp\/v2\/media?parent=109284"}],"wp:term":[{"taxonomy":"categories-edifici-poble","embeddable":true,"href":"https:\/\/poble-espanyol.com\/ca\/wp-json\/wp\/v2\/categories-edifici-poble?post=109284"}],"curies":[{"name":"wp","href":"https:\/\/api.w.org\/{rel}","templated":true}]}}

<p>La casa dels Carvajal, també coneguda com el Palau de Carvajal, està situada al carrer Amargura, dins del barri antic, i va ser construïda entre els segles XV i XVI.<br />
És un dels edificis més emblemàtics de la ciutat monumental per la seva arquitectura i compta amb elements gòtics i renaixentistes. La seva façana principal, de cadirat granític, correspon a la tipologia dels palaus cacereños i es pot observar l&#8217;escut dels Carvajal.</p>

Casa dels Carvajal (Cáceres, Cáceres)

La casa dels Carvajal, també coneguda com el Palau de Carvajal, està situada al carrer Amargura, dins del barri antic, i va ser construïda entre els segles XV i XVI.
És un dels edificis més emblemàtics de la ciutat monumental per la seva arquitectura i compta amb elements gòtics i renaixentistes. La seva façana principal, de cadirat granític, correspon a la tipologia dels palaus cacereños i es pot observar l'escut dels Carvajal.

Av. Francesc Ferrer i Guàrdia, 13, 08038 Barcelona, España

Avinguda Francesc Ferrer i Guàrdia

Av. Francesc Ferrer i Guàrdia

España
