{"id":106393,"date":"2022-02-09T14:24:04","date_gmt":"2022-02-09T12:24:04","guid":{"rendered":"https:\/\/pe.efimatica.com\/?post_type=establiment&#038;p=106393"},"modified":"2025-07-29T17:50:19","modified_gmt":"2025-07-29T15:50:19","slug":"les-perles","status":"publish","type":"establiment","link":"https:\/\/poble-espanyol.com\/ca\/establiment\/les-perles\/","title":{"rendered":"Les Perles"},"content":{"rendered":"","protected":false},"excerpt":{"rendered":"<p>Dissenys propis i muntatge de collarets, arracades i polseres utilitzant diferents materials segons el disseny i la mida de les pedres, perles i vidres.<br \/>\nEls materials s\u00f3n seleccionats per la mateixa artesana per poder donar la senzillesa i la qualitat que mereixen. \u00c9s una botiga oficial de Majorica.<\/p>\n","protected":false},"author":7,"featured_media":106399,"comment_status":"open","ping_status":"closed","template":"","meta":{"_acf_changed":false,"footnotes":""},"categories-establiment-tipus":[1064],"class_list":["post-106393","establiment","type-establiment","status-publish","has-post-thumbnail","hentry","categories-establiment-tipus-botiga-ca"],"acf":{"nom_establiment":"Les Perles","text_introductori":"Dissenys propis i muntatge de collarets, arracades i polseres utilitzant diferents materials segons el disseny i la mida de les pedres, perles i vidres.\r\nEls materials s\u00f3n seleccionats per la mateixa artesana per poder donar la senzillesa i la qualitat que mereixen. \u00c9s una botiga oficial de Majorica.","telefon":"691 696 960","mail":"lesperles1@gmail.com","web":"https:\/\/www.lesperles.shop\/","xarxes":{"facebook":{"icona":"fa-facebook-f","url":""},"twitter":{"icona":"fa fa-tumblr","url":""},"instagram":{"icona":"fa-instagram","url":"https:\/\/instagram.com\/marta_comas_les_perles"}},"ubicacio_text":"Casa 100","galeria":null,"ubicacio":{"address":"Av. Francesc Ferrer i Gu\u00e0rdia, 13, 08038 Barcelona, Espa\u00f1a","lat":41.369164785866055,"lng":2.1479540171272138,"zoom":19,"place_id":"ChIJ1VklG3eipBIRUkPrl99Hibo","street_number":13,"street_name":"Avinguda Francesc Ferrer i Gu\u00e0rdia","street_name_short":"Av. Francesc Ferrer i Gu\u00e0rdia","city":"Barcelona","state":"Catalunya","state_short":"CT","post_code":8038,"country":"Espa\u00f1a","country_short":"ES"},"url_reserva":""},"_links":{"self":[{"href":"https:\/\/poble-espanyol.com\/ca\/wp-json\/wp\/v2\/establiment\/106393","targetHints":{"allow":["GET"]}}],"collection":[{"href":"https:\/\/poble-espanyol.com\/ca\/wp-json\/wp\/v2\/establiment"}],"about":[{"href":"https:\/\/poble-espanyol.com\/ca\/wp-json\/wp\/v2\/types\/establiment"}],"author":[{"embeddable":true,"href":"https:\/\/poble-espanyol.com\/ca\/wp-json\/wp\/v2\/users\/7"}],"replies":[{"embeddable":true,"href":"https:\/\/poble-espanyol.com\/ca\/wp-json\/wp\/v2\/comments?post=106393"}],"version-history":[{"count":1,"href":"https:\/\/poble-espanyol.com\/ca\/wp-json\/wp\/v2\/establiment\/106393\/revisions"}],"predecessor-version":[{"id":267671,"href":"https:\/\/poble-espanyol.com\/ca\/wp-json\/wp\/v2\/establiment\/106393\/revisions\/267671"}],"wp:featuredmedia":[{"embeddable":true,"href":"https:\/\/poble-espanyol.com\/ca\/wp-json\/wp\/v2\/media\/106399"}],"wp:attachment":[{"href":"https:\/\/poble-espanyol.com\/ca\/wp-json\/wp\/v2\/media?parent=106393"}],"wp:term":[{"taxonomy":"categories-establiment-tipus","embeddable":true,"href":"https:\/\/poble-espanyol.com\/ca\/wp-json\/wp\/v2\/categories-establiment-tipus?post=106393"}],"curies":[{"name":"wp","href":"https:\/\/api.w.org\/{rel}","templated":true}]}}

<p>Dissenys propis i muntatge de collarets, arracades i polseres utilitzant diferents materials segons el disseny i la mida de les pedres, perles i vidres.<br />
Els materials són seleccionats per la mateixa artesana per poder donar la senzillesa i la qualitat que mereixen. És una botiga oficial de Majorica.</p>

Dissenys propis i muntatge de collarets, arracades i polseres utilitzant diferents materials segons el disseny i la mida de les pedres, perles i vidres.
Els materials són seleccionats per la mateixa artesana per poder donar la senzillesa i la qualitat que mereixen. És una botiga oficial de Majorica.

Av. Francesc Ferrer i Guàrdia, 13, 08038 Barcelona, España

Avinguda Francesc Ferrer i Guàrdia

Av. Francesc Ferrer i Guàrdia

España
