{"id":106477,"date":"2022-02-09T16:25:01","date_gmt":"2022-02-09T14:25:01","guid":{"rendered":"https:\/\/pe.efimatica.com\/?post_type=establiment&#038;p=106477"},"modified":"2025-07-30T16:56:16","modified_gmt":"2025-07-30T14:56:16","slug":"mexgal","status":"publish","type":"establiment","link":"https:\/\/poble-espanyol.com\/ca\/establiment\/mexgal\/","title":{"rendered":"MexGal"},"content":{"rendered":"","protected":false},"excerpt":{"rendered":"<p>Restaurant de fusi\u00f3 gastron\u00f2mica Gallego\/Mexicana, dels ingredients, t\u00e8cniques i tradicions neix la cuina de MexGal. Amb l&#8217;alta qualitat de les mat\u00e8ries primeres gallegues i el blat de moro, tom\u00e0quet, alvocat, xile i fesol,  hem creat amb gust i tot el sabor dels dos territoris, plats que desitgem que gaudeixin en un ambient tranquil i agradable.<\/p>\n","protected":false},"author":7,"featured_media":106605,"comment_status":"open","ping_status":"closed","template":"","meta":{"_acf_changed":false,"footnotes":""},"categories-establiment-tipus":[1063],"class_list":["post-106477","establiment","type-establiment","status-publish","has-post-thumbnail","hentry","categories-establiment-tipus-restaurant-ca"],"acf":{"nom_establiment":"MexGal","text_introductori":"Restaurant de fusi\u00f3 gastron\u00f2mica Gallego\/Mexicana, dels ingredients, t\u00e8cniques i tradicions neix la cuina de MexGal. Amb l'alta qualitat de les mat\u00e8ries primeres gallegues i el blat de moro, tom\u00e0quet, alvocat, xile i fesol,  hem creat amb gust i tot el sabor dels dos territoris, plats que desitgem que gaudeixin en un ambient tranquil i agradable.","telefon":"(+34) 601 112 363","mail":"mexgal.restaurante@gmail.com","web":"https:\/\/www.mexgal.es\/","xarxes":{"facebook":{"icona":"fa-facebook-f","url":"https:\/\/www.facebook.com\/MexGal_restaurante-110531674146075"},"twitter":{"icona":"fa fa-tumblr","url":""},"instagram":{"icona":"fa-instagram","url":"https:\/\/www.instagram.com\/mexgal_restaurante\/?hl=es"}},"ubicacio_text":"Casa 34 i 35","galeria":null,"ubicacio":{"address":"Av. Francesc Ferrer i Gu\u00e0rdia, 13, 08038 Barcelona, Espa\u00f1a","lat":41.368788370796821,"lng":2.1483643951064924,"zoom":19,"place_id":"ChIJAVuHH3eipBIRf0CKWjqNC_I","street_number":13,"street_name":"Avinguda Francesc Ferrer i Gu\u00e0rdia","street_name_short":"Av. Francesc Ferrer i Gu\u00e0rdia","city":"Barcelona","state":"Catalunya","state_short":"CT","post_code":8038,"country":"Espa\u00f1a","country_short":"ES"},"url_reserva":""},"_links":{"self":[{"href":"https:\/\/poble-espanyol.com\/ca\/wp-json\/wp\/v2\/establiment\/106477","targetHints":{"allow":["GET"]}}],"collection":[{"href":"https:\/\/poble-espanyol.com\/ca\/wp-json\/wp\/v2\/establiment"}],"about":[{"href":"https:\/\/poble-espanyol.com\/ca\/wp-json\/wp\/v2\/types\/establiment"}],"author":[{"embeddable":true,"href":"https:\/\/poble-espanyol.com\/ca\/wp-json\/wp\/v2\/users\/7"}],"replies":[{"embeddable":true,"href":"https:\/\/poble-espanyol.com\/ca\/wp-json\/wp\/v2\/comments?post=106477"}],"version-history":[{"count":1,"href":"https:\/\/poble-espanyol.com\/ca\/wp-json\/wp\/v2\/establiment\/106477\/revisions"}],"predecessor-version":[{"id":267832,"href":"https:\/\/poble-espanyol.com\/ca\/wp-json\/wp\/v2\/establiment\/106477\/revisions\/267832"}],"wp:featuredmedia":[{"embeddable":true,"href":"https:\/\/poble-espanyol.com\/ca\/wp-json\/wp\/v2\/media\/106605"}],"wp:attachment":[{"href":"https:\/\/poble-espanyol.com\/ca\/wp-json\/wp\/v2\/media?parent=106477"}],"wp:term":[{"taxonomy":"categories-establiment-tipus","embeddable":true,"href":"https:\/\/poble-espanyol.com\/ca\/wp-json\/wp\/v2\/categories-establiment-tipus?post=106477"}],"curies":[{"name":"wp","href":"https:\/\/api.w.org\/{rel}","templated":true}]}}

<p>Restaurant de fusió gastronòmica Gallego/Mexicana, dels ingredients, tècniques i tradicions neix la cuina de MexGal. Amb l&#8217;alta qualitat de les matèries primeres gallegues i el blat de moro, tomàquet, alvocat, xile i fesol,  hem creat amb gust i tot el sabor dels dos territoris, plats que desitgem que gaudeixin en un ambient tranquil i agradable.</p>

Restaurant de fusió gastronòmica Gallego/Mexicana, dels ingredients, tècniques i tradicions neix la cuina de MexGal. Amb l'alta qualitat de les matèries primeres gallegues i el blat de moro, tomàquet, alvocat, xile i fesol,  hem creat amb gust i tot el sabor dels dos territoris, plats que desitgem que gaudeixin en un ambient tranquil i agradable.

Av. Francesc Ferrer i Guàrdia, 13, 08038 Barcelona, España

Avinguda Francesc Ferrer i Guàrdia

Av. Francesc Ferrer i Guàrdia

España
