{"id":105808,"date":"2022-02-07T18:27:18","date_gmt":"2022-02-07T16:27:18","guid":{"rendered":"https:\/\/pe.efimatica.com\/?post_type=exposicio&#038;p=105808"},"modified":"2022-03-08T18:02:46","modified_gmt":"2022-03-08T16:02:46","slug":"escultura-de-gran-format","status":"publish","type":"exposicio","link":"https:\/\/poble-espanyol.com\/ca\/exposicio\/escultura-de-gran-format\/","title":{"rendered":"Escultura de gran format"},"content":{"rendered":"","protected":false},"excerpt":{"rendered":"<p>Sorprenent i polivalent. Aix\u00ed \u00e9s l&#8217;Espai Guinovart, un edifici circular presidit per una escultura gegant<\/p>\n","protected":false},"author":4,"featured_media":112014,"comment_status":"closed","ping_status":"closed","template":"","meta":{"_acf_changed":false,"footnotes":""},"class_list":["post-105808","exposicio","type-exposicio","status-publish","has-post-thumbnail","hentry"],"acf":{"url_comprar_entrades":"","nom_exposicio":"Un bosc convertit en escultura","titol_previ":"Una obra de Josep Guinovart","text_introductori":"Sorprenent i polivalent. Aix\u00ed \u00e9s l'Espai Guinovart, un edifici circular presidit per una escultura gegant del reconegut artista informalista catal\u00e0 Josep Guinovart anomenada Contorn-Entorn. Formada per diferents nivells que aprofiten al m\u00e0xim la llum natural que entra des d'una gran claraboia, \u00e9s una obra impactant que presideix un espai fant\u00e0stic per a aperitius, c\u00f2ctels i exposicions.","dates_exposicio":[{"dia":"De lunes a domingo de 10h a 20h"}],"dates_disponibles":"<p>Tots els dies<\/p>","ubicacio":"Espai Guinovart","preu":null,"preu_destacat":"Incl\u00f2s amb l'entrada","data_destacada_textual":"Tots els dies ","contingut_recomanat":"Incl\u00f2s amb l'entrada general tots els dies de dilluns a diumenge de 10h a 20h","categoria_slider":[],"titular_segona_explicacio":"Espai dedicat a una de les grans obres escult\u00f2riques de l'artista Josep Guinovart","text_posterior_segona_explicacio":"Aquest m\u00e0gic i impactant espai, que serveix a vegades de sala d'exposicions per a mostres temporals, est\u00e0 dedicat a una de les grans obres escult\u00f2riques de l'artista Josep Guinovart (1927-2007), un dels m\u00e0xims exponents del corrent informalista.","text_previ_segona_explicacio":"L'OBRA","text_detall_segona_explicacio":"Es tracta de l'obra Contorn-Entorn, que es va presentar en la Galeria Maeght de Barcelona en 1976, va ser traslladada posteriorment al Museu d'Art Modern de Barcelona i va arribar al Poble a principis del segle XXI, on troba l'espai ideal per a ser exposada.\r\n\r\nAquestes s\u00f3n paraules del cr\u00edtic d'art Josep Corredor-Matheos referint-se a l'obra escult\u00f2rica Contorn-Entorn: \"En la seva obra, Josep Guinovart aconsegueix una de les principals aspiracions de l'art contemporani: tornar a integrar l'art a la realitat \".\r\n","seccions_exposicio":[{"titular_seccio":"Josep Guinovart","entrada":{"titular_detall":"\"Intento viure el gravat des de dins, des del material, amb un di\u00e0leg coherent en el seu llenguatge. Gravar \u00e9s esgarrapar, expressi\u00f3, desig, sorpresa, sempre a l'espera de l'\u00faltima paraula que la donar\u00e0 el t\u00f2rcul.\"","text_detall":"Josep Guinovart (1927-2007), va deixar la seva petjada en molts camps m\u00e9s enll\u00e0 del purament pict\u00f2ric: en el m\u00f3n del teatre, arquitectura, tap\u00eds, escultura, il\u00b7lustracions, i molt altres.\r\nLa seva fam\u00edlia paterna \u00e9s d'origen tarragon\u00ed i la materna agramuntinos. Aquesta dualitat geogr\u00e0fica es reflecteix de manera constant en l'obra de l'artista: els blaus infinits del mediterrani i els ocres c\u00e0lids de l'Urgell.\r\nHa deixat un important\u00edssim llegat d'obres que es poden veure en museus i centres d'art de tot el m\u00f3n.","imatge_detall":112018,"text_enllac_detall":"","url_enllac_detall":""}}],"titol_previ_exposicions":"NO TE LAS PIERDAS","titol_exposicions":"Exposiciones relacionadas","exposicions_relacionades":{"manual":[105788]}},"_links":{"self":[{"href":"https:\/\/poble-espanyol.com\/ca\/wp-json\/wp\/v2\/exposicio\/105808","targetHints":{"allow":["GET"]}}],"collection":[{"href":"https:\/\/poble-espanyol.com\/ca\/wp-json\/wp\/v2\/exposicio"}],"about":[{"href":"https:\/\/poble-espanyol.com\/ca\/wp-json\/wp\/v2\/types\/exposicio"}],"author":[{"embeddable":true,"href":"https:\/\/poble-espanyol.com\/ca\/wp-json\/wp\/v2\/users\/4"}],"replies":[{"embeddable":true,"href":"https:\/\/poble-espanyol.com\/ca\/wp-json\/wp\/v2\/comments?post=105808"}],"version-history":[{"count":0,"href":"https:\/\/poble-espanyol.com\/ca\/wp-json\/wp\/v2\/exposicio\/105808\/revisions"}],"wp:featuredmedia":[{"embeddable":true,"href":"https:\/\/poble-espanyol.com\/ca\/wp-json\/wp\/v2\/media\/112014"}],"wp:attachment":[{"href":"https:\/\/poble-espanyol.com\/ca\/wp-json\/wp\/v2\/media?parent=105808"}],"curies":[{"name":"wp","href":"https:\/\/api.w.org\/{rel}","templated":true}]}}

<p>Sorprenent i polivalent. Així és l&#8217;Espai Guinovart, un edifici circular presidit per una escultura gegant</p>

Sorprenent i polivalent. Així és l'Espai Guinovart, un edifici circular presidit per una escultura gegant del reconegut artista informalista català Josep Guinovart anomenada Contorn-Entorn. Formada per diferents nivells que aprofiten al màxim la llum natural que entra des d'una gran claraboia, és una obra impactant que presideix un espai fantàstic per a aperitius, còctels i exposicions.

Inclòs amb l'entrada

Inclòs amb l'entrada general tots els dies de dilluns a diumenge de 10h a 20h

Espai dedicat a una de les grans obres escultòriques de l'artista Josep Guinovart

Aquest màgic i impactant espai, que serveix a vegades de sala d'exposicions per a mostres temporals, està dedicat a una de les grans obres escultòriques de l'artista Josep Guinovart (1927-2007), un dels màxims exponents del corrent informalista.

Es tracta de l'obra Contorn-Entorn, que es va presentar en la Galeria Maeght de Barcelona en 1976, va ser traslladada posteriorment al Museu d'Art Modern de Barcelona i va arribar al Poble a principis del segle XXI, on troba l'espai ideal per a ser exposada.

Aquestes són paraules del crític d'art Josep Corredor-Matheos referint-se a l'obra escultòrica Contorn-Entorn: "En la seva obra, Josep Guinovart aconsegueix una de les principals aspiracions de l'art contemporani: tornar a integrar l'art a la realitat ".

"Intento viure el gravat des de dins, des del material, amb un diàleg coherent en el seu llenguatge. Gravar és esgarrapar, expressió, desig, sorpresa, sempre a l'espera de l'última paraula que la donarà el tòrcul."

Josep Guinovart (1927-2007), va deixar la seva petjada en molts camps més enllà del purament pictòric: en el món del teatre, arquitectura, tapís, escultura, il·lustracions, i molt altres.
La seva família paterna és d'origen tarragoní i la materna agramuntinos. Aquesta dualitat geogràfica es reflecteix de manera constant en l'obra de l'artista: els blaus infinits del mediterrani i els ocres càlids de l'Urgell.
Ha deixat un importantíssim llegat d'obres que es poden veure en museus i centres d'art de tot el món.
