{"id":260612,"date":"2023-04-13T12:28:14","date_gmt":"2023-04-13T10:28:14","guid":{"rendered":"https:\/\/poble-espanyol.com\/actividad\/alma-festival-gustavo-santaolalla\/"},"modified":"2023-04-13T12:28:14","modified_gmt":"2023-04-13T10:28:14","slug":"alma-festival-gustavo-santaolalla","status":"publish","type":"activitat","link":"https:\/\/poble-espanyol.com\/de\/actividad\/alma-festival-gustavo-santaolalla\/","title":{"rendered":"ALMA Festival &#8211; GUSTAVO SANTAOLALLA"},"content":{"rendered":"","protected":false},"excerpt":{"rendered":"","protected":false},"author":4,"featured_media":260613,"comment_status":"closed","ping_status":"closed","template":"","meta":{"_acf_changed":false,"footnotes":""},"class_list":["post-260612","activitat","type-activitat","status-publish","has-post-thumbnail","hentry"],"acf":{"activitat_destacada":false,"activitats_destacades":false,"activitats_destacades_agenda":false,"activitats_destacades_activitats_familiars":false,"activitats_destacades_activitats_concerts":false,"url_comprar_entrades":"https:\/\/www.ticketmaster.es\/event\/35495?_gl=1*1dxpmit*_ga*ODYxMjg4MTI2LjE2ODA2OTM3MjY.*_ga_WF98S3BM32*MTY4MDcwNTY5My4zLjEuMTY4MDcwNjA3MC4wLjAuMA..","nom_activitat":"ALMA Festival Jardins Pedralbes","titol_previ_al_nom":"An emblematic music festival in a new space in Barcelona","text_introductori":"Gustavo Santaolalla's concert at Poble Espanyol is a sample of his wide range of compositions, an eclectic collection that balances instrumental and vocal material. Surrounded by an exquisite group of musicians and singers who navigate through different styles playing a wide variety of instruments, which provide a rich texture of timbres and moods to the show, Santaolalla will offer a unique and very special live show.","dates_activitat":[{"dia":"20230718","hora_inici":"21:30:00","hora_final":null}],"dies_i_horaris_visibles_a_fitxa":[{"dia_i_horari":"Les portes ouvrent \u00e0 19h30."},{"dia_i_horari":"D\u00e9but du concert \u00e0 21h30."}],"data_destacada":"<p> 18 JULY <\/p>","data_ordenacio":"18\/07\/2023 21:30","preu":null,"preu_destacat":"From 39,60","ubicacio":"Plaza Mayor","contingut_recomanat":"","categoria_slider":[],"text_previ_segona_explicacio":"","titular_segona_explicacio":"One of the great summer festivals in Barcelona","text_posterior_segona_explicacio":"ALMA Festival Jardins Pedralbes settles in Poble Espanyol preserving its unmistakable values \u200b\u200band consolidating its indisputable link with Barcelona.","text_detall_segona_explicacio":"The festival will take place between July 10 and 27, 2023 in a large outdoor space and in a unique architectural setting.","seccions_activitat":null,"bloc_activitats":null,"titol_previ_programa":"","titol_programa":"","pdf_programa":null,"programa_activitat":null,"titol_colaboradors":"","colaboradors":null,"titol_video":"","video":null,"titol_galeria":"","galeria":null,"titol_previ_activitats":"","titol_activitats":"","activitats_relacionades":{"manual":""},"tipus_ae":[]},"_links":{"self":[{"href":"https:\/\/poble-espanyol.com\/de\/wp-json\/wp\/v2\/activitat\/260612","targetHints":{"allow":["GET"]}}],"collection":[{"href":"https:\/\/poble-espanyol.com\/de\/wp-json\/wp\/v2\/activitat"}],"about":[{"href":"https:\/\/poble-espanyol.com\/de\/wp-json\/wp\/v2\/types\/activitat"}],"author":[{"embeddable":true,"href":"https:\/\/poble-espanyol.com\/de\/wp-json\/wp\/v2\/users\/4"}],"replies":[{"embeddable":true,"href":"https:\/\/poble-espanyol.com\/de\/wp-json\/wp\/v2\/comments?post=260612"}],"version-history":[{"count":0,"href":"https:\/\/poble-espanyol.com\/de\/wp-json\/wp\/v2\/activitat\/260612\/revisions"}],"wp:featuredmedia":[{"embeddable":true,"href":"https:\/\/poble-espanyol.com\/de\/wp-json\/wp\/v2\/media\/260613"}],"wp:attachment":[{"href":"https:\/\/poble-espanyol.com\/de\/wp-json\/wp\/v2\/media?parent=260612"}],"curies":[{"name":"wp","href":"https:\/\/api.w.org\/{rel}","templated":true}]}}

Les portes ouvrent à 19h30.

Début du concert à 21h30.
