{"id":273440,"date":"2024-05-06T17:47:56","date_gmt":"2024-05-06T15:47:56","guid":{"rendered":"https:\/\/poble-espanyol.com\/actividad\/barts-festival-zz-top-2\/"},"modified":"2026-02-17T13:42:31","modified_gmt":"2026-02-17T11:42:31","slug":"barts-festival-maria-becerra","status":"publish","type":"activitat","link":"https:\/\/poble-espanyol.com\/de\/actividad\/barts-festival-maria-becerra\/","title":{"rendered":"BARTS Festival &#8211; Maria Becerra"},"content":{"rendered":"","protected":false},"excerpt":{"rendered":"","protected":false},"author":4,"featured_media":273432,"comment_status":"closed","ping_status":"closed","template":"","meta":{"_acf_changed":false,"footnotes":""},"class_list":["post-273440","activitat","type-activitat","status-publish","has-post-thumbnail","hentry"],"acf":{"activitat_destacada":false,"activitats_destacades":false,"activitats_destacades_agenda":false,"activitats_destacades_activitats_familiars":false,"activitats_destacades_activitats_concerts":false,"url_comprar_entrades":"https:\/\/www.enterticket.es\/eventos\/maria-becerra-poble-espanyol-422821","nom_activitat":"BARTS Festival 2026","titol_previ_al_nom":"Ein legend\u00e4rer Club verwandelt sich in ein Sommerfestival","text_introductori":"Nachdem sie in Argentinien mit einer beispiellosen 360\u00b0-Show Geschichte geschrieben hat, kehrt Maria Becerra nach Spanien zur\u00fcck, um ihre neuesten Songs aus dem Album Quimera live zu pr\u00e4sentieren \u2013 in einer Reihe von Shows, die das Universum ihrer bislang konzeptionellsten, intimsten und ambitioniertesten \u00c4ra erweitern.\r\n\r\nIn dieser neuen Live-Phase bringt Maria all ihre Facetten und Alter Egos auf die B\u00fchne und erweckt das Konzept von Quimera mit einer Setlist zum Leben, die sowohl ihre aktuellen Songs als auch die Hits umfasst, die sie bis hierher gef\u00fchrt haben.","dates_activitat":[{"dia":"20260722","hora_inici":"21:00:00","hora_final":null}],"dies_i_horaris_visibles_a_fitxa":[{"dia_i_horari":"22. Juli 2026"},{"dia_i_horari":"Konzertbeginn: 21:30 Uhr"}],"data_destacada":"<p> 22 JUL <\/p>","data_ordenacio":"2026-07-22 21:00:00","preu":null,"preu_destacat":"Ab 60,50\u20ac","ubicacio":"","contingut_recomanat":"","categoria_slider":[],"text_previ_segona_explicacio":"","titular_segona_explicacio":"BARTS STARTET ALS SOMMERFESTIVAL IM POBLE ESPANYOL IN EINE NEUE \u00c4RA","text_posterior_segona_explicacio":"Der legend\u00e4re Bracelona-Club bringt seinen Geist ins Poble Espanyol, um einen Sommer voller unvergesslicher Konzerte zu feiern, bei dem historische Gr\u00f6\u00dfen auf zeitgen\u00f6ssische K\u00fcnstler treffen.","text_detall_segona_explicacio":"","seccions_activitat":null,"bloc_activitats":null,"titol_previ_programa":"","titol_programa":"","pdf_programa":null,"programa_activitat":null,"titol_colaboradors":"","colaboradors":null,"titol_video":"","video":"https:\/\/youtu.be\/vOapgSfSN1s","titol_galeria":"","galeria":null,"titol_previ_activitats":"","titol_activitats":"Mehr vom BARTS Festival","activitats_relacionades":{"manual":""},"tipus_ae":[]},"_links":{"self":[{"href":"https:\/\/poble-espanyol.com\/de\/wp-json\/wp\/v2\/activitat\/273440","targetHints":{"allow":["GET"]}}],"collection":[{"href":"https:\/\/poble-espanyol.com\/de\/wp-json\/wp\/v2\/activitat"}],"about":[{"href":"https:\/\/poble-espanyol.com\/de\/wp-json\/wp\/v2\/types\/activitat"}],"author":[{"embeddable":true,"href":"https:\/\/poble-espanyol.com\/de\/wp-json\/wp\/v2\/users\/4"}],"replies":[{"embeddable":true,"href":"https:\/\/poble-espanyol.com\/de\/wp-json\/wp\/v2\/comments?post=273440"}],"version-history":[{"count":1,"href":"https:\/\/poble-espanyol.com\/de\/wp-json\/wp\/v2\/activitat\/273440\/revisions"}],"predecessor-version":[{"id":273441,"href":"https:\/\/poble-espanyol.com\/de\/wp-json\/wp\/v2\/activitat\/273440\/revisions\/273441"}],"wp:featuredmedia":[{"embeddable":true,"href":"https:\/\/poble-espanyol.com\/de\/wp-json\/wp\/v2\/media\/273432"}],"wp:attachment":[{"href":"https:\/\/poble-espanyol.com\/de\/wp-json\/wp\/v2\/media?parent=273440"}],"curies":[{"name":"wp","href":"https:\/\/api.w.org\/{rel}","templated":true}]}}

Ein legendärer Club verwandelt sich in ein Sommerfestival

Nachdem sie in Argentinien mit einer beispiellosen 360°-Show Geschichte geschrieben hat, kehrt Maria Becerra nach Spanien zurück, um ihre neuesten Songs aus dem Album Quimera live zu präsentieren – in einer Reihe von Shows, die das Universum ihrer bislang konzeptionellsten, intimsten und ambitioniertesten Ära erweitern.

In dieser neuen Live-Phase bringt Maria all ihre Facetten und Alter Egos auf die Bühne und erweckt das Konzept von Quimera mit einer Setlist zum Leben, die sowohl ihre aktuellen Songs als auch die Hits umfasst, die sie bis hierher geführt haben.

BARTS STARTET ALS SOMMERFESTIVAL IM POBLE ESPANYOL IN EINE NEUE ÄRA

Der legendäre Bracelona-Club bringt seinen Geist ins Poble Espanyol, um einen Sommer voller unvergesslicher Konzerte zu feiern, bei dem historische Größen auf zeitgenössische Künstler treffen.
