{"id":259148,"date":"2025-07-08T15:25:27","date_gmt":"2025-07-08T13:25:27","guid":{"rendered":"https:\/\/poble-espanyol.com\/edificio\/casa-del-sol\/"},"modified":"2025-07-08T15:25:27","modified_gmt":"2025-07-08T13:25:27","slug":"casa-del-sol","status":"publish","type":"edifici","link":"https:\/\/poble-espanyol.com\/de\/edificio\/casa-del-sol\/","title":{"rendered":"Casa del Sol"},"content":{"rendered":"","protected":false},"excerpt":{"rendered":"<p>Die Casa del Sol bzw. der Familie Sol\u00eds ist eines der herausragendsten Bauwerke in der Altstadt von C\u00e1ceres. Das Haus wurde im 15. Jahrhundert im gotischen Stil errichtet und im 16. Jahrhundert renoviert.<br \/>\nAuff\u00e4llig an der Fassade ist das Wappen der Familie, das eine Sonne mit menschlichem Antlitz und 16 Sonnenstrahlen darstellt.<br \/>\nIn der Gegenwart beherbergt das Geb\u00e4ude ein bedeutendes Archiv mit Dokumenten der spanischen Kolonien in Amerika und auf den Philippinen.  <\/p>\n","protected":false},"author":7,"featured_media":109263,"comment_status":"open","ping_status":"closed","template":"","meta":{"_acf_changed":false,"footnotes":""},"categories-edifici-poble":[15869],"class_list":["post-259148","edifici","type-edifici","status-publish","has-post-thumbnail","hentry","categories-edifici-poble-zentrum"],"acf":{"nom_edifici":"Casa del Sol","titol_previ":"Casa del Sol (C\u00e1ceres, C\u00e1ceres)","text_introductori":"Die Casa del Sol bzw. der Familie Sol\u00eds ist eines der herausragendsten Bauwerke in der Altstadt von C\u00e1ceres. Das Haus wurde im 15. Jahrhundert im gotischen Stil errichtet und im 16. Jahrhundert renoviert.\nAuff\u00e4llig an der Fassade ist das Wappen der Familie, das eine Sonne mit menschlichem Antlitz und 16 Sonnenstrahlen darstellt.\nIn der Gegenwart beherbergt das Geb\u00e4ude ein bedeutendes Archiv mit Dokumenten der spanischen Kolonien in Amerika und auf den Philippinen.  \n\n","fotos_adicionals":"","titular_segona_explicacio":"","text_posterior_segona_explicacio":"","text_previ_segona_explicacio":"","text_detall_segona_explicacio":"","seccions_edifici":null,"ubicacio":{"address":"Av. Francesc Ferrer i Gu\u00e0rdia, 13, 08038 Barcelona, Espa\u00f1a","lat":41.368997714205868,"lng":2.1465860905296186,"zoom":19,"place_id":"ChIJtZ4NtHeipBIRIOs-BhCX0tQ","street_number":13,"street_name":"Avinguda Francesc Ferrer i Gu\u00e0rdia","street_name_short":"Av. Francesc Ferrer i Gu\u00e0rdia","city":"Barcelona","state":"Catalunya","state_short":"CT","post_code":8038,"country":"Espa\u00f1a","country_short":"ES"}},"_links":{"self":[{"href":"https:\/\/poble-espanyol.com\/de\/wp-json\/wp\/v2\/edifici\/259148","targetHints":{"allow":["GET"]}}],"collection":[{"href":"https:\/\/poble-espanyol.com\/de\/wp-json\/wp\/v2\/edifici"}],"about":[{"href":"https:\/\/poble-espanyol.com\/de\/wp-json\/wp\/v2\/types\/edifici"}],"author":[{"embeddable":true,"href":"https:\/\/poble-espanyol.com\/de\/wp-json\/wp\/v2\/users\/7"}],"replies":[{"embeddable":true,"href":"https:\/\/poble-espanyol.com\/de\/wp-json\/wp\/v2\/comments?post=259148"}],"version-history":[{"count":0,"href":"https:\/\/poble-espanyol.com\/de\/wp-json\/wp\/v2\/edifici\/259148\/revisions"}],"wp:featuredmedia":[{"embeddable":true,"href":"https:\/\/poble-espanyol.com\/de\/wp-json\/wp\/v2\/media\/109263"}],"wp:attachment":[{"href":"https:\/\/poble-espanyol.com\/de\/wp-json\/wp\/v2\/media?parent=259148"}],"wp:term":[{"taxonomy":"categories-edifici-poble","embeddable":true,"href":"https:\/\/poble-espanyol.com\/de\/wp-json\/wp\/v2\/categories-edifici-poble?post=259148"}],"curies":[{"name":"wp","href":"https:\/\/api.w.org\/{rel}","templated":true}]}}

<p>Die Casa del Sol bzw. der Familie Solís ist eines der herausragendsten Bauwerke in der Altstadt von Cáceres. Das Haus wurde im 15. Jahrhundert im gotischen Stil errichtet und im 16. Jahrhundert renoviert.<br />
Auffällig an der Fassade ist das Wappen der Familie, das eine Sonne mit menschlichem Antlitz und 16 Sonnenstrahlen darstellt.<br />
In der Gegenwart beherbergt das Gebäude ein bedeutendes Archiv mit Dokumenten der spanischen Kolonien in Amerika und auf den Philippinen.  </p>

Casa del Sol (Cáceres, Cáceres)

Die Casa del Sol bzw. der Familie Solís ist eines der herausragendsten Bauwerke in der Altstadt von Cáceres. Das Haus wurde im 15. Jahrhundert im gotischen Stil errichtet und im 16. Jahrhundert renoviert.
Auffällig an der Fassade ist das Wappen der Familie, das eine Sonne mit menschlichem Antlitz und 16 Sonnenstrahlen darstellt.
In der Gegenwart beherbergt das Gebäude ein bedeutendes Archiv mit Dokumenten der spanischen Kolonien in Amerika und auf den Philippinen.

Av. Francesc Ferrer i Guàrdia, 13, 08038 Barcelona, España

Avinguda Francesc Ferrer i Guàrdia

Av. Francesc Ferrer i Guàrdia

España
