{"id":259201,"date":"2025-07-09T08:44:02","date_gmt":"2025-07-09T06:44:02","guid":{"rendered":"https:\/\/poble-espanyol.com\/edificio\/iglesia-de-las-carmelitas\/"},"modified":"2025-07-09T10:43:44","modified_gmt":"2025-07-09T08:43:44","slug":"iglesia-de-las-carmelitas","status":"publish","type":"edifici","link":"https:\/\/poble-espanyol.com\/de\/edificio\/iglesia-de-las-carmelitas\/","title":{"rendered":"Iglesia de las Carmelitas"},"content":{"rendered":"","protected":false},"excerpt":{"rendered":"<p>Der Bau der Iglesia de las Carmelitas bzw. Karmelitinnenkirche begann im 17. Jahrhundert und wurde gegen Ende desselben Jahrhunderts fertiggestellt. Das Barockbauwerk war Teil des ehemaligen Karmelitinnenklosters.<br \/>\nEin auff\u00e4lliges Merkmal der dreischiffigen Kirche ist das zwischen zwei salomonischen S\u00e4ulen angeordnete Portal.<br \/>\nDas Geb\u00e4ude wurde vom Kultur- und Tourismusministerium der Regierung Aragoniens als aragonesisches Kulturdenkmal eingestuft. <\/p>\n","protected":false},"author":7,"featured_media":108189,"comment_status":"open","ping_status":"closed","template":"","meta":{"_acf_changed":false,"footnotes":""},"categories-edifici-poble":[15863],"class_list":["post-259201","edifici","type-edifici","status-publish","has-post-thumbnail","hentry","categories-edifici-poble-norden"],"acf":{"nom_edifici":"Iglesia de las Carmelitas","titol_previ":"Iglesia de las Carmelitas (Alca\u00f1iz, Teruel)","text_introductori":"Der Bau der Iglesia de las Carmelitas bzw. Karmelitinnenkirche begann im 17. Jahrhundert und wurde gegen Ende desselben Jahrhunderts fertiggestellt. Das Barockbauwerk war Teil des ehemaligen Karmelitinnenklosters.\r\nEin auff\u00e4lliges Merkmal der dreischiffigen Kirche ist das zwischen zwei salomonischen S\u00e4ulen angeordnete Portal.\r\nDas Geb\u00e4ude wurde vom Kultur- und Tourismusministerium der Regierung Aragoniens als aragonesisches Kulturdenkmal eingestuft. \r\n","fotos_adicionals":"","titular_segona_explicacio":"","text_posterior_segona_explicacio":"","text_previ_segona_explicacio":"","text_detall_segona_explicacio":"","seccions_edifici":null,"ubicacio":{"address":"Av. Francesc Ferrer i Gu\u00e0rdia, 13, 08038 Barcelona, Espa\u00f1a","lat":41.368740060684303,"lng":2.1481820048934797,"zoom":19,"place_id":"ChIJH-iNAXeipBIRGfU6WaramYk","street_number":13,"street_name":"Avinguda Francesc Ferrer i Gu\u00e0rdia","street_name_short":"Av. Francesc Ferrer i Gu\u00e0rdia","city":"Barcelona","state":"Catalunya","state_short":"CT","post_code":8038,"country":"Espa\u00f1a","country_short":"ES"}},"_links":{"self":[{"href":"https:\/\/poble-espanyol.com\/de\/wp-json\/wp\/v2\/edifici\/259201","targetHints":{"allow":["GET"]}}],"collection":[{"href":"https:\/\/poble-espanyol.com\/de\/wp-json\/wp\/v2\/edifici"}],"about":[{"href":"https:\/\/poble-espanyol.com\/de\/wp-json\/wp\/v2\/types\/edifici"}],"author":[{"embeddable":true,"href":"https:\/\/poble-espanyol.com\/de\/wp-json\/wp\/v2\/users\/7"}],"replies":[{"embeddable":true,"href":"https:\/\/poble-espanyol.com\/de\/wp-json\/wp\/v2\/comments?post=259201"}],"version-history":[{"count":1,"href":"https:\/\/poble-espanyol.com\/de\/wp-json\/wp\/v2\/edifici\/259201\/revisions"}],"predecessor-version":[{"id":259337,"href":"https:\/\/poble-espanyol.com\/de\/wp-json\/wp\/v2\/edifici\/259201\/revisions\/259337"}],"wp:featuredmedia":[{"embeddable":true,"href":"https:\/\/poble-espanyol.com\/de\/wp-json\/wp\/v2\/media\/108189"}],"wp:attachment":[{"href":"https:\/\/poble-espanyol.com\/de\/wp-json\/wp\/v2\/media?parent=259201"}],"wp:term":[{"taxonomy":"categories-edifici-poble","embeddable":true,"href":"https:\/\/poble-espanyol.com\/de\/wp-json\/wp\/v2\/categories-edifici-poble?post=259201"}],"curies":[{"name":"wp","href":"https:\/\/api.w.org\/{rel}","templated":true}]}}

<p>Der Bau der Iglesia de las Carmelitas bzw. Karmelitinnenkirche begann im 17. Jahrhundert und wurde gegen Ende desselben Jahrhunderts fertiggestellt. Das Barockbauwerk war Teil des ehemaligen Karmelitinnenklosters.<br />
Ein auffälliges Merkmal der dreischiffigen Kirche ist das zwischen zwei salomonischen Säulen angeordnete Portal.<br />
Das Gebäude wurde vom Kultur- und Tourismusministerium der Regierung Aragoniens als aragonesisches Kulturdenkmal eingestuft. </p>

Iglesia de las Carmelitas (Alcañiz, Teruel)

Der Bau der Iglesia de las Carmelitas bzw. Karmelitinnenkirche begann im 17. Jahrhundert und wurde gegen Ende desselben Jahrhunderts fertiggestellt. Das Barockbauwerk war Teil des ehemaligen Karmelitinnenklosters.
Ein auffälliges Merkmal der dreischiffigen Kirche ist das zwischen zwei salomonischen Säulen angeordnete Portal.
Das Gebäude wurde vom Kultur- und Tourismusministerium der Regierung Aragoniens als aragonesisches Kulturdenkmal eingestuft.

Av. Francesc Ferrer i Guàrdia, 13, 08038 Barcelona, España

Avinguda Francesc Ferrer i Guàrdia

Av. Francesc Ferrer i Guàrdia

España
