{"id":268418,"date":"2022-07-19T18:06:51","date_gmt":"2022-07-19T16:06:51","guid":{"rendered":"https:\/\/poble-espanyol.com\/?post_type=artesa&#038;p=268418"},"modified":"2026-02-13T14:03:10","modified_gmt":"2026-02-13T12:03:10","slug":"cabasset","status":"publish","type":"artesa","link":"https:\/\/poble-espanyol.com\/en\/artisan\/cabasset\/","title":{"rendered":"Cabasset"},"content":{"rendered":"","protected":false},"excerpt":{"rendered":"<p>Discover Cabasset\u2019s unique, handmade bags crafted from upcycled fabrics and local materials, following the slow fashion philosophy: conscious, sustainable, and unrushed fashion.<\/p>\n","protected":false},"author":10,"featured_media":269004,"comment_status":"open","ping_status":"closed","template":"","meta":{"_acf_changed":false,"footnotes":""},"class_list":["post-268418","artesa","type-artesa","status-publish","has-post-thumbnail","hentry"],"acf":{"foto_artesa":269022,"nom_artesa":"Ana Olmedillo","nom_establiment":"Cabasset","carnet_artesa":"","serveis_artesa":[{"servei":"Taller de costura"}],"text_introductori":"At the Cabasset workshop-shop, every bag tells a story. They are unique, beautiful, and practical pieces, handmade from materials with character: upcycled fabrics \u2014tapestries, vintage sheets, denim\u2014 and materials sourced from small local shops in Barcelona.","telefon":"+34 679220340","mail":"cabasset.barcelona@gmail.com","web":"","xarxes":{"facebook":{"icona":"fa-facebook-f","url":""},"twitter":{"icona":"fa-social-twitter","url":""},"instagram":{"icona":"fa-instagram","url":"https:\/\/www.instagram.com\/cabasset_mix\/"}},"ubicacio":"House 40","categoria_slider":[],"titol_previ_tallers":"","titol_tallers":"","tallers_impartits":{"manual":null},"ubicacio_mapa":{"address":"Av. Francesc Ferrer i Gu\u00e0rdia, 13, 08038 Barcelona, Espa\u00f1a","lat":41.369174850410189,"lng":2.1476133765823224,"zoom":19,"place_id":"ChIJXfvEBneipBIRlUFTji-bivU","street_number":13,"street_name":"Avinguda Francesc Ferrer i Gu\u00e0rdia","street_name_short":"Av. Francesc Ferrer i Gu\u00e0rdia","city":"Barcelona","state":"Catalunya","state_short":"CT","post_code":8038,"country":"Espa\u00f1a","country_short":"ES"}},"_links":{"self":[{"href":"https:\/\/poble-espanyol.com\/en\/wp-json\/wp\/v2\/artesa\/268418","targetHints":{"allow":["GET"]}}],"collection":[{"href":"https:\/\/poble-espanyol.com\/en\/wp-json\/wp\/v2\/artesa"}],"about":[{"href":"https:\/\/poble-espanyol.com\/en\/wp-json\/wp\/v2\/types\/artesa"}],"author":[{"embeddable":true,"href":"https:\/\/poble-espanyol.com\/en\/wp-json\/wp\/v2\/users\/10"}],"replies":[{"embeddable":true,"href":"https:\/\/poble-espanyol.com\/en\/wp-json\/wp\/v2\/comments?post=268418"}],"version-history":[{"count":4,"href":"https:\/\/poble-espanyol.com\/en\/wp-json\/wp\/v2\/artesa\/268418\/revisions"}],"predecessor-version":[{"id":273369,"href":"https:\/\/poble-espanyol.com\/en\/wp-json\/wp\/v2\/artesa\/268418\/revisions\/273369"}],"wp:featuredmedia":[{"embeddable":true,"href":"https:\/\/poble-espanyol.com\/en\/wp-json\/wp\/v2\/media\/269004"}],"wp:attachment":[{"href":"https:\/\/poble-espanyol.com\/en\/wp-json\/wp\/v2\/media?parent=268418"}],"curies":[{"name":"wp","href":"https:\/\/api.w.org\/{rel}","templated":true}]}}

Av. Francesc Ferrer i Guàrdia, 13, 08038 Barcelona, España

Avinguda Francesc Ferrer i Guàrdia

Av. Francesc Ferrer i Guàrdia

España
