{"id":112880,"date":"2022-03-14T16:26:58","date_gmt":"2022-03-14T14:26:58","guid":{"rendered":"https:\/\/pe.efimatica.com\/?post_type=edifici&#038;p=112880"},"modified":"2022-03-14T16:29:27","modified_gmt":"2022-03-14T14:29:27","slug":"casa-de-garcia-de-veas","status":"publish","type":"edifici","link":"https:\/\/poble-espanyol.com\/en\/building\/casa-de-garcia-de-veas\/","title":{"rendered":"Casa de Garc\u00eda de Veas"},"content":{"rendered":"","protected":false},"excerpt":{"rendered":"<p>Casa-Palacio Garc\u00eda de Veas is located in the Lower Neighbourhood, in Modesto G\u00f3mez Square.<br \/>\nThe building&#8217;s fa\u00e7ade shows the surnames Garc\u00eda, Veas, G\u00f3mez, Guerra, Sevillano, Lara and Ayllon. Inside, there is a central courtyard around which the other spaces are organised.<br \/>\nIn Poble Espanyol, the fa\u00e7ade and the three balconies have been recreated, the two lateral ones with their enclosed railings and the central one with a wrought iron railing.<\/p>\n","protected":false},"author":4,"featured_media":106689,"comment_status":"open","ping_status":"closed","template":"","meta":{"_acf_changed":false,"footnotes":""},"categories-edifici-poble":[2989],"class_list":["post-112880","edifici","type-edifici","status-publish","has-post-thumbnail","hentry","categories-edifici-poble-south"],"acf":{"nom_edifici":"Casa de Garc\u00eda de Veas","titol_previ":"Casa de Garc\u00eda de Veas (Arcos de la Frontera, C\u00e1diz)","text_introductori":"Casa-Palacio Garc\u00eda de Veas is located in the Lower Neighbourhood, in Modesto G\u00f3mez Square.\r\nThe building's fa\u00e7ade shows the surnames Garc\u00eda, Veas, G\u00f3mez, Guerra, Sevillano, Lara and Ayllon. Inside, there is a central courtyard around which the other spaces are organised.\r\nIn Poble Espanyol, the fa\u00e7ade and the three balconies have been recreated, the two lateral ones with their enclosed railings and the central one with a wrought iron railing.\r\n\r\n","fotos_adicionals":"","titular_segona_explicacio":"","text_posterior_segona_explicacio":"","text_previ_segona_explicacio":"","text_detall_segona_explicacio":"","seccions_edifici":null,"ubicacio":{"address":"Av. dels Montanyans, 23, 08038 Barcelona, Espa\u00f1a","lat":41.368665582522418,"lng":2.1492012443191388,"zoom":19,"place_id":"ChIJhRh61HaipBIR4kiVOh1uKWI","street_number":23,"street_name":"Avinguda dels Montanyans","street_name_short":"Av. dels Montanyans","city":"Barcelona","state":"Catalunya","state_short":"CT","post_code":8038,"country":"Espa\u00f1a","country_short":"ES"}},"_links":{"self":[{"href":"https:\/\/poble-espanyol.com\/en\/wp-json\/wp\/v2\/edifici\/112880","targetHints":{"allow":["GET"]}}],"collection":[{"href":"https:\/\/poble-espanyol.com\/en\/wp-json\/wp\/v2\/edifici"}],"about":[{"href":"https:\/\/poble-espanyol.com\/en\/wp-json\/wp\/v2\/types\/edifici"}],"author":[{"embeddable":true,"href":"https:\/\/poble-espanyol.com\/en\/wp-json\/wp\/v2\/users\/4"}],"replies":[{"embeddable":true,"href":"https:\/\/poble-espanyol.com\/en\/wp-json\/wp\/v2\/comments?post=112880"}],"version-history":[{"count":0,"href":"https:\/\/poble-espanyol.com\/en\/wp-json\/wp\/v2\/edifici\/112880\/revisions"}],"wp:featuredmedia":[{"embeddable":true,"href":"https:\/\/poble-espanyol.com\/en\/wp-json\/wp\/v2\/media\/106689"}],"wp:attachment":[{"href":"https:\/\/poble-espanyol.com\/en\/wp-json\/wp\/v2\/media?parent=112880"}],"wp:term":[{"taxonomy":"categories-edifici-poble","embeddable":true,"href":"https:\/\/poble-espanyol.com\/en\/wp-json\/wp\/v2\/categories-edifici-poble?post=112880"}],"curies":[{"name":"wp","href":"https:\/\/api.w.org\/{rel}","templated":true}]}}

Casa de García de Veas

<p>Casa-Palacio García de Veas is located in the Lower Neighbourhood, in Modesto Gómez Square.<br />
The building&#8217;s façade shows the surnames García, Veas, Gómez, Guerra, Sevillano, Lara and Ayllon. Inside, there is a central courtyard around which the other spaces are organised.<br />
In Poble Espanyol, the façade and the three balconies have been recreated, the two lateral ones with their enclosed railings and the central one with a wrought iron railing.</p>

Casa de García de Veas (Arcos de la Frontera, Cádiz)

Casa-Palacio García de Veas is located in the Lower Neighbourhood, in Modesto Gómez Square.
The building's façade shows the surnames García, Veas, Gómez, Guerra, Sevillano, Lara and Ayllon. Inside, there is a central courtyard around which the other spaces are organised.
In Poble Espanyol, the façade and the three balconies have been recreated, the two lateral ones with their enclosed railings and the central one with a wrought iron railing.

Av. dels Montanyans, 23, 08038 Barcelona, España

España
