{"id":113198,"date":"2022-03-15T09:28:07","date_gmt":"2022-03-15T07:28:07","guid":{"rendered":"https:\/\/pe.efimatica.com\/?post_type=edifici&#038;p=113198"},"modified":"2022-03-15T09:31:00","modified_gmt":"2022-03-15T07:31:00","slug":"palacio-del-obispo","status":"publish","type":"edifici","link":"https:\/\/poble-espanyol.com\/en\/building\/palacio-del-obispo\/","title":{"rendered":"Palacio del Obispo"},"content":{"rendered":"","protected":false},"excerpt":{"rendered":"<p>Palacio del Obispo Sol\u00eds was built in the 18th century for the bishop of Badajoz, Jos\u00e9 Sol\u00eds, who used it as a summer retreat.<br \/>\nIts structure and construction are very simple; it has a neoclassical central nave with the coats of arms of the Sol\u00eds y Casillas family and a small balcony.<br \/>\nToday, events and exhibitions are held inside the palace.<\/p>\n","protected":false},"author":7,"featured_media":107818,"comment_status":"open","ping_status":"closed","template":"","meta":{"_acf_changed":false,"footnotes":""},"categories-edifici-poble":[2983],"class_list":["post-113198","edifici","type-edifici","status-publish","has-post-thumbnail","hentry","categories-edifici-poble-center"],"acf":{"nom_edifici":"Palacio del Obispo","titol_previ":"Palacio del Obispo (Miajadas, C\u00e1ceres)","text_introductori":"Palacio del Obispo Sol\u00eds was built in the 18th century for the bishop of Badajoz, Jos\u00e9 Sol\u00eds, who used it as a summer retreat.\r\nIts structure and construction are very simple; it has a neoclassical central nave with the coats of arms of the Sol\u00eds y Casillas family and a small balcony.\r\nToday, events and exhibitions are held inside the palace.\r\n\r\n\r\n\r\n\r\n\r\n\r\n\r\n\r\n\r\n","fotos_adicionals":"","titular_segona_explicacio":"","text_posterior_segona_explicacio":"","text_previ_segona_explicacio":"","text_detall_segona_explicacio":"","seccions_edifici":null,"ubicacio":{"address":"Av. Francesc Ferrer i Gu\u00e0rdia, 13, 08038 Barcelona, Espa\u00f1a","lat":41.368945378417024,"lng":2.146551221812425,"zoom":19,"place_id":"ChIJtZ4NtHeipBIRIOs-BhCX0tQ","street_number":13,"street_name":"Avinguda Francesc Ferrer i Gu\u00e0rdia","street_name_short":"Av. Francesc Ferrer i Gu\u00e0rdia","city":"Barcelona","state":"Catalunya","state_short":"CT","post_code":8038,"country":"Espa\u00f1a","country_short":"ES"}},"_links":{"self":[{"href":"https:\/\/poble-espanyol.com\/en\/wp-json\/wp\/v2\/edifici\/113198","targetHints":{"allow":["GET"]}}],"collection":[{"href":"https:\/\/poble-espanyol.com\/en\/wp-json\/wp\/v2\/edifici"}],"about":[{"href":"https:\/\/poble-espanyol.com\/en\/wp-json\/wp\/v2\/types\/edifici"}],"author":[{"embeddable":true,"href":"https:\/\/poble-espanyol.com\/en\/wp-json\/wp\/v2\/users\/7"}],"replies":[{"embeddable":true,"href":"https:\/\/poble-espanyol.com\/en\/wp-json\/wp\/v2\/comments?post=113198"}],"version-history":[{"count":0,"href":"https:\/\/poble-espanyol.com\/en\/wp-json\/wp\/v2\/edifici\/113198\/revisions"}],"wp:featuredmedia":[{"embeddable":true,"href":"https:\/\/poble-espanyol.com\/en\/wp-json\/wp\/v2\/media\/107818"}],"wp:attachment":[{"href":"https:\/\/poble-espanyol.com\/en\/wp-json\/wp\/v2\/media?parent=113198"}],"wp:term":[{"taxonomy":"categories-edifici-poble","embeddable":true,"href":"https:\/\/poble-espanyol.com\/en\/wp-json\/wp\/v2\/categories-edifici-poble?post=113198"}],"curies":[{"name":"wp","href":"https:\/\/api.w.org\/{rel}","templated":true}]}}

<p>Palacio del Obispo Solís was built in the 18th century for the bishop of Badajoz, José Solís, who used it as a summer retreat.<br />
Its structure and construction are very simple; it has a neoclassical central nave with the coats of arms of the Solís y Casillas family and a small balcony.<br />
Today, events and exhibitions are held inside the palace.</p>

Palacio del Obispo (Miajadas, Cáceres)

Palacio del Obispo Solís was built in the 18th century for the bishop of Badajoz, José Solís, who used it as a summer retreat.
Its structure and construction are very simple; it has a neoclassical central nave with the coats of arms of the Solís y Casillas family and a small balcony.
Today, events and exhibitions are held inside the palace.

Av. Francesc Ferrer i Guàrdia, 13, 08038 Barcelona, España

Avinguda Francesc Ferrer i Guàrdia

Av. Francesc Ferrer i Guàrdia

España
