{"id":113228,"date":"2022-03-15T09:35:27","date_gmt":"2022-03-15T07:35:27","guid":{"rendered":"https:\/\/pe.efimatica.com\/?post_type=edifici&#038;p=113228"},"modified":"2022-03-15T09:38:26","modified_gmt":"2022-03-15T07:38:26","slug":"can-banus","status":"publish","type":"edifici","link":"https:\/\/poble-espanyol.com\/en\/building\/can-banus\/","title":{"rendered":"Can Ban\u00fas"},"content":{"rendered":"","protected":false},"excerpt":{"rendered":"<p>Can Ban\u00fas is a house that is part of the Inventory of the Architectural Heritage of Catalonia, in the village of Rupit i Pruit.<br \/>\nThe building is made of stone and has elements of cut stone. It is located between party walls and sits on the incline of the rock.<br \/>\nThe importance of this house lies in its architectural beauty and the connection between the buildings that comprise it.<\/p>\n","protected":false},"author":4,"featured_media":107983,"comment_status":"open","ping_status":"closed","template":"","meta":{"_acf_changed":false,"footnotes":""},"categories-edifici-poble":[2985],"class_list":["post-113228","edifici","type-edifici","status-publish","has-post-thumbnail","hentry","categories-edifici-poble-mediterranean"],"acf":{"nom_edifici":"Can Ban\u00fas","titol_previ":"Can Ban\u00fas (Rupit, Barcelona)","text_introductori":"Can Ban\u00fas is a house that is part of the Inventory of the Architectural Heritage of Catalonia, in the village of Rupit i Pruit.\r\nThe building is made of stone and has elements of cut stone. It is located between party walls and sits on the incline of the rock.\r\nThe importance of this house lies in its architectural beauty and the connection between the buildings that comprise it.\r\n","fotos_adicionals":"","titular_segona_explicacio":"","text_posterior_segona_explicacio":"","text_previ_segona_explicacio":"","text_detall_segona_explicacio":"","seccions_edifici":null,"ubicacio":{"address":"Av. Francesc Ferrer i Gu\u00e0rdia, 13, 08038 Barcelona, Espa\u00f1a","lat":41.368693763458324,"lng":2.1486326160079816,"zoom":19,"place_id":"ChIJCzqCsneipBIRYX7hn48xvoM","street_number":13,"street_name":"Avinguda Francesc Ferrer i Gu\u00e0rdia","street_name_short":"Av. Francesc Ferrer i Gu\u00e0rdia","city":"Barcelona","state":"Catalunya","state_short":"CT","post_code":8038,"country":"Espa\u00f1a","country_short":"ES"}},"_links":{"self":[{"href":"https:\/\/poble-espanyol.com\/en\/wp-json\/wp\/v2\/edifici\/113228","targetHints":{"allow":["GET"]}}],"collection":[{"href":"https:\/\/poble-espanyol.com\/en\/wp-json\/wp\/v2\/edifici"}],"about":[{"href":"https:\/\/poble-espanyol.com\/en\/wp-json\/wp\/v2\/types\/edifici"}],"author":[{"embeddable":true,"href":"https:\/\/poble-espanyol.com\/en\/wp-json\/wp\/v2\/users\/4"}],"replies":[{"embeddable":true,"href":"https:\/\/poble-espanyol.com\/en\/wp-json\/wp\/v2\/comments?post=113228"}],"version-history":[{"count":0,"href":"https:\/\/poble-espanyol.com\/en\/wp-json\/wp\/v2\/edifici\/113228\/revisions"}],"wp:featuredmedia":[{"embeddable":true,"href":"https:\/\/poble-espanyol.com\/en\/wp-json\/wp\/v2\/media\/107983"}],"wp:attachment":[{"href":"https:\/\/poble-espanyol.com\/en\/wp-json\/wp\/v2\/media?parent=113228"}],"wp:term":[{"taxonomy":"categories-edifici-poble","embeddable":true,"href":"https:\/\/poble-espanyol.com\/en\/wp-json\/wp\/v2\/categories-edifici-poble?post=113228"}],"curies":[{"name":"wp","href":"https:\/\/api.w.org\/{rel}","templated":true}]}}

Can Banús

<p>Can Banús is a house that is part of the Inventory of the Architectural Heritage of Catalonia, in the village of Rupit i Pruit.<br />
The building is made of stone and has elements of cut stone. It is located between party walls and sits on the incline of the rock.<br />
The importance of this house lies in its architectural beauty and the connection between the buildings that comprise it.</p>

Can Banús (Rupit, Barcelona)

Can Banús is a house that is part of the Inventory of the Architectural Heritage of Catalonia, in the village of Rupit i Pruit.
The building is made of stone and has elements of cut stone. It is located between party walls and sits on the incline of the rock.
The importance of this house lies in its architectural beauty and the connection between the buildings that comprise it.

Av. Francesc Ferrer i Guàrdia, 13, 08038 Barcelona, España

Avinguda Francesc Ferrer i Guàrdia

Av. Francesc Ferrer i Guàrdia

España
