{"id":113235,"date":"2022-03-15T09:38:51","date_gmt":"2022-03-15T07:38:51","guid":{"rendered":"https:\/\/pe.efimatica.com\/?post_type=edifici&#038;p=113235"},"modified":"2022-03-15T09:41:27","modified_gmt":"2022-03-15T07:41:27","slug":"palacio-de-san-cristobal","status":"publish","type":"edifici","link":"https:\/\/poble-espanyol.com\/en\/building\/palacio-de-san-cristobal\/","title":{"rendered":"Palacio de San Crist\u00f3bal"},"content":{"rendered":"","protected":false},"excerpt":{"rendered":"<p>This is a Plateresque palace built in the 16th century with stone and brick. It owes its name to the influential San Crist\u00f3bal family who built it.<br \/>\nThe palace has a breathtaking fa\u00e7ade, where brick predominates and stands out for its verticality. Inside, there is a central courtyard with two floors with different heights.<br \/>\nThe palace construction has been linked to the art of Gil de Morlanes and the stonemasonry of Azpeitia.<\/p>\n","protected":false},"author":7,"featured_media":107844,"comment_status":"open","ping_status":"closed","template":"","meta":{"_acf_changed":false,"footnotes":""},"categories-edifici-poble":[2987],"class_list":["post-113235","edifici","type-edifici","status-publish","has-post-thumbnail","hentry","categories-edifici-poble-north"],"acf":{"nom_edifici":"Palacio de San Crist\u00f3bal ","titol_previ":"Palacio de San Crist\u00f3bal (Estella, Navarra)","text_introductori":"This is a Plateresque palace built in the 16th century with stone and brick. It owes its name to the influential San Crist\u00f3bal family who built it.\r\nThe palace has a breathtaking fa\u00e7ade, where brick predominates and stands out for its verticality. Inside, there is a central courtyard with two floors with different heights.\r\nThe palace construction has been linked to the art of Gil de Morlanes and the stonemasonry of Azpeitia.\r\n\r\n\r\n\r\n\r\n\r\n\r\n\r\n\r\n\r\n","fotos_adicionals":"","titular_segona_explicacio":"","text_posterior_segona_explicacio":"","text_previ_segona_explicacio":"","text_detall_segona_explicacio":"","seccions_edifici":null,"ubicacio":{"address":"Av. Francesc Ferrer i Gu\u00e0rdia, 13, 08038 Barcelona, Espa\u00f1a","lat":41.369082256545653,"lng":2.1482571067458966,"zoom":19,"place_id":"ChIJ1VklG3eipBIRUkPrl99Hibo","street_number":13,"street_name":"Avinguda Francesc Ferrer i Gu\u00e0rdia","street_name_short":"Av. Francesc Ferrer i Gu\u00e0rdia","city":"Barcelona","state":"Catalunya","state_short":"CT","post_code":8038,"country":"Espa\u00f1a","country_short":"ES"}},"_links":{"self":[{"href":"https:\/\/poble-espanyol.com\/en\/wp-json\/wp\/v2\/edifici\/113235","targetHints":{"allow":["GET"]}}],"collection":[{"href":"https:\/\/poble-espanyol.com\/en\/wp-json\/wp\/v2\/edifici"}],"about":[{"href":"https:\/\/poble-espanyol.com\/en\/wp-json\/wp\/v2\/types\/edifici"}],"author":[{"embeddable":true,"href":"https:\/\/poble-espanyol.com\/en\/wp-json\/wp\/v2\/users\/7"}],"replies":[{"embeddable":true,"href":"https:\/\/poble-espanyol.com\/en\/wp-json\/wp\/v2\/comments?post=113235"}],"version-history":[{"count":0,"href":"https:\/\/poble-espanyol.com\/en\/wp-json\/wp\/v2\/edifici\/113235\/revisions"}],"wp:featuredmedia":[{"embeddable":true,"href":"https:\/\/poble-espanyol.com\/en\/wp-json\/wp\/v2\/media\/107844"}],"wp:attachment":[{"href":"https:\/\/poble-espanyol.com\/en\/wp-json\/wp\/v2\/media?parent=113235"}],"wp:term":[{"taxonomy":"categories-edifici-poble","embeddable":true,"href":"https:\/\/poble-espanyol.com\/en\/wp-json\/wp\/v2\/categories-edifici-poble?post=113235"}],"curies":[{"name":"wp","href":"https:\/\/api.w.org\/{rel}","templated":true}]}}

Palacio de San Cristóbal

<p>This is a Plateresque palace built in the 16th century with stone and brick. It owes its name to the influential San Cristóbal family who built it.<br />
The palace has a breathtaking façade, where brick predominates and stands out for its verticality. Inside, there is a central courtyard with two floors with different heights.<br />
The palace construction has been linked to the art of Gil de Morlanes and the stonemasonry of Azpeitia.</p>

Palacio de San Cristóbal (Estella, Navarra)

This is a Plateresque palace built in the 16th century with stone and brick. It owes its name to the influential San Cristóbal family who built it.
The palace has a breathtaking façade, where brick predominates and stands out for its verticality. Inside, there is a central courtyard with two floors with different heights.
The palace construction has been linked to the art of Gil de Morlanes and the stonemasonry of Azpeitia.

Av. Francesc Ferrer i Guàrdia, 13, 08038 Barcelona, España

Avinguda Francesc Ferrer i Guàrdia

Av. Francesc Ferrer i Guàrdia

España
