{"id":113301,"date":"2022-03-15T09:55:45","date_gmt":"2022-03-15T07:55:45","guid":{"rendered":"https:\/\/pe.efimatica.com\/?post_type=edifici&#038;p=113301"},"modified":"2022-03-15T09:56:49","modified_gmt":"2022-03-15T07:56:49","slug":"toro-2","status":"publish","type":"edifici","link":"https:\/\/poble-espanyol.com\/en\/building\/toro-2\/","title":{"rendered":"Toro"},"content":{"rendered":"","protected":false},"excerpt":{"rendered":"<p>Toro is a historic and spectacular city in the province of Zamora, Castile and Le\u00f3n.<br \/>\nThe town is a reflection of its historical role, which was of significant importance in the 12th and 16th centuries, as it was the royal headquarters and venue for the regional Parliament. The town&#8217;s old quarter has some real spectacular gems, such as the Collegiate Church of Santa Mar\u00eda la Mayor.<br \/>\nStrolling along its streets, you can still get a feel for the different stages of its historical development and the key elements of the urban structure at the heart of it.<\/p>\n","protected":false},"author":4,"featured_media":108410,"comment_status":"open","ping_status":"closed","template":"","meta":{"_acf_changed":false,"footnotes":""},"categories-edifici-poble":[2983],"class_list":["post-113301","edifici","type-edifici","status-publish","has-post-thumbnail","hentry","categories-edifici-poble-center"],"acf":{"nom_edifici":"Toro","titol_previ":"Toro (Toro, Zamora)","text_introductori":"Toro is a historic and spectacular city in the province of Zamora, Castile and Le\u00f3n.\r\nThe town is a reflection of its historical role, which was of significant importance in the 12th and 16th centuries, as it was the royal headquarters and venue for the regional Parliament. The town's old quarter has some real spectacular gems, such as the Collegiate Church of Santa Mar\u00eda la Mayor.\r\nStrolling along its streets, you can still get a feel for the different stages of its historical development and the key elements of the urban structure at the heart of it.\r\n","fotos_adicionals":"","titular_segona_explicacio":"","text_posterior_segona_explicacio":"","text_previ_segona_explicacio":"","text_detall_segona_explicacio":"","seccions_edifici":null,"ubicacio":{"address":"Av. Francesc Ferrer i Gu\u00e0rdia, 13, 08038 Barcelona, Espa\u00f1a","lat":41.369119393203299,"lng":2.1475652655719868,"zoom":19,"place_id":"ChIJXfvEBneipBIRlUFTji-bivU","street_number":13,"street_name":"Avinguda Francesc Ferrer i Gu\u00e0rdia","street_name_short":"Av. Francesc Ferrer i Gu\u00e0rdia","city":"Barcelona","state":"Catalunya","state_short":"CT","post_code":8038,"country":"Espa\u00f1a","country_short":"ES"}},"_links":{"self":[{"href":"https:\/\/poble-espanyol.com\/en\/wp-json\/wp\/v2\/edifici\/113301","targetHints":{"allow":["GET"]}}],"collection":[{"href":"https:\/\/poble-espanyol.com\/en\/wp-json\/wp\/v2\/edifici"}],"about":[{"href":"https:\/\/poble-espanyol.com\/en\/wp-json\/wp\/v2\/types\/edifici"}],"author":[{"embeddable":true,"href":"https:\/\/poble-espanyol.com\/en\/wp-json\/wp\/v2\/users\/4"}],"replies":[{"embeddable":true,"href":"https:\/\/poble-espanyol.com\/en\/wp-json\/wp\/v2\/comments?post=113301"}],"version-history":[{"count":0,"href":"https:\/\/poble-espanyol.com\/en\/wp-json\/wp\/v2\/edifici\/113301\/revisions"}],"wp:featuredmedia":[{"embeddable":true,"href":"https:\/\/poble-espanyol.com\/en\/wp-json\/wp\/v2\/media\/108410"}],"wp:attachment":[{"href":"https:\/\/poble-espanyol.com\/en\/wp-json\/wp\/v2\/media?parent=113301"}],"wp:term":[{"taxonomy":"categories-edifici-poble","embeddable":true,"href":"https:\/\/poble-espanyol.com\/en\/wp-json\/wp\/v2\/categories-edifici-poble?post=113301"}],"curies":[{"name":"wp","href":"https:\/\/api.w.org\/{rel}","templated":true}]}}

<p>Toro is a historic and spectacular city in the province of Zamora, Castile and León.<br />
The town is a reflection of its historical role, which was of significant importance in the 12th and 16th centuries, as it was the royal headquarters and venue for the regional Parliament. The town&#8217;s old quarter has some real spectacular gems, such as the Collegiate Church of Santa María la Mayor.<br />
Strolling along its streets, you can still get a feel for the different stages of its historical development and the key elements of the urban structure at the heart of it.</p>

Toro is a historic and spectacular city in the province of Zamora, Castile and León.
The town is a reflection of its historical role, which was of significant importance in the 12th and 16th centuries, as it was the royal headquarters and venue for the regional Parliament. The town's old quarter has some real spectacular gems, such as the Collegiate Church of Santa María la Mayor.
Strolling along its streets, you can still get a feel for the different stages of its historical development and the key elements of the urban structure at the heart of it.

Av. Francesc Ferrer i Guàrdia, 13, 08038 Barcelona, España

Avinguda Francesc Ferrer i Guàrdia

Av. Francesc Ferrer i Guàrdia

España
