{"id":113303,"date":"2022-03-15T09:55:36","date_gmt":"2022-03-15T07:55:36","guid":{"rendered":"https:\/\/pe.efimatica.com\/?post_type=edifici&#038;p=113303"},"modified":"2022-03-15T09:58:04","modified_gmt":"2022-03-15T07:58:04","slug":"montblanc-montblanc-tarragona","status":"publish","type":"edifici","link":"https:\/\/poble-espanyol.com\/en\/building\/montblanc-montblanc-tarragona\/","title":{"rendered":"Montblanc (Montblanc, Tarragona)"},"content":{"rendered":"","protected":false},"excerpt":{"rendered":"<p>Montblanc is in the Conca de Barber\u00e1 region. Back in the day, it was a village protected by the location of its houses, forming a walled enclosure. It was a strategic point as it was located halfway between Tarragona and Lleida.<br \/>\nIn the late 13th and early 15th centuries, a great wall and most of the main civil and religious buildings were built.<br \/>\nSome interesting places to visit are: Wall, Montblanc Towers and Convento de San Francisco.<\/p>\n","protected":false},"author":7,"featured_media":108053,"comment_status":"open","ping_status":"closed","template":"","meta":{"_acf_changed":false,"footnotes":""},"categories-edifici-poble":[2985],"class_list":["post-113303","edifici","type-edifici","status-publish","has-post-thumbnail","hentry","categories-edifici-poble-mediterranean"],"acf":{"nom_edifici":"Montblanc ","titol_previ":"Montblanc (Montblanc, Tarragona)","text_introductori":"Montblanc is in the Conca de Barber\u00e1 region. Back in the day, it was a village protected by the location of its houses, forming a walled enclosure. It was a strategic point as it was located halfway between Tarragona and Lleida.\r\nIn the late 13th and early 15th centuries, a great wall and most of the main civil and religious buildings were built.\r\nSome interesting places to visit are: Wall, Montblanc Towers and Convento de San Francisco.\r\n\r\n\r\n\r\n\r\n\r\n\r\n","fotos_adicionals":"","titular_segona_explicacio":"","text_posterior_segona_explicacio":"","text_previ_segona_explicacio":"","text_detall_segona_explicacio":"","seccions_edifici":null,"ubicacio":{"address":"Av. Francesc Ferrer i Gu\u00e0rdia, 13, 08038 Barcelona, Espa\u00f1a","lat":41.369011804603623,"lng":2.1488740148193219,"zoom":19,"place_id":"ChIJCzqCsneipBIR0c3-5Y30Jsg","street_number":13,"street_name":"Avinguda Francesc Ferrer i Gu\u00e0rdia","street_name_short":"Av. Francesc Ferrer i Gu\u00e0rdia","city":"Barcelona","state":"Catalunya","state_short":"CT","post_code":8038,"country":"Espa\u00f1a","country_short":"ES"}},"_links":{"self":[{"href":"https:\/\/poble-espanyol.com\/en\/wp-json\/wp\/v2\/edifici\/113303","targetHints":{"allow":["GET"]}}],"collection":[{"href":"https:\/\/poble-espanyol.com\/en\/wp-json\/wp\/v2\/edifici"}],"about":[{"href":"https:\/\/poble-espanyol.com\/en\/wp-json\/wp\/v2\/types\/edifici"}],"author":[{"embeddable":true,"href":"https:\/\/poble-espanyol.com\/en\/wp-json\/wp\/v2\/users\/7"}],"replies":[{"embeddable":true,"href":"https:\/\/poble-espanyol.com\/en\/wp-json\/wp\/v2\/comments?post=113303"}],"version-history":[{"count":0,"href":"https:\/\/poble-espanyol.com\/en\/wp-json\/wp\/v2\/edifici\/113303\/revisions"}],"wp:featuredmedia":[{"embeddable":true,"href":"https:\/\/poble-espanyol.com\/en\/wp-json\/wp\/v2\/media\/108053"}],"wp:attachment":[{"href":"https:\/\/poble-espanyol.com\/en\/wp-json\/wp\/v2\/media?parent=113303"}],"wp:term":[{"taxonomy":"categories-edifici-poble","embeddable":true,"href":"https:\/\/poble-espanyol.com\/en\/wp-json\/wp\/v2\/categories-edifici-poble?post=113303"}],"curies":[{"name":"wp","href":"https:\/\/api.w.org\/{rel}","templated":true}]}}

<p>Montblanc is in the Conca de Barberá region. Back in the day, it was a village protected by the location of its houses, forming a walled enclosure. It was a strategic point as it was located halfway between Tarragona and Lleida.<br />
In the late 13th and early 15th centuries, a great wall and most of the main civil and religious buildings were built.<br />
Some interesting places to visit are: Wall, Montblanc Towers and Convento de San Francisco.</p>

Montblanc is in the Conca de Barberá region. Back in the day, it was a village protected by the location of its houses, forming a walled enclosure. It was a strategic point as it was located halfway between Tarragona and Lleida.
In the late 13th and early 15th centuries, a great wall and most of the main civil and religious buildings were built.
Some interesting places to visit are: Wall, Montblanc Towers and Convento de San Francisco.

Av. Francesc Ferrer i Guàrdia, 13, 08038 Barcelona, España

Avinguda Francesc Ferrer i Guàrdia

Av. Francesc Ferrer i Guàrdia

España
